From mboxrd@z Thu Jan  1 00:00:00 1970
Return-Path: <test-report-bounces@dpdk.org>
Received: from mails.dpdk.org (mails.dpdk.org [217.70.189.124])
	by inbox.dpdk.org (Postfix) with ESMTP id D82A046054
	for <public@inbox.dpdk.org>; Wed, 15 Jan 2025 19:31:57 +0100 (CET)
Received: from mails.dpdk.org (localhost [127.0.0.1])
	by mails.dpdk.org (Postfix) with ESMTP id D2D17402C2;
	Wed, 15 Jan 2025 19:31:57 +0100 (CET)
Received: from mail-pl1-f228.google.com (mail-pl1-f228.google.com
 [209.85.214.228])
 by mails.dpdk.org (Postfix) with ESMTP id A2C24402A0
 for <test-report@dpdk.org>; Wed, 15 Jan 2025 19:31:56 +0100 (CET)
Received: by mail-pl1-f228.google.com with SMTP id
 d9443c01a7336-21a7ed0155cso123615705ad.3
 for <test-report@dpdk.org>; Wed, 15 Jan 2025 10:31:56 -0800 (PST)
DKIM-Signature: v=1; a=rsa-sha256; c=relaxed/relaxed;
 d=iol.unh.edu; s=unh-iol; t=1736965915; x=1737570715; darn=dpdk.org;
 h=references:in-reply-to:cc:to:from:subject:message-id:date:from:to
 :cc:subject:date:message-id:reply-to;
 bh=RNDOm6PwBLeQlAVytsPcD0AoTCUoRDMq/leYNzQFQl0=;
 b=Bt6rXpEGGq/dxvhi2zfOSUvCfU3Xfo9/ZUQhLL3xRpLshi/FNi7N9qIzhXcZCodXMA
 2LNIN/sbYnXIOpH4ZuulVeK7lnFLvw9XLuFLgZayvvNi1KNMOuaae2HEv5wrqQbAvScz
 V0mTdJBVqYlGHAjNv6E3XaJyHB11SavuCJaJo=
X-Google-DKIM-Signature: v=1; a=rsa-sha256; c=relaxed/relaxed;
 d=1e100.net; s=20230601; t=1736965916; x=1737570716;
 h=references:in-reply-to:cc:to:from:subject:message-id:date
 :x-gm-message-state:from:to:cc:subject:date:message-id:reply-to;
 bh=RNDOm6PwBLeQlAVytsPcD0AoTCUoRDMq/leYNzQFQl0=;
 b=HESx5xRJk6yYbjhxZx3dpSICzzAKhr9pTS7IXyovS+7v7o/LiB54WFeVNqWvorTNCc
 cTLbW3U6JDFP9GZPhBuAjO6CI5kIlaO35b3AUdOpmfl90T5xJKpgfDGw5oxedRL0yGaV
 Jn8T8ZFFZuw1M30j7weLengrXGCWNXci6Ir4RViqX8wyvJUEAVfawxtlA7b5h5bIj8uz
 E1sgVl4aUxR6a9TzyLDi+td2P4dE8dS1jBplmxr08HjWBQjzT1kTb3y6xgqlfARICez7
 WMgxR28sfvdDtDHgTDue69Fs9JAUTqTWT1WBshFRGvhPQbglnDqSJD9f3U/3ZCkY8pE4
 2syQ==
X-Gm-Message-State: AOJu0YzIW1GVYvMEXw7q733QGuMSKxUl+Q1woQ81NvcoDsV2gNjQzeiK
 rPb2W84zmbZ+GtlyWoFR1g6oF/QQBKI0hcTou+l3zJjAtX2CaGyVRvO7Bw3Crz1SfOxn80ekQUK
 0cNO05+Aa6M2CGDxc46ytrknlVBWa2AfkeD5NtmtI
X-Gm-Gg: ASbGnctYUdAsd9SxCSU7TMHpXF0S2YWDhRWVcVOPsiSnYRsTWrtETgNyJ4vDa6h6b1b
 kVTNs2E1ZSOU3qXD/3JAJ9uHHfXGE4KAsQopgMzHjkBq2LR2wAwsac1ECAb2LnaSdzDcniHeoWD
 NpJK09dT3CeO0KNLhu+HkEm4LvFucI6N+ztzh/gx2geCz+kNAkgypH12ZfQbOM0gMnvP+WdIJpn
 3s+wHhr3wjyKam2yd6e64GSy83XpKJrACs9JOhodtnFwxc29eMtul3//yTRobQCYG33oVdOgExe
 iMbayg==
X-Google-Smtp-Source: AGHT+IFuz7XI8Iaqz5A6YBfaZNm55Z7lnvulbOh1JFRjcY820P+11CGeUvS3+UN930S9bwreApO1lxtXp91a
X-Received: by 2002:a05:6a00:4502:b0:724:f86e:e3d9 with SMTP id
 d2e1a72fcca58-72d21f64f72mr43078883b3a.14.1736965915671; 
 Wed, 15 Jan 2025 10:31:55 -0800 (PST)
Received: from postal.iol.unh.edu (postal.iol.unh.edu. [132.177.123.84])
 by smtp-relay.gmail.com with ESMTPS id
 d2e1a72fcca58-72d405b651csm803325b3a.11.2025.01.15.10.31.55
 (version=TLS1_2 cipher=ECDHE-ECDSA-AES128-GCM-SHA256 bits=128/128);
 Wed, 15 Jan 2025 10:31:55 -0800 (PST)
X-Relaying-Domain: iol.unh.edu
Date: Wed, 15 Jan 2025 10:31:55 -0800 (PST)
Message-ID: <6787ff1b.050a0220.725aa.9555SMTPIN_ADDED_MISSING@mx.google.com>
Received: from [172.21.0.6] (unknown [172.18.0.240])
 by postal.iol.unh.edu (Postfix) with ESMTP id 16DFB6052471;
 Wed, 15 Jan 2025 13:31:55 -0500 (EST)
Subject: |FAILURE| pw150113 [PATCH] [v6] dts: reform hello world test suite
From: dpdklab@iol.unh.edu
To: Test Report <test-report@dpdk.org>
Cc: dpdk-test-reports@iol.unh.edu, Dean Marx <dmarx@iol.unh.edu>
In-Reply-To: <20250115155153.27776-1-dmarx@iol.unh.edu>
References: <20250115155153.27776-1-dmarx@iol.unh.edu>
Content-Type: text/plain
X-BeenThere: test-report@dpdk.org
X-Mailman-Version: 2.1.29
Precedence: list
List-Id: automatic DPDK test reports <test-report.dpdk.org>
List-Unsubscribe: <https://mails.dpdk.org/options/test-report>,
 <mailto:test-report-request@dpdk.org?subject=unsubscribe>
List-Archive: <http://mails.dpdk.org/archives/test-report/>
List-Post: <mailto:test-report@dpdk.org>
List-Help: <mailto:test-report-request@dpdk.org?subject=help>
List-Subscribe: <https://mails.dpdk.org/listinfo/test-report>,
 <mailto:test-report-request@dpdk.org?subject=subscribe>
Errors-To: test-report-bounces@dpdk.org

Test-Label: iol-unit-amd64-testing
Test-Status: FAILURE
http://dpdk.org/patch/150113

_Testing issues_

Submitter: Dean Marx <dmarx@iol.unh.edu>
Date: Wednesday, January 15 2025 15:51:53 
DPDK git baseline: Repo:dpdk
  Branch: master
  CommitID:154303b06ab29e040000f0536961601d952e2974

150113 --> testing issues

Upstream job id: Generic-Unit-Test-DPDK#306149

Test environment and result as below:

+---------------------+----------------+
|     Environment     | dpdk_unit_test |
+=====================+================+
| Debian Bullseye     | PASS           |
+---------------------+----------------+
| Debian 12           | PASS           |
+---------------------+----------------+
| CentOS Stream 9     | PASS           |
+---------------------+----------------+
| Fedora 40           | PASS           |
+---------------------+----------------+
| Fedora 41           | PASS           |
+---------------------+----------------+
| Fedora 40 (Clang)   | PASS           |
+---------------------+----------------+
| RHEL9               | PASS           |
+---------------------+----------------+
| Fedora 41 (Clang)   | PASS           |
+---------------------+----------------+
| Ubuntu 20.04        | PASS           |
+---------------------+----------------+
| RHEL8               | PASS           |
+---------------------+----------------+
| Ubuntu 22.04        | PASS           |
+---------------------+----------------+
| Ubuntu 24.04        | PEND           |
+---------------------+----------------+
| Windows Server 2022 | FAIL           |
+---------------------+----------------+

==== Unit test summary for Windows Server 2022 (dpdk_unit_test): ====
Failed to get the unit test results.
Displaying the unit test results is not supported for some environments,
such as our aarch32 testing, where meson is not used to run the tests.
Download the logs available on our CI site.
==== End log output ====

Debian Bullseye
	Kernel: Depends on container host
	Compiler: gcc (Debian 10.2.1-6) 10.2.1 20210110

Debian 12
	Kernel: Depends on container host
	Compiler: gcc (Debian 12.2.0-14) 12.2.0

CentOS Stream 9
	Kernel: Depends on container host
	Compiler: gcc 11.5.0 20240719 (Red Hat 11.5.0-2)

Fedora 40
	Kernel: Depends on container host
	Compiler: gcc 14.2.1 20240912 (Red Hat 14.2.1-3)

Fedora 41
	Kernel: Depends on container host
	Compiler: gcc 14.2.1 20240912 (Red Hat 14.2.1-3)

Fedora 40 (Clang)
	Kernel: Depends on container host
	Compiler: clang 18.1.8 (Fedora 18.1.8-1.fc40)

RHEL9
	Kernel: Depends on container host
	Compiler: gcc 11.5.0 20240719 (Red Hat 11.5.0-2)

Fedora 41 (Clang)
	Kernel: Depends on container host
	Compiler: clang 19.1.5 (Fedora 19.1.5-1.fc41)

Ubuntu 20.04
	Kernel: Depends on container host
	Compiler: gcc (Ubuntu 9.4.0-1ubuntu1~20.04.2) 9.4.0

RHEL8
	Kernel: Depends on container host
	Compiler: gcc 8.5.0 20210514 (Red Hat 8.5.0-22)

Ubuntu 22.04
	Kernel: Depends on container host
	Compiler: gcc (Ubuntu 11.4.0-1ubuntu1~22.04) 11.4.0

Ubuntu 24.04
	Kernel: Depends on container host
	Compiler: gcc (Ubuntu 13.3.0-6ubuntu2~24.04) 13.3.0

Windows Server 2022
	Kernel: 10.0.20348.2031
	Compiler: clang 15.0.7, gcc 14.1.0 (MinGW), and MSVC VS 19.39.33521

To view detailed results, visit:
https://lab.dpdk.org/results/dashboard/patchsets/32334/

UNH-IOL DPDK Community Lab

To manage your email subscriptions, visit: 
https://lab.dpdk.org/results/dashboard/preferences/subscriptions/