From mboxrd@z Thu Jan  1 00:00:00 1970
Return-Path: <test-report-bounces@dpdk.org>
Received: from mails.dpdk.org (unknown [217.70.189.124])
	by inbox.dpdk.org (Postfix) with ESMTP id 8557D45F4E
	for <public@inbox.dpdk.org>; Thu, 16 Jan 2025 21:58:54 +0100 (CET)
Received: from mails.dpdk.org (localhost [127.0.0.1])
	by mails.dpdk.org (Postfix) with ESMTP id 6E81E40E68;
	Thu, 16 Jan 2025 21:58:36 +0100 (CET)
Received: from mail-pl1-f226.google.com (mail-pl1-f226.google.com
 [209.85.214.226])
 by mails.dpdk.org (Postfix) with ESMTP id 700B440E18
 for <test-report@dpdk.org>; Thu, 16 Jan 2025 21:58:35 +0100 (CET)
Received: by mail-pl1-f226.google.com with SMTP id
 d9443c01a7336-21649a7bcdcso25678265ad.1
 for <test-report@dpdk.org>; Thu, 16 Jan 2025 12:58:35 -0800 (PST)
DKIM-Signature: v=1; a=rsa-sha256; c=relaxed/relaxed;
 d=iol.unh.edu; s=unh-iol; t=1737061114; x=1737665914; darn=dpdk.org;
 h=references:in-reply-to:cc:to:from:subject:message-id:date:from:to
 :cc:subject:date:message-id:reply-to;
 bh=Y0iSjsimYmVBK8BnNBZaUhaCOJ0cyd+JoV9btDgjHww=;
 b=AfAG3jvShwe7LHZTSk//bSBHJpTNW8xD3oQZvwuT3H0wNLU66MgiYI8wmItEv5IlpE
 aKErMU+cSJpClBnC212tHp6DclnRz6hxy0lEpXN00TTm/KXd00YdZKvI/2OpyyoD9+z9
 al5J1LfUsHjEy8E8HfcNiND/o3Y04xKKlF2AI=
X-Google-DKIM-Signature: v=1; a=rsa-sha256; c=relaxed/relaxed;
 d=1e100.net; s=20230601; t=1737061114; x=1737665914;
 h=references:in-reply-to:cc:to:from:subject:message-id:date
 :x-gm-message-state:from:to:cc:subject:date:message-id:reply-to;
 bh=Y0iSjsimYmVBK8BnNBZaUhaCOJ0cyd+JoV9btDgjHww=;
 b=DZkkE6WyoD3aQuS8JPtl8tpVdLoo6LBoQmBmk96BYfWztU2rbhcXmbevetw/01HUoI
 UaQWiYFHoxNj8Sz8xb4lOdGkXSNaOFzlvQYCW36ZZejgHfpFvTHBgEIkBuZBNQA36HE7
 kit43kVhKdctn+fN8GiFCvGvERH99fA3yvyFP3wYCTT7k24LGnja68ZA80RmqlSAz/5Q
 iqQaOe5CQCztKvX7mxn03lkz5foyBtVMwTmPNB52nJUlZ063ni78UZvMNURpFmsP245f
 PP8NQETDli+kISvLWqaz8LPrX7hE/A78+JnvrDIjTPC2V1llOQYwl/bF3dPhmC3qKuh1
 WwRw==
X-Gm-Message-State: AOJu0YyT4zT53RBNKTakzYRMQ7kMOjpojptUbUiIUTYI6TmdMz3QAEMv
 PTYSud0vuACG6pTmh8/fcr40UaPzKSbcjmj6Er/86NCNDhXRrb60/sx9s3+I3LBXFNsGhekZwMo
 DJ7PMB2bxFhp6LyY8pPd1Ela71+DK3Ba+tUgSA0uj7z4Jcp0q
X-Gm-Gg: ASbGncuG8590RCIfkMkqZznft8M+20R+AAEXfWoyZ8R1LK85GTihJ4c9FnI9iw0lJE7
 wp0EZvgiEtXTfpcuioeMj5uOiEEg9a/gaHPtlClAsb8Pj6FI9+RIKs9IxqXOSr+NMGJzSx2m2/B
 KcUEhjUAVDC08oY9ELlWCNbmOcWFhLBozYI/qvGpArjZV+3jc2EjtCInxFVlQTcAyH8Fz87xWai
 6RsZ2RYUhKrPlmOyuvPh00Ur9yOPgc2/s4ZorONKE84FOiYnbyLr/wGFzyY/pw2XMILfIQ7samF
 kSWJwGZXP9yA5GHc/w==
X-Google-Smtp-Source: AGHT+IFVqdraoIr8CuZTCYABNjzCgpw9GMSmqprtM8y7bEgY3b4L0y4qYqK08JJCJBCK5T2CIy6TGii1PsaN
X-Received: by 2002:a17:903:2b07:b0:216:325f:6f2b with SMTP id
 d9443c01a7336-21c3553b092mr2837815ad.21.1737061114489; 
 Thu, 16 Jan 2025 12:58:34 -0800 (PST)
Received: from postal.iol.unh.edu (postal.iol.unh.edu.
 [2606:4100:3880:1234::84]) by smtp-relay.gmail.com with ESMTPS id
 d9443c01a7336-21c2ce8fe9dsm398485ad.1.2025.01.16.12.58.34
 (version=TLS1_2 cipher=ECDHE-ECDSA-AES128-GCM-SHA256 bits=128/128);
 Thu, 16 Jan 2025 12:58:34 -0800 (PST)
X-Relaying-Domain: iol.unh.edu
Date: Thu, 16 Jan 2025 12:58:34 -0800 (PST)
Message-ID: <678972fa.170a0220.12c702.3516SMTPIN_ADDED_MISSING@mx.google.com>
Received: from [172.21.0.6] (unknown [172.18.0.240])
 by postal.iol.unh.edu (Postfix) with ESMTP id E2C5B6052471;
 Thu, 16 Jan 2025 15:58:33 -0500 (EST)
Subject: |FAILURE| pw150153-150154 [PATCH] [2/2] net/af_xdp: Refactor af_xdp_
From: dpdklab@iol.unh.edu
To: Test Report <test-report@dpdk.org>
Cc: dpdk-test-reports@iol.unh.edu, Ariel Otilibili <ariel.otilibili@6wind.com>
In-Reply-To: <20250116195640.68885-3-ariel.otilibili@6wind.com>
References: <20250116195640.68885-3-ariel.otilibili@6wind.com>
Content-Type: text/plain
X-BeenThere: test-report@dpdk.org
X-Mailman-Version: 2.1.29
Precedence: list
List-Id: automatic DPDK test reports <test-report.dpdk.org>
List-Unsubscribe: <https://mails.dpdk.org/options/test-report>,
 <mailto:test-report-request@dpdk.org?subject=unsubscribe>
List-Archive: <http://mails.dpdk.org/archives/test-report/>
List-Post: <mailto:test-report@dpdk.org>
List-Help: <mailto:test-report-request@dpdk.org?subject=help>
List-Subscribe: <https://mails.dpdk.org/listinfo/test-report>,
 <mailto:test-report-request@dpdk.org?subject=subscribe>
Errors-To: test-report-bounces@dpdk.org

Test-Label: iol-compile-amd64-testing
Test-Status: FAILURE
http://dpdk.org/patch/150154

_Testing issues_

Submitter: Ariel Otilibili <ariel.otilibili@6wind.com>
Date: Thursday, January 16 2025 19:56:39 
DPDK git baseline: Repo:dpdk
  Branch: master
  CommitID:34ea86164bf17a431ec5ef78d7e51e2e9b3fd75e

150153-150154 --> testing issues

Upstream job id: Generic-DPDK-Compile-Meson#351940

Test environment and result as below:

+---------------------+--------------------+------------------+-------------------+-----------------------+-------------------+
|     Environment     | dpdk_meson_compile | dpdk_compile_ovs | dpdk_compile_spdk | dpdk_win_llvm_compile | dpdk_msvc_compile |
+=====================+====================+==================+===================+=======================+===================+
| Debian Bullseye     | FAIL               | WARN             | WARN              | SKIPPED               | SKIPPED           |
+---------------------+--------------------+------------------+-------------------+-----------------------+-------------------+
| CentOS Stream 9     | PEND               | PEND             | PEND              | SKIPPED               | SKIPPED           |
+---------------------+--------------------+------------------+-------------------+-----------------------+-------------------+
| Fedora 40 (Clang)   | PEND               | PEND             | PEND              | SKIPPED               | SKIPPED           |
+---------------------+--------------------+------------------+-------------------+-----------------------+-------------------+
| Debian 12           | PEND               | PEND             | PEND              | SKIPPED               | SKIPPED           |
+---------------------+--------------------+------------------+-------------------+-----------------------+-------------------+
| RHEL9               | PEND               | PEND             | SKIPPED           | SKIPPED               | SKIPPED           |
+---------------------+--------------------+------------------+-------------------+-----------------------+-------------------+
| openSUSE Leap 15    | PEND               | SKIPPED          | SKIPPED           | SKIPPED               | SKIPPED           |
+---------------------+--------------------+------------------+-------------------+-----------------------+-------------------+
| RHEL8               | FAIL               | WARN             | SKIPPED           | SKIPPED               | SKIPPED           |
+---------------------+--------------------+------------------+-------------------+-----------------------+-------------------+
| Ubuntu 20.04        | PEND               | PEND             | SKIPPED           | SKIPPED               | SKIPPED           |
+---------------------+--------------------+------------------+-------------------+-----------------------+-------------------+
| Fedora 40           | PEND               | PEND             | PEND              | SKIPPED               | SKIPPED           |
+---------------------+--------------------+------------------+-------------------+-----------------------+-------------------+
| Fedora 41 (Clang)   | PEND               | PEND             | PEND              | SKIPPED               | SKIPPED           |
+---------------------+--------------------+------------------+-------------------+-----------------------+-------------------+
| Fedora 41           | PEND               | PEND             | PEND              | SKIPPED               | SKIPPED           |
+---------------------+--------------------+------------------+-------------------+-----------------------+-------------------+
| Ubuntu 22.04        | PEND               | PEND             | PEND              | SKIPPED               | SKIPPED           |
+---------------------+--------------------+------------------+-------------------+-----------------------+-------------------+
| Ubuntu 24.04        | PEND               | PEND             | PEND              | SKIPPED               | SKIPPED           |
+---------------------+--------------------+------------------+-------------------+-----------------------+-------------------+
| Alpine              | PEND               | PEND             | SKIPPED           | SKIPPED               | SKIPPED           |
+---------------------+--------------------+------------------+-------------------+-----------------------+-------------------+
| FreeBSD 13.4        | PASS               | SKIPPED          | SKIPPED           | SKIPPED               | SKIPPED           |
+---------------------+--------------------+------------------+-------------------+-----------------------+-------------------+
| Windows Server 2022 | SKIPPED            | SKIPPED          | SKIPPED           | PEND                  | PEND              |
+---------------------+--------------------+------------------+-------------------+-----------------------+-------------------+

==== 20 line log output for RHEL8 (dpdk_compile_ovs): ====
 --- Failed to get log output --- 
==== End log output ====

Debian Bullseye
	Kernel: Depends on container host
	Compiler: gcc (Debian 10.2.1-6) 10.2.1 20210110

CentOS Stream 9
	Kernel: Depends on container host
	Compiler: gcc 11.5.0 20240719 (Red Hat 11.5.0-2)

Fedora 40 (Clang)
	Kernel: Depends on container host
	Compiler: clang 18.1.8 (Fedora 18.1.8-1.fc40)

Debian 12
	Kernel: Depends on container host
	Compiler: gcc (Debian 12.2.0-14) 12.2.0

RHEL9
	Kernel: Depends on container host
	Compiler: gcc 11.5.0 20240719 (Red Hat 11.5.0-2)

openSUSE Leap 15
	Kernel: Depends on container host
	Compiler: gcc (SUSE Linux) 7.5.0

RHEL8
	Kernel: Depends on container host
	Compiler: gcc 8.5.0 20210514 (Red Hat 8.5.0-22)

Ubuntu 20.04
	Kernel: Depends on container host
	Compiler: gcc (Ubuntu 9.4.0-1ubuntu1~20.04.2) 9.4.0

Fedora 40
	Kernel: Depends on container host
	Compiler: gcc 14.2.1 20240912 (Red Hat 14.2.1-3)

Fedora 41 (Clang)
	Kernel: Depends on container host
	Compiler: clang 19.1.5 (Fedora 19.1.5-1.fc41)

Fedora 41
	Kernel: Depends on container host
	Compiler: gcc 14.2.1 20240912 (Red Hat 14.2.1-3)

Ubuntu 22.04
	Kernel: Depends on container host
	Compiler: gcc (Ubuntu 11.4.0-1ubuntu1~22.04) 11.4.0

Ubuntu 24.04
	Kernel: Depends on container host
	Compiler: gcc (Ubuntu 13.3.0-6ubuntu2~24.04) 13.3.0

Alpine
	Kernel: Depends on container host
	Compiler: gcc (Alpine 14.2.0) 14.2.0

FreeBSD 13.4
	Kernel: 13.4-RELEASE-p1
	Compiler: clang 18.1.6

Windows Server 2022
	Kernel: 10.0.20348.2031
	Compiler: clang 15.0.7, gcc 14.1.0 (MinGW), and MSVC VS 19.39.33521

To view detailed results, visit:
https://lab.dpdk.org/results/dashboard/patchsets/32350/

UNH-IOL DPDK Community Lab

To manage your email subscriptions, visit: 
https://lab.dpdk.org/results/dashboard/preferences/subscriptions/