From mboxrd@z Thu Jan  1 00:00:00 1970
Return-Path: <test-report-bounces@dpdk.org>
Received: from mails.dpdk.org (unknown [217.70.189.124])
	by inbox.dpdk.org (Postfix) with ESMTP id C3B1D460A8
	for <public@inbox.dpdk.org>; Thu, 16 Jan 2025 22:18:23 +0100 (CET)
Received: from mails.dpdk.org (localhost [127.0.0.1])
	by mails.dpdk.org (Postfix) with ESMTP id B664540ED4;
	Thu, 16 Jan 2025 22:18:03 +0100 (CET)
Received: from mail-qv1-f99.google.com (mail-qv1-f99.google.com
 [209.85.219.99]) by mails.dpdk.org (Postfix) with ESMTP id 3CE1A40696
 for <test-report@dpdk.org>; Thu, 16 Jan 2025 22:18:02 +0100 (CET)
Received: by mail-qv1-f99.google.com with SMTP id
 6a1803df08f44-6dcdd9a3e54so15226456d6.3
 for <test-report@dpdk.org>; Thu, 16 Jan 2025 13:18:02 -0800 (PST)
DKIM-Signature: v=1; a=rsa-sha256; c=relaxed/relaxed;
 d=iol.unh.edu; s=unh-iol; t=1737062281; x=1737667081; darn=dpdk.org;
 h=references:in-reply-to:cc:to:from:subject:message-id:date:from:to
 :cc:subject:date:message-id:reply-to;
 bh=8ZfeNqy1dSbp8dvV6PayJWuVSNX1hwOQFlQBCnBfld0=;
 b=a64faC2Zrepj4DSfE4i0ft3tGr/UaKAHzNLu1mRSenmX6fShhWDYvfec7hHb5TH+wy
 SgRNtWNdRrDZhgAmj2jIzfWu89bzU8g0ENVVOFse6JhwLkFS+eSm674v3sT46utrhMu+
 ZDWuIfuqaOQXcENquHsZwRH8dcelKnQ8qWktU=
X-Google-DKIM-Signature: v=1; a=rsa-sha256; c=relaxed/relaxed;
 d=1e100.net; s=20230601; t=1737062281; x=1737667081;
 h=references:in-reply-to:cc:to:from:subject:message-id:date
 :x-gm-message-state:from:to:cc:subject:date:message-id:reply-to;
 bh=8ZfeNqy1dSbp8dvV6PayJWuVSNX1hwOQFlQBCnBfld0=;
 b=MNCiDTTfzuCS9f0eNOQEFsUehaba4xiD5rV1j3CCFjZ5yXeq4BBvGm+dPt42PGahzz
 9RHDcp1Lfay9YxjbU4D7Ljb8j8OA6n1oEqQZKJ7NPJKLmJRGHwQUw5Jp3DwYGvNKB1qM
 wmz0K1R0Q1deP0ssJ8XSmGPwMXBZ3TUGUGNUpzVuehjxqGFmIWRHDTSi+gZ68v+wF0vZ
 Ecgr43rKTjVNYWT+rL5r8mlTd58YWm29gtpbHg4FORcpoeJFYUyo33h/aU2TYy9k5XuC
 1X6yrNyTaTLfcfPjsN1Jxjq3/pBC8gZ8ZmMd50jzrbtBjNfJbZfyTFbNHF0dxD2wkANL
 kWfg==
X-Gm-Message-State: AOJu0YxXWm/zsuClvqwfcaLNkpcURDqytuguNyqTvnmHGz3gjOBxtO/T
 iUYIN44Z2ZOg9seUFRAiHAH8NuIgox0qX3OUUNkE49rwzwhZJsaA1+mEqOYnaBe2vuq9PNgVVhf
 UlsQDXXT40oTyaUTeG7GBqTrUS8o8bvYxfymUaNXj
X-Gm-Gg: ASbGncs/fU1UhGtHFwAjRT/wE/60IUQysnEL369PufMauPZ5HRWu0LXYrMSJE30vxD+
 eCdGaNzHCMD1Y2xoFmduDyq4cX4hQdk+UUe+7hKkBTmVCSiweOQDrSYryB2H31jTt205pz31Lj4
 SQNGdVOHM6OL2tRNPkNjL8g5kuuho0o5AVdXXL7VUpsesW6klFolgKdSlrIo5w8TSWjb0mFleS+
 79bTveTBsnuqYneyuWn2e52+vt5R/w3ziNGEUKtBLfLZ9tq4X82fk2TiVgwf2vxSMTUgvjUDUbQ
 pKLjgQ==
X-Google-Smtp-Source: AGHT+IHKpue3Blt4WDaT0xEHghGXJYSu8DQgFDLfy2k7Y3OiZDq1PmQPzFOS9yfhXERV8HaS+qYepawWLyps
X-Received: by 2002:a05:6214:4803:b0:6d8:846b:cd8d with SMTP id
 6a1803df08f44-6e1b222f175mr5901086d6.30.1737062281542; 
 Thu, 16 Jan 2025 13:18:01 -0800 (PST)
Received: from postal.iol.unh.edu (postal.iol.unh.edu. [132.177.123.84])
 by smtp-relay.gmail.com with ESMTPS id
 6a1803df08f44-6e1afd0c746sm431316d6.66.2025.01.16.13.18.01
 (version=TLS1_2 cipher=ECDHE-ECDSA-AES128-GCM-SHA256 bits=128/128);
 Thu, 16 Jan 2025 13:18:01 -0800 (PST)
X-Relaying-Domain: iol.unh.edu
Date: Thu, 16 Jan 2025 13:18:01 -0800 (PST)
Message-ID: <67897789.050a0220.3600d1.3b1eSMTPIN_ADDED_MISSING@mx.google.com>
Received: from [172.21.0.5] (unknown [172.18.0.240])
 by postal.iol.unh.edu (Postfix) with ESMTP id 489E26052471;
 Thu, 16 Jan 2025 16:18:01 -0500 (EST)
Subject: |WARNING| pw150153-150154 [PATCH] [2/2] net/af_xdp: Refactor af_xdp_
From: dpdklab@iol.unh.edu
To: Test Report <test-report@dpdk.org>
Cc: dpdk-test-reports@iol.unh.edu
In-Reply-To: <20250116195640.68885-3-ariel.otilibili@6wind.com>
References: <20250116195640.68885-3-ariel.otilibili@6wind.com>
Content-Type: text/plain
X-BeenThere: test-report@dpdk.org
X-Mailman-Version: 2.1.29
Precedence: list
List-Id: automatic DPDK test reports <test-report.dpdk.org>
List-Unsubscribe: <https://mails.dpdk.org/options/test-report>,
 <mailto:test-report-request@dpdk.org?subject=unsubscribe>
List-Archive: <http://mails.dpdk.org/archives/test-report/>
List-Post: <mailto:test-report@dpdk.org>
List-Help: <mailto:test-report-request@dpdk.org?subject=help>
List-Subscribe: <https://mails.dpdk.org/listinfo/test-report>,
 <mailto:test-report-request@dpdk.org?subject=subscribe>
Errors-To: test-report-bounces@dpdk.org

Test-Label: iol-unit-amd64-testing
Test-Status: WARNING
http://dpdk.org/patch/150154

_Testing issues_

Submitter: Ariel Otilibili <ariel.otilibili@6wind.com>
Date: Thursday, January 16 2025 19:56:39 
DPDK git baseline: Repo:dpdk
  Branch: master
  CommitID:34ea86164bf17a431ec5ef78d7e51e2e9b3fd75e

150153-150154 --> testing issues

Upstream job id: Generic-Unit-Test-DPDK#306580

Test environment and result as below:

+---------------------+----------------+
|     Environment     | dpdk_unit_test |
+=====================+================+
| CentOS Stream 9     | PASS           |
+---------------------+----------------+
| Debian Bullseye     | WARN           |
+---------------------+----------------+
| Fedora 41 (Clang)   | PASS           |
+---------------------+----------------+
| Debian 12           | PASS           |
+---------------------+----------------+
| Fedora 40           | PASS           |
+---------------------+----------------+
| Fedora 41           | PASS           |
+---------------------+----------------+
| RHEL8               | WARN           |
+---------------------+----------------+
| Ubuntu 20.04        | WARN           |
+---------------------+----------------+
| Ubuntu 24.04        | PASS           |
+---------------------+----------------+
| Fedora 40 (Clang)   | PASS           |
+---------------------+----------------+
| RHEL9               | PASS           |
+---------------------+----------------+
| Ubuntu 22.04        | PASS           |
+---------------------+----------------+
| Windows Server 2022 | PASS           |
+---------------------+----------------+

==== 20 line log output for Ubuntu 20.04 (dpdk_unit_test): ====
[1075/3139] Linking target drivers/librte_net_af_packet.so.25.1
[1076/3139] Compiling C object drivers/libtmp_rte_net_ark.a.p/net_ark_ark_ddm.c.o
[1077/3139] Compiling C object drivers/libtmp_rte_net_af_xdp.a.p/net_af_xdp_rte_eth_af_xdp.c.o
FAILED: drivers/libtmp_rte_net_af_xdp.a.p/net_af_xdp_rte_eth_af_xdp.c.o
ccache cc -Idrivers/libtmp_rte_net_af_xdp.a.p -Idrivers -I../drivers -Idrivers/net/af_xdp -I../drivers/net/af_xdp -Ilib/ethdev -I../lib/ethdev -I. -I.. -Iconfig -I../config -Ilib/eal/include -I../lib/eal/include -Ilib/eal/linux/include -I../lib/eal/linux/include -Ilib/eal/x86/include -I../lib/eal/x86/include -I../kernel/linux -Ilib/eal/common -I../lib/eal/common -Ilib/eal -I../lib/eal -Ilib/kvargs -I../lib/kvargs -Ilib/log -I../lib/log -Ilib/metrics -I../lib/metrics -Ilib/telemetry -I../lib/telemetry -Ilib/net -I../lib/net -Ilib/mbuf -I../lib/mbuf -Ilib/mempool -I../lib/mempool -Ilib/ring -I../lib/ring -Ilib/meter -I../lib/meter -Idrivers/bus/pci -I../drivers/bus/pci -I../drivers/bus/pci/linux -Ilib/pci -I../lib/pci -Idrivers/bus/vdev -I../drivers/bus/vdev -fdiagnostics-color=always -pipe -D_FILE_OFFSET_BITS=64 -Wall -Winvalid-pch -Wextra -Werror -std=c11 -O3 -include rte_config.h -Wcast-qual -Wdeprecated -Wformat -Wformat-nonliteral -Wformat-security -Wmissing-declarations -Wmissing
 -prototypes -Wnested-externs -Wold-style-definition -Wpointer-arith -Wsign-compare -Wstrict-prototypes -Wundef -Wwrite-strings -Wno-packed-not-aligned -Wno-missing-field-initializers -D_GNU_SOURCE -fPIC -march=native -mrtm -DALLOW_EXPERIMENTAL_API -DALLOW_INTERNAL_API -Wno-format-truncation -Wno-address-of-packed-member -DRTE_NET_AF_XDP_SHARED_UMEM -DETH_AF_XDP_UPDATE_XSKMAP -DRTE_LOG_DEFAULT_LOGTYPE=pmd.net.af_xdp -MD -MQ drivers/libtmp_rte_net_af_xdp.a.p/net_af_xdp_rte_eth_af_xdp.c.o -MF drivers/libtmp_rte_net_af_xdp.a.p/net_af_xdp_rte_eth_af_xdp.c.o.d -o drivers/libtmp_rte_net_af_xdp.a.p/net_af_xdp_rte_eth_af_xdp.c.o -c ../drivers/net/af_xdp/rte_eth_af_xdp.c
../drivers/net/af_xdp/rte_eth_af_xdp.c: In function 'af_xdp_tx_zc':
../drivers/net/af_xdp/rte_eth_af_xdp.c:585:2: error: a label can only be part of a statement and a declaration is not a statement
585 |  struct rte_mbuf *tmp;
|  ^~~~~~
../drivers/net/af_xdp/rte_eth_af_xdp.c:586:2: error: expected expression before 'void'
586 |  void *pkt;
|  ^~~~
../drivers/net/af_xdp/rte_eth_af_xdp.c:600:3: error: 'pkt' undeclared (first use in this function)
600 |   pkt = xsk_umem__get_data(umem->buffer, addr + offset);
|   ^~~
../drivers/net/af_xdp/rte_eth_af_xdp.c:600:3: note: each undeclared identifier is reported only once for each function it appears in
[1078/3139] Compiling C object drivers/libtmp_rte_net_ark.a.p/net_ark_ark_ethdev.c.o
[1079/3139] Generating rte_common_sfc_efx.sym_chk with a custom command (wrapped by meson to capture output)
[1080/3139] Generating rte_common_cnxk.sym_chk with a custom command (wrapped by meson to capture output)
ninja: build stopped: subcommand failed.
==== End log output ====

CentOS Stream 9
	Kernel: Depends on container host
	Compiler: gcc 11.5.0 20240719 (Red Hat 11.5.0-2)

Debian Bullseye
	Kernel: Depends on container host
	Compiler: gcc (Debian 10.2.1-6) 10.2.1 20210110

Fedora 41 (Clang)
	Kernel: Depends on container host
	Compiler: clang 19.1.5 (Fedora 19.1.5-1.fc41)

Debian 12
	Kernel: Depends on container host
	Compiler: gcc (Debian 12.2.0-14) 12.2.0

Fedora 40
	Kernel: Depends on container host
	Compiler: gcc 14.2.1 20240912 (Red Hat 14.2.1-3)

Fedora 41
	Kernel: Depends on container host
	Compiler: gcc 14.2.1 20240912 (Red Hat 14.2.1-3)

RHEL8
	Kernel: Depends on container host
	Compiler: gcc 8.5.0 20210514 (Red Hat 8.5.0-22)

Ubuntu 20.04
	Kernel: Depends on container host
	Compiler: gcc (Ubuntu 9.4.0-1ubuntu1~20.04.2) 9.4.0

Ubuntu 24.04
	Kernel: Depends on container host
	Compiler: gcc (Ubuntu 13.3.0-6ubuntu2~24.04) 13.3.0

Fedora 40 (Clang)
	Kernel: Depends on container host
	Compiler: clang 18.1.8 (Fedora 18.1.8-1.fc40)

RHEL9
	Kernel: Depends on container host
	Compiler: gcc 11.5.0 20240719 (Red Hat 11.5.0-2)

Ubuntu 22.04
	Kernel: Depends on container host
	Compiler: gcc (Ubuntu 11.4.0-1ubuntu1~22.04) 11.4.0

Windows Server 2022
	Kernel: 10.0.20348.2031
	Compiler: clang 15.0.7, gcc 14.1.0 (MinGW), and MSVC VS 19.39.33521

To view detailed results, visit:
https://lab.dpdk.org/results/dashboard/patchsets/32350/

UNH-IOL DPDK Community Lab

To manage your email subscriptions, visit: 
https://lab.dpdk.org/results/dashboard/preferences/subscriptions/