From mboxrd@z Thu Jan  1 00:00:00 1970
Return-Path: <test-report-bounces@dpdk.org>
Received: from mails.dpdk.org (mails.dpdk.org [217.70.189.124])
	by inbox.dpdk.org (Postfix) with ESMTP id EAE45460E2
	for <public@inbox.dpdk.org>; Tue, 28 Jan 2025 03:52:47 +0100 (CET)
Received: from mails.dpdk.org (localhost [127.0.0.1])
	by mails.dpdk.org (Postfix) with ESMTP id DBFE740150;
	Tue, 28 Jan 2025 03:52:47 +0100 (CET)
Received: from mail-qt1-f226.google.com (mail-qt1-f226.google.com
 [209.85.160.226])
 by mails.dpdk.org (Postfix) with ESMTP id 6E27B40144
 for <test-report@dpdk.org>; Tue, 28 Jan 2025 03:52:46 +0100 (CET)
Received: by mail-qt1-f226.google.com with SMTP id
 d75a77b69052e-467918c360aso56992771cf.0
 for <test-report@dpdk.org>; Mon, 27 Jan 2025 18:52:46 -0800 (PST)
DKIM-Signature: v=1; a=rsa-sha256; c=relaxed/relaxed;
 d=iol.unh.edu; s=unh-iol; t=1738032766; x=1738637566; darn=dpdk.org;
 h=references:in-reply-to:cc:to:from:subject:message-id:date:from:to
 :cc:subject:date:message-id:reply-to;
 bh=KZfb1VcY6ckjeom7Lpc9N4P+W6aghv6sSNWksVws8KA=;
 b=jN27QmzERpDYNw96EQqw5W7MZQJg0+bSPC0zHWC1PBvhRTELkIfak0+Jw1VS8Zqu/O
 mUfvf7dlYRXVhPTGKrT223qZy1U8zmKCMa8ST0TG6Qq9mRGmmvynS325+FhkEJFkDiz3
 IW/ZEZtt8ny1m5WJUPtiLu+Am4sBVH7llMv9I=
X-Google-DKIM-Signature: v=1; a=rsa-sha256; c=relaxed/relaxed;
 d=1e100.net; s=20230601; t=1738032766; x=1738637566;
 h=references:in-reply-to:cc:to:from:subject:message-id:date
 :x-gm-message-state:from:to:cc:subject:date:message-id:reply-to;
 bh=KZfb1VcY6ckjeom7Lpc9N4P+W6aghv6sSNWksVws8KA=;
 b=RJJL0NDlLjyLpCL7rlT8uDVRgoJdtY4w+Tyx8vrGgB4kr2zFqQQ67DlWC66AdhZnem
 PM8A3l48XrtsdidFgmj/uOlJhVS4sUSGQVXUaYSarmu65N8rRCM5qLqcozmncfH3dRvW
 acHRV21y4H11jj+/S1ecKVJpNrkInJKjF1kVryZOfMtT/gPURBrwATaq/Q0G40xr096A
 NjEnwryjGPpBZCTWuOpOwH3efdjd+vZfroAsacGf0gygDKbSfD0uGPo7ZH5slpia2K7u
 Tm8YZk2pStSixYkXbwPbVDiPZh7euRnF8G7AkaW3r+111Z6L0/uvMPP394tZspg7eciR
 8hAQ==
X-Gm-Message-State: AOJu0YyMJyhp6KfYmDFpO0Fq2sfSbzF50SbIpZpukDi02M195XrzWe1X
 zewAhCOmPaXbMfL4VSMSjwA3+9OyajlSb3+cLioX9rXS0Hh/chlzExFrA21BianElDgrJjk7NEn
 6lv0Td89gy3Ll1bVE5NsckdFvnquxsdQBL/VH/1Aj
X-Gm-Gg: ASbGnctpML7yyaNzvCtxFketTsKsq1WJaNX3V+oqJ+TbErjnM1HIGV3Xxiv0zrkELtJ
 ZfEyAWqFWycxeMYy8/5FM2G1/KBUkwEKErg8MFInkjX5zg4pOZkHel8QVrKYiThqg9Th/7g0Y3m
 E7iwzqaMe11Ke5kOIQNyJgul/DqqCO3rHTmpdi2i5Pezwo216Y8CvY5/SH93aiIHBEaP4j2X3Ed
 PthR8sA3iiLYhXu8vPjerRN0Ye99hcczkGQMf2zUaIqEcavKjvGVfXpcStYs3lmuHrG4ee6VKu9
 fOZMXGa9XOEg0crc8hQ0nT6xfv/ZTw==
X-Google-Smtp-Source: AGHT+IElceYMHMS+iey4fSuc1HPKWqxwEJnkjS1BQI3578ydTMYKZXe2SLL0HYP0kV7FYVzhUT7qTRrEdGWV
X-Received: by 2002:a05:622a:145:b0:46c:72a4:35a5 with SMTP id
 d75a77b69052e-46e12a87a44mr648999141cf.28.1738032765896; 
 Mon, 27 Jan 2025 18:52:45 -0800 (PST)
Received: from postal.iol.unh.edu (postal.iol.unh.edu. [132.177.123.84])
 by smtp-relay.gmail.com with ESMTPS id
 6a1803df08f44-6e2047b0e3dsm4540086d6.0.2025.01.27.18.52.45
 (version=TLS1_2 cipher=ECDHE-ECDSA-AES128-GCM-SHA256 bits=128/128);
 Mon, 27 Jan 2025 18:52:45 -0800 (PST)
X-Relaying-Domain: iol.unh.edu
Date: Mon, 27 Jan 2025 18:52:45 -0800 (PST)
Message-ID: <6798467d.050a0220.af19d.9825SMTPIN_ADDED_MISSING@mx.google.com>
Received: from [172.21.0.5] (unknown [172.18.0.240])
 by postal.iol.unh.edu (Postfix) with ESMTP id A0B5A6052471;
 Mon, 27 Jan 2025 21:52:45 -0500 (EST)
Subject: |FAILURE| pw150556-150559 [PATCH] [4/4] net/netvsc: cache device par
From: dpdklab@iol.unh.edu
To: Test Report <test-report@dpdk.org>
Cc: dpdk-test-reports@iol.unh.edu, Long Li <longli@linuxonhyperv.com>
In-Reply-To: <1738028106-25239-4-git-send-email-longli@linuxonhyperv.com>
References: <1738028106-25239-4-git-send-email-longli@linuxonhyperv.com>
Content-Type: text/plain
X-BeenThere: test-report@dpdk.org
X-Mailman-Version: 2.1.29
Precedence: list
List-Id: automatic DPDK test reports <test-report.dpdk.org>
List-Unsubscribe: <https://mails.dpdk.org/options/test-report>,
 <mailto:test-report-request@dpdk.org?subject=unsubscribe>
List-Archive: <http://mails.dpdk.org/archives/test-report/>
List-Post: <mailto:test-report@dpdk.org>
List-Help: <mailto:test-report-request@dpdk.org?subject=help>
List-Subscribe: <https://mails.dpdk.org/listinfo/test-report>,
 <mailto:test-report-request@dpdk.org?subject=subscribe>
Errors-To: test-report-bounces@dpdk.org

Test-Label: iol-unit-amd64-testing
Test-Status: FAILURE
http://dpdk.org/patch/150559

_Testing issues_

Submitter: Long Li <longli@linuxonhyperv.com>
Date: Tuesday, January 28 2025 01:35:06 
DPDK git baseline: Repo:dpdk
  Branch: master
  CommitID:3ba602522abfc4db664008b89ec7c90cfbf7173d

150556-150559 --> testing issues

Upstream job id: Generic-Unit-Test-DPDK#309709

Test environment and result as below:

+-------------------+----------------+
|    Environment    | dpdk_unit_test |
+===================+================+
| Debian 12         | PASS           |
+-------------------+----------------+
| Debian Bullseye   | WARN           |
+-------------------+----------------+
| CentOS Stream 9   | PEND           |
+-------------------+----------------+
| Fedora 40         | WARN           |
+-------------------+----------------+
| Fedora 40 (Clang) | WARN           |
+-------------------+----------------+
| Fedora 41         | WARN           |
+-------------------+----------------+
| RHEL8             | PEND           |
+-------------------+----------------+
| Fedora 41 (Clang) | PEND           |
+-------------------+----------------+
| RHEL9             | PEND           |
+-------------------+----------------+
| Ubuntu 22.04      | WARN           |
+-------------------+----------------+
| Ubuntu 20.04      | PEND           |
+-------------------+----------------+
| Ubuntu 24.04      | PEND           |
+-------------------+----------------+

==== 20 line log output for Ubuntu 22.04 (dpdk_unit_test): ====
[1833/3142] Compiling C object drivers/libtmp_rte_net_mlx5.a.p/net_mlx5_hws_mlx5dr_debug.c.o
[1834/3142] Compiling C object drivers/libtmp_rte_net_mlx5.a.p/net_mlx5_hws_mlx5dr_pat_arg.c.o
[1835/3142] Compiling C object drivers/libtmp_rte_net_mlx5.a.p/net_mlx5_hws_mlx5dr_crc32.c.o
[1836/3142] Compiling C object drivers/libtmp_rte_net_mlx5.a.p/net_mlx5_hws_mlx5dr_bwc.c.o
[1837/3142] Linking static target drivers/libtmp_rte_net_mlx5.a
[1838/3142] Generating rte_net_ixgbe.sym_chk with a custom command (wrapped by meson to capture output)
[1839/3142] Linking target drivers/librte_net_ixgbe.so.25.1
[1840/3142] Generating rte_net_mlx5.pmd.c with a custom command
[1841/3142] Compiling C object drivers/libtmp_rte_net_netvsc.a.p/net_netvsc_hn_ethdev.c.o
FAILED: drivers/libtmp_rte_net_netvsc.a.p/net_netvsc_hn_ethdev.c.o
ccache cc -Idrivers/libtmp_rte_net_netvsc.a.p -Idrivers -I../drivers -Idrivers/net/netvsc -I../drivers/net/netvsc -Ilib/ethdev -I../lib/ethdev -I. -I.. -Iconfig -I../config -Ilib/eal/include -I../lib/eal/include -Ilib/eal/linux/include -I../lib/eal/linux/include -Ilib/eal/x86/include -I../lib/eal/x86/include -I../kernel/linux -Ilib/eal/common -I../lib/eal/common -Ilib/eal -I../lib/eal -Ilib/kvargs -I../lib/kvargs -Ilib/log -I../lib/log -Ilib/metrics -I../lib/metrics -Ilib/telemetry -I../lib/telemetry -Ilib/net -I../lib/net -Ilib/mbuf -I../lib/mbuf -Ilib/mempool -I../lib/mempool -Ilib/ring -I../lib/ring -Ilib/meter -I../lib/meter -Idrivers/bus/pci -I../drivers/bus/pci -I../drivers/bus/pci/linux -Ilib/pci -I../lib/pci -Idrivers/bus/vdev -I../drivers/bus/vdev -Idrivers/bus/vmbus -I../drivers/bus/vmbus -I../drivers/bus/vmbus/linux -fdiagnostics-color=always -pipe -D_FILE_OFFSET_BITS=64 -Wall -Winvalid-pch -Wextra -Werror -std=c11 -O3 -include rte_config.h -Wcast-qual -Wdeprecated -Wforma
 t -Wformat-nonliteral -Wformat-security -Wmissing-declarations -Wmissing-prototypes -Wnested-externs -Wold-style-definition -Wpointer-arith -Wsign-compare -Wstrict-prototypes -Wundef -Wwrite-strings -Wno-packed-not-aligned -Wno-missing-field-initializers -D_GNU_SOURCE -fPIC -march=native -mrtm -DALLOW_EXPERIMENTAL_API -DALLOW_INTERNAL_API -Wno-format-truncation -Wno-address-of-packed-member -DRTE_LOG_DEFAULT_LOGTYPE=pmd.net.netvsc -MD -MQ drivers/libtmp_rte_net_netvsc.a.p/net_netvsc_hn_ethdev.c.o -MF drivers/libtmp_rte_net_netvsc.a.p/net_netvsc_hn_ethdev.c.o.d -o drivers/libtmp_rte_net_netvsc.a.p/net_netvsc_hn_ethdev.c.o -c ../drivers/net/netvsc/hn_ethdev.c
../drivers/net/netvsc/hn_ethdev.c: In function 'eth_hn_probe':
../drivers/net/netvsc/hn_ethdev.c:1502:12: error: 'ret' may be used uninitialized in this function [-Werror=maybe-uninitialized]
1502 |         if (ret)
|            ^
cc1: all warnings being treated as errors
[1842/3142] Compiling C object drivers/librte_net_mlx5.a.p/meson-generated_.._rte_net_mlx5.pmd.c.o
[1843/3142] Compiling C object drivers/libtmp_rte_net_netvsc.a.p/net_netvsc_hn_nvs.c.o
[1844/3142] Generating rte_common_cnxk.sym_chk with a custom command (wrapped by meson to capture output)
ninja: build stopped: subcommand failed.
==== End log output ====

Debian 12
	Kernel: Depends on container host
	Compiler: gcc (Debian 12.2.0-14) 12.2.0

Debian Bullseye
	Kernel: Depends on container host
	Compiler: gcc (Debian 10.2.1-6) 10.2.1 20210110

CentOS Stream 9
	Kernel: Depends on container host
	Compiler: gcc 11.5.0 20240719 (Red Hat 11.5.0-2)

Fedora 40
	Kernel: Depends on container host
	Compiler: gcc 14.2.1 20240912 (Red Hat 14.2.1-3)

Fedora 40 (Clang)
	Kernel: Depends on container host
	Compiler: clang 18.1.8 (Fedora 18.1.8-1.fc40)

Fedora 41
	Kernel: Depends on container host
	Compiler: gcc 14.2.1 20240912 (Red Hat 14.2.1-3)

RHEL8
	Kernel: Depends on container host
	Compiler: gcc 8.5.0 20210514 (Red Hat 8.5.0-22)

Fedora 41 (Clang)
	Kernel: Depends on container host
	Compiler: clang 19.1.5 (Fedora 19.1.5-1.fc41)

RHEL9
	Kernel: Depends on container host
	Compiler: gcc 11.5.0 20240719 (Red Hat 11.5.0-2)

Ubuntu 22.04
	Kernel: Depends on container host
	Compiler: gcc (Ubuntu 11.4.0-1ubuntu1~22.04) 11.4.0

Ubuntu 20.04
	Kernel: Depends on container host
	Compiler: gcc (Ubuntu 9.4.0-1ubuntu1~20.04.2) 9.4.0

Ubuntu 24.04
	Kernel: Depends on container host
	Compiler: gcc (Ubuntu 13.3.0-6ubuntu2~24.04) 13.3.0

To view detailed results, visit:
https://lab.dpdk.org/results/dashboard/patchsets/32437/

UNH-IOL DPDK Community Lab

To manage your email subscriptions, visit: 
https://lab.dpdk.org/results/dashboard/preferences/subscriptions/