From mboxrd@z Thu Jan 1 00:00:00 1970 Return-Path: Received: from mails.dpdk.org (mails.dpdk.org [217.70.189.124]) by inbox.dpdk.org (Postfix) with ESMTP id 1FFE94615A for ; Sat, 1 Feb 2025 01:03:48 +0100 (CET) Received: from mails.dpdk.org (localhost [127.0.0.1]) by mails.dpdk.org (Postfix) with ESMTP id 0AEBF40291; Sat, 1 Feb 2025 01:03:48 +0100 (CET) Received: from mail-oa1-f98.google.com (mail-oa1-f98.google.com [209.85.160.98]) by mails.dpdk.org (Postfix) with ESMTP id E37BF400D7 for ; Sat, 1 Feb 2025 01:03:46 +0100 (CET) Received: by mail-oa1-f98.google.com with SMTP id 586e51a60fabf-29ff8053384so1286879fac.3 for ; Fri, 31 Jan 2025 16:03:46 -0800 (PST) DKIM-Signature: v=1; a=rsa-sha256; c=relaxed/relaxed; d=iol.unh.edu; s=unh-iol; t=1738368225; x=1738973025; darn=dpdk.org; h=references:in-reply-to:cc:to:from:subject:message-id:date:from:to :cc:subject:date:message-id:reply-to; bh=bv9Or77L8DiLVX1eGUbrB3Ny4gXnqzEtqVDxHffYDLc=; b=P+gXj7lbFVoHYlTi9cm5x2HwXqWz90UCC5+SgwfPCXtPKy86hwOaYahUsRzpcLS6A9 w2stM9Wog7/570UqQYkPPhE9onR1WvQ+dbONVDCY6pbDNxf2nNsWhmyQ7+VaSTJ8H33w MTBUBL6sYU4RG0/kcNyrEbSmT1jgZrux1CS6c= X-Google-DKIM-Signature: v=1; a=rsa-sha256; c=relaxed/relaxed; d=1e100.net; s=20230601; t=1738368225; x=1738973025; h=references:in-reply-to:cc:to:from:subject:message-id:date :x-gm-message-state:from:to:cc:subject:date:message-id:reply-to; bh=bv9Or77L8DiLVX1eGUbrB3Ny4gXnqzEtqVDxHffYDLc=; b=ji14pZhJyMDiy8/UadhYDO55YOo2xxCppxe4Fwt97dQF8ixKyzDcNOJ6VVLUdLj/y9 9Oo0FHUV677bwWD4iUaFqBJsD9bFOd0zwPSIdunP0Z1sw3ave8BYJFAIL/DueMmMOdQi mb4toxdaWwXPpBZS9fbc1uXl/UhAvJTEVtkUC2by2/VTm8eAhHVnGL5VtebISCsM+f70 SWZ+o/f++X7taDOCb+z7xJqQIzG4Y7u5hTAYUBYWyruEc+bAQiL2Gk5NXXkTSpNMLdYm z2TeP9Ogt+IpMHAR54cxG1w4Vi5EehUvvwmvt9i7QtcN0wUFCJR/vAirunppl9Ah+xWE eieQ== X-Gm-Message-State: AOJu0YxsFsPn3TOtJcJxZMNlRG/x2JPOgWZwps+CNt6T3ZFj6hTIc9hw kQnq2kjUfiukh6WyJm5ygMgdJMhg+h/KYLjoeGU6mHLt6xNHpWOWaY0Suwuwm0O0ycDXH3Kqiae kZFU4bGGlmj/hCFLx2HptxDizMCJieBrNmiFPK5eN X-Gm-Gg: ASbGnctKJorbxossAAiXWIQQZeFI0i3ARkye3bzb/W7WllIlAb4BIzaH+ZFic/9T+/4 dsIbkiVA8GCkXTfjZjNenPWeICuBMzdpbdh4PZSH3waWyharKgOgHjpxYUCSa9svkGuX3NEgTOv C9SBrm9F/s0S0sU/5gAse6sNE4zKdJZy5JWIWJ5XMp140bRSMYOMQHMEqfc3OeH3z+jdeqcLSXT 8MVEWb3bZPvRvUZAg93AbQVSDbQLwnZ1rhCPZb5abmWoyP7kJWjB/0bMuvEhLHN05kOukzuyBXJ T505ZYkWwz44G/mJhxF7LEHEr0+lWw== X-Google-Smtp-Source: AGHT+IESN3RU4rgti/+ZeGZj4fKydFFmJ+bsgY2ySarUe+EEINdZmd9YEGkgqLmhoJ1kJsIUPN+/vQSkAlB+ X-Received: by 2002:a05:6870:e416:b0:296:a1fc:91b5 with SMTP id 586e51a60fabf-2b32efdb1c5mr8356079fac.8.1738368225098; Fri, 31 Jan 2025 16:03:45 -0800 (PST) Received: from postal.iol.unh.edu (postal.iol.unh.edu. [132.177.123.84]) by smtp-relay.gmail.com with ESMTPS id 586e51a60fabf-2b356248304sm281565fac.19.2025.01.31.16.03.45 (version=TLS1_2 cipher=ECDHE-ECDSA-AES128-GCM-SHA256 bits=128/128); Fri, 31 Jan 2025 16:03:45 -0800 (PST) X-Relaying-Domain: iol.unh.edu Date: Fri, 31 Jan 2025 16:03:45 -0800 (PST) Message-ID: <679d64e1.050a0220.11ec7.f07eSMTPIN_ADDED_MISSING@mx.google.com> Received: from [172.17.0.4] (unknown [172.18.0.217]) by postal.iol.unh.edu (Postfix) with ESMTP id 800BD6052471; Fri, 31 Jan 2025 19:03:44 -0500 (EST) Subject: |SUCCESS| pw150756-150757 [PATCH] [v5,2/2] net/af_xdp: Refactor af_x From: dpdklab@iol.unh.edu To: Test Report Cc: dpdk-test-reports@iol.unh.edu In-Reply-To: <20250131183439.909831-3-ariel.otilibili@6wind.com> References: <20250131183439.909831-3-ariel.otilibili@6wind.com> Content-Type: text/plain X-BeenThere: test-report@dpdk.org X-Mailman-Version: 2.1.29 Precedence: list List-Id: automatic DPDK test reports List-Unsubscribe: , List-Archive: List-Post: List-Help: List-Subscribe: , Errors-To: test-report-bounces@dpdk.org Test-Label: iol-unit-arm64-testing Test-Status: SUCCESS http://dpdk.org/patch/150757 _Testing PASS_ Submitter: Ariel Otilibili Date: Friday, January 31 2025 18:34:39 DPDK git baseline: Repo:dpdk Branch: master CommitID:4a377fd5d560cfdece42b0d87b31c87efb7938d2 150756-150757 --> testing pass Upstream job id: Generic-Unit-Test-DPDK#310787 Test environment and result as below: +-----------------------------+----------------+---------------------------+------------------------------+--------------+ | Environment | dpdk_unit_test | cryptodev_sw_zuc_autotest | cryptodev_sw_snow3g_autotest | lpm_autotest | +=============================+================+===========================+==============================+==============+ | 32-bit Ubuntu 22.04.4 (ARM) | PASS | SKIPPED | SKIPPED | SKIPPED | +-----------------------------+----------------+---------------------------+------------------------------+--------------+ | CentOS Stream 9 (ARM) | PASS | SKIPPED | SKIPPED | SKIPPED | +-----------------------------+----------------+---------------------------+------------------------------+--------------+ | Debian 11 (Buster) (ARM) | PASS | SKIPPED | SKIPPED | SKIPPED | +-----------------------------+----------------+---------------------------+------------------------------+--------------+ | Fedora 40 (ARM) | PASS | SKIPPED | SKIPPED | SKIPPED | +-----------------------------+----------------+---------------------------+------------------------------+--------------+ | Debian 12 (arm) | PASS | PASS | PASS | SKIPPED | +-----------------------------+----------------+---------------------------+------------------------------+--------------+ | Fedora 41 (ARM) | PASS | SKIPPED | SKIPPED | SKIPPED | +-----------------------------+----------------+---------------------------+------------------------------+--------------+ | RHEL9 (ARM) | PASS | SKIPPED | SKIPPED | SKIPPED | +-----------------------------+----------------+---------------------------+------------------------------+--------------+ | Fedora 40 (ARM Clang) | PASS | SKIPPED | SKIPPED | SKIPPED | +-----------------------------+----------------+---------------------------+------------------------------+--------------+ | Ubuntu 22.04 (ARM) | PASS | SKIPPED | SKIPPED | SKIPPED | +-----------------------------+----------------+---------------------------+------------------------------+--------------+ | Ubuntu 20.04 (ARM) | PASS | SKIPPED | SKIPPED | SKIPPED | +-----------------------------+----------------+---------------------------+------------------------------+--------------+ | Fedora 41 (ARM Clang) | PASS | SKIPPED | SKIPPED | SKIPPED | +-----------------------------+----------------+---------------------------+------------------------------+--------------+ | Ubuntu 24.04 (ARM) | PASS | SKIPPED | SKIPPED | SKIPPED | +-----------------------------+----------------+---------------------------+------------------------------+--------------+ | Ubuntu 20.04 ARM SVE | SKIPPED | SKIPPED | SKIPPED | PASS | +-----------------------------+----------------+---------------------------+------------------------------+--------------+ 32-bit Ubuntu 22.04.4 (ARM) Kernel: 5.15.83+ aarch64 Compiler: gcc (Ubuntu 11.4.0-1ubuntu1~22.04) 11.4.0 CentOS Stream 9 (ARM) Kernel: Depends on container host Compiler: gcc 11.5.0 20240719 (Red Hat 11.5.0-2) Debian 11 (Buster) (ARM) Kernel: Depends on container host Compiler: gcc (Debian 10.2.1-6) 10.2.1 20210110 Fedora 40 (ARM) Kernel: Depends on container host Compiler: gcc 14.2.1 20240912 (Red Hat 14.2.1-3) Debian 12 (arm) Kernel: Depends on container host Compiler: gcc (Debian 12.2.0-14) 12.2.0 Fedora 41 (ARM) Kernel: Depends on container host Compiler: gcc 14.2.1 20240912 (Red Hat 14.2.1-3) RHEL9 (ARM) Kernel: Depends on container host Compiler: gcc 11.5.0 20240719 (Red Hat 11.5.0-2) Fedora 40 (ARM Clang) Kernel: Depends on container host Compiler: clang 18.1.8 (Fedora 18.1.8-1.fc40) Ubuntu 22.04 (ARM) Kernel: Depends on container host Compiler: gcc (Ubuntu 11.4.0-1ubuntu1~22.04) 11.4.0 Ubuntu 20.04 (ARM) Kernel: Depends on container host Compiler: gcc (Ubuntu 9.4.0-1ubuntu1~20.04.2) 9.4.0 Fedora 41 (ARM Clang) Kernel: Depends on container host Compiler: clang 19.1.5 (Fedora 19.1.5-1.fc41) Ubuntu 24.04 (ARM) Kernel: Depends on container host Compiler: gcc (Ubuntu 13.3.0-6ubuntu2~24.04) 13.3.0 Ubuntu 20.04 ARM SVE Kernel: Depends on container host Compiler: gcc (Ubuntu 10.5.0-1ubuntu1~20.04) 10.5.0 To view detailed results, visit: https://lab.dpdk.org/results/dashboard/patchsets/32473/ UNH-IOL DPDK Community Lab To manage your email subscriptions, visit: https://lab.dpdk.org/results/dashboard/preferences/subscriptions/