From mboxrd@z Thu Jan 1 00:00:00 1970 Return-Path: Received: from mails.dpdk.org (mails.dpdk.org [217.70.189.124]) by inbox.dpdk.org (Postfix) with ESMTP id 6E66046170 for ; Sun, 2 Feb 2025 09:27:03 +0100 (CET) Received: from mails.dpdk.org (localhost [127.0.0.1]) by mails.dpdk.org (Postfix) with ESMTP id 6B3E840264; Sun, 2 Feb 2025 09:27:03 +0100 (CET) Received: from mail-qv1-f100.google.com (mail-qv1-f100.google.com [209.85.219.100]) by mails.dpdk.org (Postfix) with ESMTP id 750F14025A for ; Sun, 2 Feb 2025 09:27:02 +0100 (CET) Received: by mail-qv1-f100.google.com with SMTP id 6a1803df08f44-6d8e8cb8605so17016216d6.0 for ; Sun, 02 Feb 2025 00:27:02 -0800 (PST) DKIM-Signature: v=1; a=rsa-sha256; c=relaxed/relaxed; d=iol.unh.edu; s=unh-iol; t=1738484821; x=1739089621; darn=dpdk.org; h=cc:to:from:subject:message-id:date:from:to:cc:subject:date :message-id:reply-to; bh=PHPA+KQM8s8RQTg4hVCN6rpTTgPG3vH9D12A6Yzp854=; b=VgomWoXdjINbhCROr0susE3XAmFWTR+TRguyuHUUJ61O8OMNmC50BMljUaWcOXwQVA O/f2W18n1/tWKiMKnAuNlSjcmLr8Acf/l/nRm6ANJUGdfv4J0D1DAtmnqFM+lcerOra9 pcyV6ANRI6orxkV+Osc3vSsLeji1OuXeQ8nbQ= X-Google-DKIM-Signature: v=1; a=rsa-sha256; c=relaxed/relaxed; d=1e100.net; s=20230601; t=1738484821; x=1739089621; h=cc:to:from:subject:message-id:date:x-gm-message-state:from:to:cc :subject:date:message-id:reply-to; bh=PHPA+KQM8s8RQTg4hVCN6rpTTgPG3vH9D12A6Yzp854=; b=DmYkDUJVmHIELy1z+7dLmH85vy4Ys1PlrhqNdLJrzLDQg9AKbt+1x6SS+7W+DHxy9/ M72avuXkw2jyYxBTM9iy/sJ3PeNorgnfMP6R9gLtCqwg5oaWlDq8n6MclPPlsnBCj7eK /MAKhQMYbzeEMKSnRYzUhXNg2wascSkeHVDmfslNdiU8ljY8LcGK/D2PrbhWdYP2o6Va lPesak6K7ffHOZ2YcKEiHlYE+IbkDEoWELJ0U2zcxMYQFxBCH9I2lD02ekP/g/AunFL0 1716yZDd6YPeT+CLeYcK43oCDEOHVcDa9qMNwu27RuERUy2aBqQxRTw3G4CwOdoRdjVj 65tA== X-Gm-Message-State: AOJu0YxgrXsjkwjDHQlDWczyybMpffpHtvBaor1hHLU6ODu4Poa4yaXt 2k2HHebdafh+QkFRri1RtmWrKXHqhVVjC05WTaly8xj7EAki9UTdpu8ao/VEeeAwSLgcVniLM1k R47SeG6pm1nbFcf9UYmwX0NdyaLI0tn/zmQD9Xe1cGn54roZp X-Gm-Gg: ASbGncs7yvV3wcYkVPuaRLx5+jhFI1o9t6gLidU05y3JIVe/5TrIsuS/op8dbhdeWTv aWfueoDZOZwDsFx6Ut+Ag8+Co+dCV7VN05aQME7lLPiLrTQMYZs4mqX1J546LPwsUNJ8YVqonCX Gry6JBhrQxPhtlcb2SpTqHWrmKoJn1LnMIKVrG5kx+6X+En+BWAcG1l3CsZJhvfVJOwjsftn+n9 dsQOiJIt3oyl3+BwoWikhdcPWxFSbAU4VGsV7gX09ZV8VIh/vgM9EhlXGOv7sJjuD7+XX1YTFU5 54ODTl0ChtGVRVoXdLHUaGWpWQTFFGPeoe0tKvKiKQ== X-Google-Smtp-Source: AGHT+IF0WuWBfDwtFGh5js6kWSEokpGJYGx7+usa1r8cGOWzaYr6a6mWEjtHHvs1IHLH+cdENSJHimGgt4di X-Received: by 2002:a05:6214:3007:b0:6e1:69ba:346 with SMTP id 6a1803df08f44-6e243bb8251mr278950666d6.10.1738484821764; Sun, 02 Feb 2025 00:27:01 -0800 (PST) Received: from postal.iol.unh.edu (postal.iol.unh.edu. [2606:4100:3880:1234::84]) by smtp-relay.gmail.com with ESMTPS id 6a1803df08f44-6e2549518c5sm4543996d6.60.2025.02.02.00.27.01 (version=TLS1_2 cipher=ECDHE-ECDSA-AES128-GCM-SHA256 bits=128/128); Sun, 02 Feb 2025 00:27:01 -0800 (PST) X-Relaying-Domain: iol.unh.edu Date: Sun, 02 Feb 2025 00:27:01 -0800 (PST) Message-ID: <679f2c55.050a0220.3d754a.52f6SMTPIN_ADDED_MISSING@mx.google.com> Received: from [172.21.0.5] (unknown [172.18.0.240]) by postal.iol.unh.edu (Postfix) with ESMTP id 748CC6052471; Sun, 2 Feb 2025 03:27:01 -0500 (EST) Subject: |FAILURE| [GIT MASTER] 7ce7d3341d7e21c2a81f2fea8e451681d7306d77 From: dpdklab@iol.unh.edu To: Test Report Cc: dpdk-test-reports@iol.unh.edu, Xueming Li , Christian Ehrhardt , Kevin Traynor , Luca Boccassi Content-Type: text/plain X-BeenThere: test-report@dpdk.org X-Mailman-Version: 2.1.29 Precedence: list List-Id: automatic DPDK test reports List-Unsubscribe: , List-Archive: List-Post: List-Help: List-Subscribe: , Errors-To: test-report-bounces@dpdk.org _Testing issues_ Branch: tags/v22.11 7ce7d3341d7e21c2a81f2fea8e451681d7306d77 --> testing issues Upstream job id: Generic-Unit-Test-DPDK#311088 Test environment and result as below: +---------------------+----------------+ | Environment | dpdk_unit_test | +=====================+================+ | Debian Bullseye | FAIL | +---------------------+----------------+ | CentOS Stream 9 | FAIL | +---------------------+----------------+ | Fedora 40 (Clang) | FAIL | +---------------------+----------------+ | Debian 12 | FAIL | +---------------------+----------------+ | Ubuntu 24.04 | FAIL | +---------------------+----------------+ | RHEL8 | FAIL | +---------------------+----------------+ | Fedora 40 | FAIL | +---------------------+----------------+ | Fedora 41 (Clang) | FAIL | +---------------------+----------------+ | Ubuntu 22.04 | FAIL | +---------------------+----------------+ | Ubuntu 20.04 | FAIL | +---------------------+----------------+ | Fedora 41 | FAIL | +---------------------+----------------+ | RHEL9 | FAIL | +---------------------+----------------+ | Windows Server 2022 | FAIL | +---------------------+----------------+ ==== Unit test summary for Windows Server 2022 (dpdk_unit_test): ==== Failed to get the unit test results. Displaying the unit test results is not supported for some environments, such as our aarch32 testing, where meson is not used to run the tests. Download the logs available on our CI site. ==== End log output ==== Debian Bullseye Kernel: Depends on container host Compiler: gcc (Debian 10.2.1-6) 10.2.1 20210110 CentOS Stream 9 Kernel: Depends on container host Compiler: gcc 11.5.0 20240719 (Red Hat 11.5.0-2) Fedora 40 (Clang) Kernel: Depends on container host Compiler: clang 18.1.8 (Fedora 18.1.8-1.fc40) Debian 12 Kernel: Depends on container host Compiler: gcc (Debian 12.2.0-14) 12.2.0 Ubuntu 24.04 Kernel: Depends on container host Compiler: gcc (Ubuntu 13.3.0-6ubuntu2~24.04) 13.3.0 RHEL8 Kernel: Depends on container host Compiler: gcc 8.5.0 20210514 (Red Hat 8.5.0-22) Fedora 40 Kernel: Depends on container host Compiler: gcc 14.2.1 20240912 (Red Hat 14.2.1-3) Fedora 41 (Clang) Kernel: Depends on container host Compiler: clang 19.1.5 (Fedora 19.1.5-1.fc41) Ubuntu 22.04 Kernel: Depends on container host Compiler: gcc (Ubuntu 11.4.0-1ubuntu1~22.04) 11.4.0 Ubuntu 20.04 Kernel: Depends on container host Compiler: gcc (Ubuntu 9.4.0-1ubuntu1~20.04.2) 9.4.0 Fedora 41 Kernel: Depends on container host Compiler: gcc 14.2.1 20240912 (Red Hat 14.2.1-3) RHEL9 Kernel: Depends on container host Compiler: gcc 11.5.0 20240719 (Red Hat 11.5.0-2) Windows Server 2022 Kernel: 10.0.20348.2031 Compiler: clang 15.0.7, gcc 14.1.0 (MinGW), and MSVC VS 19.39.33521 To view detailed results, visit: https://lab.dpdk.org/results/dashboard/tarballs/32420/ UNH-IOL DPDK Community Lab To manage your email subscriptions, visit: https://lab.dpdk.org/results/dashboard/preferences/subscriptions/