From mboxrd@z Thu Jan 1 00:00:00 1970 Return-Path: Received: from mails.dpdk.org (mails.dpdk.org [217.70.189.124]) by inbox.dpdk.org (Postfix) with ESMTP id 26F404617E for ; Mon, 3 Feb 2025 09:29:52 +0100 (CET) Received: from mails.dpdk.org (localhost [127.0.0.1]) by mails.dpdk.org (Postfix) with ESMTP id 20BF740B91; Mon, 3 Feb 2025 09:29:52 +0100 (CET) Received: from mail-pl1-f227.google.com (mail-pl1-f227.google.com [209.85.214.227]) by mails.dpdk.org (Postfix) with ESMTP id 16FD440264 for ; Mon, 3 Feb 2025 09:29:51 +0100 (CET) Received: by mail-pl1-f227.google.com with SMTP id d9443c01a7336-2165cb60719so71500095ad.0 for ; Mon, 03 Feb 2025 00:29:51 -0800 (PST) DKIM-Signature: v=1; a=rsa-sha256; c=relaxed/relaxed; d=iol.unh.edu; s=unh-iol; t=1738571390; x=1739176190; darn=dpdk.org; h=cc:to:from:subject:message-id:date:from:to:cc:subject:date :message-id:reply-to; bh=yLrRubNvy9itGCPsM6TyU+TL77SqGBHjl51Dg4u4Gfs=; b=Zh9K3+SoVbBh35hBNJyYmaN0jchsZ+5xfFE3kNZxA/JDQwEASk976CEjnoHrf3mkZ3 s8DQADLSCtfpsz4wjNpDIDA5NQCoVFwh/ZKtz9WXPJ1H/PjZFwXcqNNGXowsIhEpcIOa PxSGJdkVOzFGYvqtKnC8+1vwDlTvzYMl9IfHU= X-Google-DKIM-Signature: v=1; a=rsa-sha256; c=relaxed/relaxed; d=1e100.net; s=20230601; t=1738571390; x=1739176190; h=cc:to:from:subject:message-id:date:x-gm-message-state:from:to:cc :subject:date:message-id:reply-to; bh=yLrRubNvy9itGCPsM6TyU+TL77SqGBHjl51Dg4u4Gfs=; b=niDAg4MyN7SvFiRZaJVnV2dIOp+IRNg/6FA2XBF9GLscKi7R3bdCd/UP1tMSJnF7BB XSXKiTH8QiMoT3Ei8c8rTyoVHiMc3xMRGDb3frPwvFuG6Qu40rx5XEYtnMtOm3q1Nb4a oXnub6kTRROf2moY0sGXD+idurdkEIrulSeobM1O4eXCccFDBqkDL/5RiUBiEF9w7c4j +bQE/GuLPVpiuyOcLbbPdZ+6HYrvzttEigvD12+lC3sTZQVLi3jspJf5dEYvPwRWIO4N VXS7uQobkpCHppPx1IlzS8BYiaftE/e2os0MHIshrz0xZ50fOjzkiEd9oiYdYiPxcgKE sKZA== X-Gm-Message-State: AOJu0Ywz+LaLqn3A53e7UCG8XW1Em4A3FDc1ckfp43zWnSjFQzX38dvP 8RAXv8HZbyFRQhqDP7sIPlc36zolnyxh4JsRGFSGl/AeOwCN2f3J1IFzCPxhf3F4BbhZbNO7xcg zMj51/RxhpzGRJdS+owMzIqSu3gYCstiEgnn4jtMSKUJU/6Hl X-Gm-Gg: ASbGncteesmrdNBO/tOlkZFXAJRhw8GYaJ4mIXmKCpcVdtv4GpHp5aFE5Rq2GwIqWIe NK/Jn2dbUkIrMMN9L2o/BQ7zSdTgwFJyXIJqKmvnoikaFmJ4FLlffr7iQJDABGOcFjF5/7tQLoE 2cirTP9oOigqc61jcfJ9ODL3mn7jIIAS71CwaB9T8FSBlOihQB45oPTi47iPSIuAw3dQE28gQSt N3HQrokjJI4BdeuD9sQXC2JB0mH0E/pSwXDSYChjgvrXjPILTf3FOxJglNaV4ORukdnMfCJbt8m Rbeh8L3CnSuP0ZWWZTRWjNNm+sPmbX0vDQfAkLD0Ig== X-Google-Smtp-Source: AGHT+IGMllEGan3UVF5hThCdQBLLt8kPyEnqMGA2bTQ/hw5W9iUIWTsw/MMSEg0G7/8IZOSArxs7k3bUcBw6 X-Received: by 2002:a17:902:fc8d:b0:216:7ee9:220b with SMTP id d9443c01a7336-21dd7c67266mr376653345ad.22.1738571390221; Mon, 03 Feb 2025 00:29:50 -0800 (PST) Received: from postal.iol.unh.edu (postal.iol.unh.edu. [2606:4100:3880:1234::84]) by smtp-relay.gmail.com with ESMTPS id d9443c01a7336-21de3249372sm4246065ad.42.2025.02.03.00.29.50 (version=TLS1_2 cipher=ECDHE-ECDSA-AES128-GCM-SHA256 bits=128/128); Mon, 03 Feb 2025 00:29:50 -0800 (PST) X-Relaying-Domain: iol.unh.edu Date: Mon, 03 Feb 2025 00:29:50 -0800 (PST) Message-ID: <67a07e7e.170a0220.c28c3.3256SMTPIN_ADDED_MISSING@mx.google.com> Received: from [172.21.0.5] (unknown [172.18.0.240]) by postal.iol.unh.edu (Postfix) with ESMTP id 5F17D6052471; Mon, 3 Feb 2025 03:29:49 -0500 (EST) Subject: |FAILURE| [GIT MASTER] 7ce7d3341d7e21c2a81f2fea8e451681d7306d77 From: dpdklab@iol.unh.edu To: Test Report Cc: dpdk-test-reports@iol.unh.edu, Xueming Li , Christian Ehrhardt , Kevin Traynor , Luca Boccassi Content-Type: text/plain X-BeenThere: test-report@dpdk.org X-Mailman-Version: 2.1.29 Precedence: list List-Id: automatic DPDK test reports List-Unsubscribe: , List-Archive: List-Post: List-Help: List-Subscribe: , Errors-To: test-report-bounces@dpdk.org _Testing issues_ Branch: tags/v22.11 7ce7d3341d7e21c2a81f2fea8e451681d7306d77 --> testing issues Upstream job id: Generic-Unit-Test-DPDK#311128 Test environment and result as below: +---------------------+----------------+ | Environment | dpdk_unit_test | +=====================+================+ | Debian Bullseye | FAIL | +---------------------+----------------+ | CentOS Stream 9 | FAIL | +---------------------+----------------+ | Debian 12 | FAIL | +---------------------+----------------+ | RHEL8 | FAIL | +---------------------+----------------+ | Ubuntu 22.04 | FAIL | +---------------------+----------------+ | Ubuntu 24.04 | FAIL | +---------------------+----------------+ | Fedora 40 (Clang) | FAIL | +---------------------+----------------+ | Fedora 41 (Clang) | FAIL | +---------------------+----------------+ | RHEL9 | FAIL | +---------------------+----------------+ | Ubuntu 20.04 | FAIL | +---------------------+----------------+ | Fedora 41 | FAIL | +---------------------+----------------+ | Fedora 40 | FAIL | +---------------------+----------------+ | Windows Server 2022 | FAIL | +---------------------+----------------+ ==== Unit test summary for Windows Server 2022 (dpdk_unit_test): ==== Failed to get the unit test results. Displaying the unit test results is not supported for some environments, such as our aarch32 testing, where meson is not used to run the tests. Download the logs available on our CI site. ==== End log output ==== Debian Bullseye Kernel: Depends on container host Compiler: gcc (Debian 10.2.1-6) 10.2.1 20210110 CentOS Stream 9 Kernel: Depends on container host Compiler: gcc 11.5.0 20240719 (Red Hat 11.5.0-2) Debian 12 Kernel: Depends on container host Compiler: gcc (Debian 12.2.0-14) 12.2.0 RHEL8 Kernel: Depends on container host Compiler: gcc 8.5.0 20210514 (Red Hat 8.5.0-22) Ubuntu 22.04 Kernel: Depends on container host Compiler: gcc (Ubuntu 11.4.0-1ubuntu1~22.04) 11.4.0 Ubuntu 24.04 Kernel: Depends on container host Compiler: gcc (Ubuntu 13.3.0-6ubuntu2~24.04) 13.3.0 Fedora 40 (Clang) Kernel: Depends on container host Compiler: clang 18.1.8 (Fedora 18.1.8-1.fc40) Fedora 41 (Clang) Kernel: Depends on container host Compiler: clang 19.1.5 (Fedora 19.1.5-1.fc41) RHEL9 Kernel: Depends on container host Compiler: gcc 11.5.0 20240719 (Red Hat 11.5.0-2) Ubuntu 20.04 Kernel: Depends on container host Compiler: gcc (Ubuntu 9.4.0-1ubuntu1~20.04.2) 9.4.0 Fedora 41 Kernel: Depends on container host Compiler: gcc 14.2.1 20240912 (Red Hat 14.2.1-3) Fedora 40 Kernel: Depends on container host Compiler: gcc 14.2.1 20240912 (Red Hat 14.2.1-3) Windows Server 2022 Kernel: 10.0.20348.2031 Compiler: clang 15.0.7, gcc 14.1.0 (MinGW), and MSVC VS 19.39.33521 To view detailed results, visit: https://lab.dpdk.org/results/dashboard/tarballs/32423/ UNH-IOL DPDK Community Lab To manage your email subscriptions, visit: https://lab.dpdk.org/results/dashboard/preferences/subscriptions/