From mboxrd@z Thu Jan 1 00:00:00 1970 Return-Path: Received: from mails.dpdk.org (mails.dpdk.org [217.70.189.124]) by inbox.dpdk.org (Postfix) with ESMTP id DF33A4617E for ; Mon, 3 Feb 2025 09:50:20 +0100 (CET) Received: from mails.dpdk.org (localhost [127.0.0.1]) by mails.dpdk.org (Postfix) with ESMTP id DB95640B91; Mon, 3 Feb 2025 09:50:20 +0100 (CET) Received: from mail-oa1-f99.google.com (mail-oa1-f99.google.com [209.85.160.99]) by mails.dpdk.org (Postfix) with ESMTP id E7DB340264 for ; Mon, 3 Feb 2025 09:50:18 +0100 (CET) Received: by mail-oa1-f99.google.com with SMTP id 586e51a60fabf-2a3939a758dso1271711fac.1 for ; Mon, 03 Feb 2025 00:50:18 -0800 (PST) DKIM-Signature: v=1; a=rsa-sha256; c=relaxed/relaxed; d=iol.unh.edu; s=unh-iol; t=1738572618; x=1739177418; darn=dpdk.org; h=references:in-reply-to:cc:to:from:subject:message-id:date:from:to :cc:subject:date:message-id:reply-to; bh=DBl7sB3UVRz1/tLGvb+njBeCu8dSBFlMvbDaMFBC58U=; b=dh/94QETkb1C7wDD/ROPfFRqeJobErMpQXUUORJFF7oKAIUd6/kB/NHKzaK8G4SAgx u46Lft1MvDYzgcesGJKpXUMSbGvvjvk/i6HjnNQl2bBdczw1Ywi9/tf9orZvlqCDKKBG 0BzxXD9TIzH2P0Z1xhAm2eX+eYO2T/LSngMHM= X-Google-DKIM-Signature: v=1; a=rsa-sha256; c=relaxed/relaxed; d=1e100.net; s=20230601; t=1738572618; x=1739177418; h=references:in-reply-to:cc:to:from:subject:message-id:date :x-gm-message-state:from:to:cc:subject:date:message-id:reply-to; bh=DBl7sB3UVRz1/tLGvb+njBeCu8dSBFlMvbDaMFBC58U=; b=JH5X+9arX9InytogG34HrBkQk8GjKt2OTQ/lFcu/lQVp7tWZI0MiEPy8H8MKV6pifC LnzJlCuyrdUVuK1FwDvMHP6aQkNgFaBTYYSpIFr5VLun61S0jV83QjmS25FHgHtrnpH9 ruMTzNRIQnnMYVrn3WHCE0LbkBWenH6MLRXp+ZZK7JVHyw6ZJ+2LlLReAOaTwMCo65AX 5wsqv/70GwJFyWQwOkgzig3ATPi3qlDD+VRTyeL5f9SoUSNZuhAJXoM7sEF2Ef9FNzA/ 11OVO6LPtJGguVKwoHqjDDBNL3VUExCL3UEVYp9PQC3STnzKvL0b1oy6e5tqLM0aRxgI 5doA== X-Gm-Message-State: AOJu0YyJDycVBVFpJvsPKqDh+ezVpWYhJqy9o1IEGzPzhzF4Ur+solCL oI7Loq4R/9yyUzabzmSWU4WsAfeWAh8afwlhfyLKNjDt5ldozDnG9/0uNurDMss9TH0ywuoRFQg JW6Ko+dbIfCSuKLH9BXG+A/GB6nXiD2on3uMQqpDV X-Gm-Gg: ASbGncsxBpJMnz9zHZ4/Xc8T3f8P5TN81Ef63MKt/3M2p4f1zXmd3cSkwz7/9GnZZkt EXpLJWzEnfxJlyMUiMY+PQA3SQNDw2xv0o8P9ZmCFAD/k3UpKbZOScNoYtfD1Hgk5TqGIqmPx61 RNUQslHqLk05YXaTUVJ6WqXA2hKDVDoS2Hu4Uk3uNTHOaXspIoDwvl3kZy3lnGqq2KdwjUOkiv5 qVYt8Y1ulA60nF8BgAFWkqtRFJc35SWfsvoYByxDDHqtJ5kob0s8YGk3FTMEaHpMn2krgug8EHE jOW/4h5264y3oUUCaZW/0Xwm2BNlww== X-Google-Smtp-Source: AGHT+IGv37hBsOdcmQCWG6qQWmtb+xuDTxtXcCovVSCKd93Sk6cnRvumeERKZtCUsi0Q3Nan2KDP4NXPFeXV X-Received: by 2002:a05:6871:5821:b0:29e:6f32:6da4 with SMTP id 586e51a60fabf-2b32f2d97f9mr14171678fac.26.1738572618102; Mon, 03 Feb 2025 00:50:18 -0800 (PST) Received: from postal.iol.unh.edu (postal.iol.unh.edu. [132.177.123.84]) by smtp-relay.gmail.com with ESMTPS id 586e51a60fabf-2b356647816sm628222fac.39.2025.02.03.00.50.18 (version=TLS1_2 cipher=ECDHE-ECDSA-AES128-GCM-SHA256 bits=128/128); Mon, 03 Feb 2025 00:50:18 -0800 (PST) X-Relaying-Domain: iol.unh.edu Date: Mon, 03 Feb 2025 00:50:18 -0800 (PST) Message-ID: <67a0834a.050a0220.daf7b.cbb8SMTPIN_ADDED_MISSING@mx.google.com> Received: from [172.21.0.5] (unknown [172.18.0.240]) by postal.iol.unh.edu (Postfix) with ESMTP id 913076052471; Mon, 3 Feb 2025 03:50:17 -0500 (EST) Subject: |FAILURE| pw150794-150795 [PATCH] [v4,2/2] common/idpf: enable AVX2 From: dpdklab@iol.unh.edu To: Test Report Cc: dpdk-test-reports@iol.unh.edu, Shaiq Wani In-Reply-To: <20250203052430.1243485-3-shaiq.wani@intel.com> References: <20250203052430.1243485-3-shaiq.wani@intel.com> Content-Type: text/plain X-BeenThere: test-report@dpdk.org X-Mailman-Version: 2.1.29 Precedence: list List-Id: automatic DPDK test reports List-Unsubscribe: , List-Archive: List-Post: List-Help: List-Subscribe: , Errors-To: test-report-bounces@dpdk.org Test-Label: iol-compile-amd64-testing Test-Status: FAILURE http://dpdk.org/patch/150795 _Testing issues_ Submitter: Shaiq Wani Date: Monday, February 03 2025 05:24:30 DPDK git baseline: Repo:dpdk Branch: master CommitID:abf3b7b7b361f8aa8d75ae00d449b588a0cdcda3 150794-150795 --> testing issues Upstream job id: Generic-DPDK-Compile-Meson#357270 Test environment and result as below: +---------------------+--------------------+------------------+-------------------+-------------------+ | Environment | dpdk_meson_compile | dpdk_compile_ovs | dpdk_compile_spdk | dpdk_msvc_compile | +=====================+====================+==================+===================+===================+ | CentOS Stream 9 | FAIL | WARN | WARN | SKIPPED | +---------------------+--------------------+------------------+-------------------+-------------------+ | Debian Bullseye | FAIL | PEND | PEND | SKIPPED | +---------------------+--------------------+------------------+-------------------+-------------------+ | Debian 12 | FAIL | WARN | WARN | SKIPPED | +---------------------+--------------------+------------------+-------------------+-------------------+ | Fedora 40 (Clang) | PEND | PEND | PEND | SKIPPED | +---------------------+--------------------+------------------+-------------------+-------------------+ | Fedora 40 | PEND | PEND | PEND | SKIPPED | +---------------------+--------------------+------------------+-------------------+-------------------+ | Fedora 41 | PEND | PEND | PEND | SKIPPED | +---------------------+--------------------+------------------+-------------------+-------------------+ | Fedora 41 (Clang) | PEND | PEND | PEND | SKIPPED | +---------------------+--------------------+------------------+-------------------+-------------------+ | openSUSE Leap 15 | PEND | SKIPPED | SKIPPED | SKIPPED | +---------------------+--------------------+------------------+-------------------+-------------------+ | RHEL8 | PEND | PEND | SKIPPED | SKIPPED | +---------------------+--------------------+------------------+-------------------+-------------------+ | RHEL9 | PEND | PEND | SKIPPED | SKIPPED | +---------------------+--------------------+------------------+-------------------+-------------------+ | Ubuntu 20.04 | PEND | PEND | SKIPPED | SKIPPED | +---------------------+--------------------+------------------+-------------------+-------------------+ | Ubuntu 22.04 | PEND | PEND | PEND | SKIPPED | +---------------------+--------------------+------------------+-------------------+-------------------+ | Alpine | PEND | PEND | SKIPPED | SKIPPED | +---------------------+--------------------+------------------+-------------------+-------------------+ | FreeBSD 13.4 | FAIL | SKIPPED | SKIPPED | SKIPPED | +---------------------+--------------------+------------------+-------------------+-------------------+ | FreeBSD 14.2 | FAIL | SKIPPED | SKIPPED | SKIPPED | +---------------------+--------------------+------------------+-------------------+-------------------+ | Windows Server 2022 | SKIPPED | SKIPPED | SKIPPED | PASS | +---------------------+--------------------+------------------+-------------------+-------------------+ ==== 20 line log output for FreeBSD 14.2 (dpdk_meson_compile): ==== [516/1937] Linking static target drivers/librte_common_iavf.a [517/1937] Compiling C object drivers/common/idpf/libidpf_avx2_lib.a.p/idpf_common_rxtx_avx2.c.o FAILED: drivers/common/idpf/libidpf_avx2_lib.a.p/idpf_common_rxtx_avx2.c.o cc -Idrivers/common/idpf/libidpf_avx2_lib.a.p -Idrivers/common/idpf -I../drivers/common/idpf -Idrivers/common/iavf -I../drivers/common/iavf -Ilib/ethdev -I../lib/ethdev -I. -I.. -Iconfig -I../config -Ilib/eal/include -I../lib/eal/include -Ilib/eal/freebsd/include -I../lib/eal/freebsd/include -Ilib/eal/x86/include -I../lib/eal/x86/include -Ilib/eal/common -I../lib/eal/common -Ilib/eal -I../lib/eal -Ilib/kvargs -I../lib/kvargs -Ilib/log -I../lib/log -Ilib/metrics -I../lib/metrics -Ilib/telemetry -I../lib/telemetry -Ilib/net -I../lib/net -Ilib/mbuf -I../lib/mbuf -Ilib/mempool -I../lib/mempool -Ilib/ring -I../lib/ring -Ilib/meter -I../lib/meter -Ilib/hash -I../lib/hash -Ilib/rcu -I../lib/rcu -fdiagnostics-color=always -D_FILE_OFFSET_BITS=64 -Wall -Winvalid-pch -Wextra -Werror -std=c11 -O3 -include rte_config.h -Wcast-qual -Wdeprecated -Wformat -Wformat-nonliteral -Wformat-security -Wmissing-declarations -Wmissing-prototypes -Wnested-externs -Wold-style-definition -Wpointer-arith -Wsign-c ompare -Wstrict-prototypes -Wundef -Wwrite-strings -Wno-missing-field-initializers -D_GNU_SOURCE -D__BSD_VISIBLE -fPIC -march=native -mrtm -DALLOW_EXPERIMENTAL_API -DALLOW_INTERNAL_API -Wno-format-truncation -Wno-address-of-packed-member -mavx2 -MD -MQ drivers/common/idpf/libidpf_avx2_lib.a.p/idpf_common_rxtx_avx2.c.o -MF drivers/common/idpf/libidpf_avx2_lib.a.p/idpf_common_rxtx_avx2.c.o.d -o drivers/common/idpf/libidpf_avx2_lib.a.p/idpf_common_rxtx_avx2.c.o -c ../drivers/common/idpf/idpf_common_rxtx_avx2.c ../drivers/common/idpf/idpf_common_rxtx_avx2.c:559:29: error: cast from 'volatile struct idpf_base_tx_desc *' to '__attribute__((__vector_size__(2 * sizeof(long long)))) long long *' drops volatile qualifier [-Werror,-Wcast-qual] 559 | _mm_store_si128((__m128i *)txdp, descriptor); | ^ ../drivers/common/idpf/idpf_common_rxtx_avx2.c:606:30: error: cast from 'volatile struct idpf_base_tx_desc *' to 'void *' drops volatile qualifier [-Werror,-Wcast-qual] 606 | _mm256_store_si256((void *)(txdp + 2), desc2_3); | ^ ../drivers/common/idpf/idpf_common_rxtx_avx2.c:607:30: error: cast from 'volatile struct idpf_base_tx_desc *' to 'void *' drops volatile qualifier [-Werror,-Wcast-qual] 607 | _mm256_store_si256((void *)txdp, desc0_1); | ^ 3 errors generated. [518/1937] Generating lib/graph.sym_chk with a custom command (wrapped by meson to capture output) [519/1937] Generating drivers/rte_common_iavf.sym_chk with a custom command (wrapped by meson to capture output) [520/1937] Compiling C object drivers/libtmp_rte_common_idpf.a.p/common_idpf_idpf_common_device.c.o [521/1937] Compiling C object drivers/common/idpf/libidpf_common_avx512_lib.a.p/idpf_common_rxtx_avx512.c.o [522/1937] Generating lib/pipeline.sym_chk with a custom command (wrapped by meson to capture output) ninja: build stopped: subcommand failed. ==== End log output ==== CentOS Stream 9 Kernel: Depends on container host Compiler: gcc 11.5.0 20240719 (Red Hat 11.5.0-2) Debian Bullseye Kernel: Depends on container host Compiler: gcc (Debian 10.2.1-6) 10.2.1 20210110 Debian 12 Kernel: Depends on container host Compiler: gcc (Debian 12.2.0-14) 12.2.0 Fedora 40 (Clang) Kernel: Depends on container host Compiler: clang 18.1.8 (Fedora 18.1.8-1.fc40) Fedora 40 Kernel: Depends on container host Compiler: gcc 14.2.1 20240912 (Red Hat 14.2.1-3) Fedora 41 Kernel: Depends on container host Compiler: gcc 14.2.1 20240912 (Red Hat 14.2.1-3) Fedora 41 (Clang) Kernel: Depends on container host Compiler: clang 19.1.5 (Fedora 19.1.5-1.fc41) openSUSE Leap 15 Kernel: Depends on container host Compiler: gcc (SUSE Linux) 7.5.0 RHEL8 Kernel: Depends on container host Compiler: gcc 8.5.0 20210514 (Red Hat 8.5.0-22) RHEL9 Kernel: Depends on container host Compiler: gcc 11.5.0 20240719 (Red Hat 11.5.0-2) Ubuntu 20.04 Kernel: Depends on container host Compiler: gcc (Ubuntu 9.4.0-1ubuntu1~20.04.2) 9.4.0 Ubuntu 22.04 Kernel: Depends on container host Compiler: gcc (Ubuntu 11.4.0-1ubuntu1~22.04) 11.4.0 Alpine Kernel: Depends on container host Compiler: gcc (Alpine 14.2.0) 14.2.0 FreeBSD 13.4 Kernel: 13.4-RELEASE-p1 Compiler: clang 18.1.6 FreeBSD 14.2 Kernel: 14.2-RELEASE Compiler: clang 18.1.6 Windows Server 2022 Kernel: 10.0.20348.2031 Compiler: clang 15.0.7, gcc 14.1.0 (MinGW), and MSVC VS 19.39.33521 To view detailed results, visit: https://lab.dpdk.org/results/dashboard/patchsets/32480/ UNH-IOL DPDK Community Lab To manage your email subscriptions, visit: https://lab.dpdk.org/results/dashboard/preferences/subscriptions/