From mboxrd@z Thu Jan 1 00:00:00 1970 Return-Path: Received: from mails.dpdk.org (mails.dpdk.org [217.70.189.124]) by inbox.dpdk.org (Postfix) with ESMTP id D48BD4617E for ; Mon, 3 Feb 2025 09:57:13 +0100 (CET) Received: from mails.dpdk.org (localhost [127.0.0.1]) by mails.dpdk.org (Postfix) with ESMTP id D045940685; Mon, 3 Feb 2025 09:57:13 +0100 (CET) Received: from mail-yw1-f226.google.com (mail-yw1-f226.google.com [209.85.128.226]) by mails.dpdk.org (Postfix) with ESMTP id 0CC9B40264 for ; Mon, 3 Feb 2025 09:57:13 +0100 (CET) Received: by mail-yw1-f226.google.com with SMTP id 00721157ae682-6f6cb364c7fso20263707b3.3 for ; Mon, 03 Feb 2025 00:57:13 -0800 (PST) DKIM-Signature: v=1; a=rsa-sha256; c=relaxed/relaxed; d=iol.unh.edu; s=unh-iol; t=1738573032; x=1739177832; darn=dpdk.org; h=references:in-reply-to:cc:to:from:subject:message-id:date:from:to :cc:subject:date:message-id:reply-to; bh=CZG6d7oy4KoMyIi0HdcNdjWZ6k5Lg0W1uACkbX2mM1A=; b=TinIYKF0ISgERyge6OTGWSjhtdEcmEgYaWFocB+WC0ncUwsHrkIdrgNkNjoKpIt8HX uUBGT+vW/Iri4G7SMust1CgDD7oJHHQiNaaCri38Oq7lfds4NTKYNsxoj23abOC75nfz E6C1tZBaJ4E9EWi02CCKM0LoZIJ4wnUU9jnmc= X-Google-DKIM-Signature: v=1; a=rsa-sha256; c=relaxed/relaxed; d=1e100.net; s=20230601; t=1738573032; x=1739177832; h=references:in-reply-to:cc:to:from:subject:message-id:date :x-gm-message-state:from:to:cc:subject:date:message-id:reply-to; bh=CZG6d7oy4KoMyIi0HdcNdjWZ6k5Lg0W1uACkbX2mM1A=; b=W0DkJGc/sXNsUNunkwoy6VOd7FI5WOn6ayDr917So/AkEhcmfB8vfvMfyqTqhYQNDH 5B5YMorwrs3iaLCnP7V1eD4AMNQMWko9SlbQt1N3CNeS+LfaqBsl9VuPjFB9Ebw1cm5t zLpuySJSy34ONm2sSU0HEbJzfWSAghI4B06Hv/Qrnz2IYz6mYUzFikmHG2om2yMME6Ga 5gavh8IOreKcm54dERvTLMp8rLjPk5/vNvQlfcxFB9Q81tu4UdEnxSIkIumvzCLwsbdF Of6OKeBnh+gtu7gPqKbDEvJA1ggC2IbezA5UB3lM8WQ7i4SPrWf0aIwt00KKZRNaKKqa R40Q== X-Gm-Message-State: AOJu0YzY6Zzup4qPyefRCyL6brClX9yk+lSkCLykWHsfcXZsW+8710Xg fvXS0jp5PMZR1rjYmA+kpuKTS3UgfLHKYKReVhOv0cV3wWawRbvrT/Q3ymwLEGOt3S7OpRpY6h8 Zqc8DC8y3VrrHfGJxzVKh7TvmCeDc2MlSbXSJBI0o X-Gm-Gg: ASbGnctP6Zn95hIhuZ2b/Yyw1dO49qq6XSOleFE7dKrs6yuawI25+wHUZoKo+XB0ybB D1cCIeGWLiWG82rFBYArnQhOHvOrQymIOvijDduES5fO7WhXr07zhMOo7N24ErFEvFy4K8CcelP C/0wHrT2QYudqz2RiPjXLIQQJ94q5ep/QtLPEt3UKd0Pjm3FZz0n/Y/hzoeFnx4JeXRmXGwCYZF VsGIQyAEjppmbvPQ31S9aHqUySGIpsF4C5d7sGvDAhoryAnm2q5iczlDrdZqROKkEsC79Jdaviy LDBenUQM1jY+gJBYgnRgIOsdnS9EgA== X-Google-Smtp-Source: AGHT+IF9Kn85ROFK5pcD6B39y/cYssKqnd7t9DX61NO+XhKfD3rcq5/duN4mB2Y/L+BaxgvG5HUtpnA0io/O X-Received: by 2002:a05:690c:4d02:b0:6f6:7b8a:6e62 with SMTP id 00721157ae682-6f7a8427fc9mr163580697b3.35.1738573030527; Mon, 03 Feb 2025 00:57:10 -0800 (PST) Received: from postal.iol.unh.edu (postal.iol.unh.edu. [132.177.123.84]) by smtp-relay.gmail.com with ESMTPS id 00721157ae682-6f8c4a6d9edsm4727277b3.44.2025.02.03.00.57.10 (version=TLS1_2 cipher=ECDHE-ECDSA-AES128-GCM-SHA256 bits=128/128); Mon, 03 Feb 2025 00:57:10 -0800 (PST) X-Relaying-Domain: iol.unh.edu Date: Mon, 03 Feb 2025 00:57:10 -0800 (PST) Message-ID: <67a084e6.050a0220.1c1bf4.5c2dSMTPIN_ADDED_MISSING@mx.google.com> Received: from [172.21.0.10] (unknown [172.18.0.240]) by postal.iol.unh.edu (Postfix) with ESMTP id 28A2E6052471; Mon, 3 Feb 2025 03:57:10 -0500 (EST) Subject: |WARNING| pw150794-150795 [PATCH] [v4,2/2] common/idpf: enable AVX2 From: dpdklab@iol.unh.edu To: Test Report Cc: dpdk-test-reports@iol.unh.edu In-Reply-To: <20250203052430.1243485-3-shaiq.wani@intel.com> References: <20250203052430.1243485-3-shaiq.wani@intel.com> Content-Type: text/plain X-BeenThere: test-report@dpdk.org X-Mailman-Version: 2.1.29 Precedence: list List-Id: automatic DPDK test reports List-Unsubscribe: , List-Archive: List-Post: List-Help: List-Subscribe: , Errors-To: test-report-bounces@dpdk.org Test-Label: iol-unit-amd64-testing Test-Status: WARNING http://dpdk.org/patch/150795 _Testing issues_ Submitter: Shaiq Wani Date: Monday, February 03 2025 05:24:30 DPDK git baseline: Repo:dpdk Branch: master CommitID:abf3b7b7b361f8aa8d75ae00d449b588a0cdcda3 150794-150795 --> testing issues Upstream job id: Generic-Unit-Test-DPDK#311183 Test environment and result as below: +-------------------+----------------+ | Environment | dpdk_unit_test | +===================+================+ | CentOS Stream 9 | WARN | +-------------------+----------------+ | Debian Bullseye | WARN | +-------------------+----------------+ | Fedora 40 | WARN | +-------------------+----------------+ | Fedora 40 (Clang) | WARN | +-------------------+----------------+ | Debian 12 | WARN | +-------------------+----------------+ | Fedora 41 | WARN | +-------------------+----------------+ | Fedora 41 (Clang) | WARN | +-------------------+----------------+ | RHEL8 | WARN | +-------------------+----------------+ | RHEL9 | WARN | +-------------------+----------------+ | Ubuntu 22.04 | WARN | +-------------------+----------------+ | Ubuntu 20.04 | WARN | +-------------------+----------------+ | Ubuntu 24.04 | WARN | +-------------------+----------------+ ==== 20 line log output for Ubuntu 24.04 (dpdk_unit_test): ==== [559/3149] Linking static target drivers/librte_common_iavf.a [560/3149] Compiling C object drivers/common/idpf/libidpf_avx2_lib.a.p/idpf_common_rxtx_avx2.c.o FAILED: drivers/common/idpf/libidpf_avx2_lib.a.p/idpf_common_rxtx_avx2.c.o ccache cc -Idrivers/common/idpf/libidpf_avx2_lib.a.p -Idrivers/common/idpf -I../drivers/common/idpf -Idrivers/common/iavf -I../drivers/common/iavf -Ilib/ethdev -I../lib/ethdev -I. -I.. -Iconfig -I../config -Ilib/eal/include -I../lib/eal/include -Ilib/eal/linux/include -I../lib/eal/linux/include -Ilib/eal/x86/include -I../lib/eal/x86/include -I../kernel/linux -Ilib/eal/common -I../lib/eal/common -Ilib/eal -I../lib/eal -Ilib/kvargs -I../lib/kvargs -Ilib/log -I../lib/log -Ilib/metrics -I../lib/metrics -Ilib/telemetry -I../lib/telemetry -Ilib/net -I../lib/net -Ilib/mbuf -I../lib/mbuf -Ilib/mempool -I../lib/mempool -Ilib/ring -I../lib/ring -Ilib/meter -I../lib/meter -Ilib/hash -I../lib/hash -Ilib/rcu -I../lib/rcu -fdiagnostics-color=always -pipe -D_FILE_OFFSET_BITS=64 -Wall -Winvalid-pch -Wextra -Werror -std=c11 -O3 -include rte_config.h -Wcast-qual -Wdeprecated -Wformat -Wformat-nonliteral -Wformat-security -Wmissing-declarations -Wmissing-prototypes -Wnested-externs -Wold-style-definiti on -Wpointer-arith -Wsign-compare -Wstrict-prototypes -Wundef -Wwrite-strings -Wno-packed-not-aligned -Wno-missing-field-initializers -D_GNU_SOURCE -fPIC -march=native -mrtm -DALLOW_EXPERIMENTAL_API -DALLOW_INTERNAL_API -Wno-format-truncation -Wno-address-of-packed-member -mavx2 -MD -MQ drivers/common/idpf/libidpf_avx2_lib.a.p/idpf_common_rxtx_avx2.c.o -MF drivers/common/idpf/libidpf_avx2_lib.a.p/idpf_common_rxtx_avx2.c.o.d -o drivers/common/idpf/libidpf_avx2_lib.a.p/idpf_common_rxtx_avx2.c.o -c ../drivers/common/idpf/idpf_common_rxtx_avx2.c ../drivers/common/idpf/idpf_common_rxtx_avx2.c: In function 'idpf_singleq_vtx1': ../drivers/common/idpf/idpf_common_rxtx_avx2.c:559:25: error: cast discards 'volatile' qualifier from pointer target type [-Werror=cast-qual] 559 | _mm_store_si128((__m128i *)txdp, descriptor); | ^ ../drivers/common/idpf/idpf_common_rxtx_avx2.c: In function 'idpf_singleq_vtx': ../drivers/common/idpf/idpf_common_rxtx_avx2.c:606:36: error: cast discards 'volatile' qualifier from pointer target type [-Werror=cast-qual] 606 | _mm256_store_si256((void *)(txdp + 2), desc2_3); | ^ ../drivers/common/idpf/idpf_common_rxtx_avx2.c:607:36: error: cast discards 'volatile' qualifier from pointer target type [-Werror=cast-qual] 607 | _mm256_store_si256((void *)txdp, desc0_1); | ^ cc1: all warnings being treated as errors [561/3149] Generating rte_common_dpaax.sym_chk with a custom command (wrapped by meson to capture output) [562/3149] Generating rte_common_iavf.sym_chk with a custom command (wrapped by meson to capture output) [563/3149] Compiling C object lib/librte_pipeline.a.p/pipeline_rte_table_action.c.o ninja: build stopped: subcommand failed. ==== End log output ==== CentOS Stream 9 Kernel: Depends on container host Compiler: gcc 11.5.0 20240719 (Red Hat 11.5.0-2) Debian Bullseye Kernel: Depends on container host Compiler: gcc (Debian 10.2.1-6) 10.2.1 20210110 Fedora 40 Kernel: Depends on container host Compiler: gcc 14.2.1 20240912 (Red Hat 14.2.1-3) Fedora 40 (Clang) Kernel: Depends on container host Compiler: clang 18.1.8 (Fedora 18.1.8-1.fc40) Debian 12 Kernel: Depends on container host Compiler: gcc (Debian 12.2.0-14) 12.2.0 Fedora 41 Kernel: Depends on container host Compiler: gcc 14.2.1 20240912 (Red Hat 14.2.1-3) Fedora 41 (Clang) Kernel: Depends on container host Compiler: clang 19.1.5 (Fedora 19.1.5-1.fc41) RHEL8 Kernel: Depends on container host Compiler: gcc 8.5.0 20210514 (Red Hat 8.5.0-22) RHEL9 Kernel: Depends on container host Compiler: gcc 11.5.0 20240719 (Red Hat 11.5.0-2) Ubuntu 22.04 Kernel: Depends on container host Compiler: gcc (Ubuntu 11.4.0-1ubuntu1~22.04) 11.4.0 Ubuntu 20.04 Kernel: Depends on container host Compiler: gcc (Ubuntu 9.4.0-1ubuntu1~20.04.2) 9.4.0 Ubuntu 24.04 Kernel: Depends on container host Compiler: gcc (Ubuntu 13.3.0-6ubuntu2~24.04) 13.3.0 To view detailed results, visit: https://lab.dpdk.org/results/dashboard/patchsets/32480/ UNH-IOL DPDK Community Lab To manage your email subscriptions, visit: https://lab.dpdk.org/results/dashboard/preferences/subscriptions/