From mboxrd@z Thu Jan  1 00:00:00 1970
Return-Path: <test-report-bounces@dpdk.org>
Received: from mails.dpdk.org (mails.dpdk.org [217.70.189.124])
	by inbox.dpdk.org (Postfix) with ESMTP id 9A7CD46180
	for <public@inbox.dpdk.org>; Mon,  3 Feb 2025 10:00:30 +0100 (CET)
Received: from mails.dpdk.org (localhost [127.0.0.1])
	by mails.dpdk.org (Postfix) with ESMTP id 93F0B40615;
	Mon,  3 Feb 2025 10:00:30 +0100 (CET)
Received: from mail-yw1-f228.google.com (mail-yw1-f228.google.com
 [209.85.128.228])
 by mails.dpdk.org (Postfix) with ESMTP id 1DF9240264
 for <test-report@dpdk.org>; Mon,  3 Feb 2025 10:00:29 +0100 (CET)
Received: by mail-yw1-f228.google.com with SMTP id
 00721157ae682-6f47ed1f40dso23440307b3.1
 for <test-report@dpdk.org>; Mon, 03 Feb 2025 01:00:29 -0800 (PST)
DKIM-Signature: v=1; a=rsa-sha256; c=relaxed/relaxed;
 d=iol.unh.edu; s=unh-iol; t=1738573228; x=1739178028; darn=dpdk.org;
 h=references:in-reply-to:cc:to:from:subject:message-id:date:from:to
 :cc:subject:date:message-id:reply-to;
 bh=dGBrQI7AwYAtfDgnmPB4/NpfdlbWUhSDCnQ2uRsR2ys=;
 b=UBufiXrN6+hysAj0EXluAwbHZ6PXFzhFhFx+HxONOIOtHMy5b//Yv3DSF8oLOutvKO
 bh27cQ2vqyqVIN2gTCXNCkCRb0QvDTnX/Jovf8fcTnG27wtN5qSD1jsD+10t0Xa43xbl
 2l9rdzV+88KUBiDPHw+VV4kMhwJ8S++lJQVdU=
X-Google-DKIM-Signature: v=1; a=rsa-sha256; c=relaxed/relaxed;
 d=1e100.net; s=20230601; t=1738573228; x=1739178028;
 h=references:in-reply-to:cc:to:from:subject:message-id:date
 :x-gm-message-state:from:to:cc:subject:date:message-id:reply-to;
 bh=dGBrQI7AwYAtfDgnmPB4/NpfdlbWUhSDCnQ2uRsR2ys=;
 b=PpH8AAa4MNtWhfxxfNjTog5fCqIyAAbU+xJYrvIcEVOaD6HOfBSKmZQjg9cXJH+CYT
 LBshv3JfzhF3fMYgmT8wqRmrqAwEP4HN7t23Qx413EfUtDlxwGBhvnvq/msRkyyuzg1a
 E8tfw2TZW+PB6fOBZcFKAC/4QLZGsfk/WD1MnL93wbdZoF6ppznP2QlLXnWua0qJUaLt
 WBqWUAzHARV61hqbx9YnYAFZKJu8L8b9NWLAj/zqjO9ZB6NLY85B4hFFWnbWj9tXJ97F
 D8P2WONxD8NT6oAWHIGYJTf7B6S6oCZeJMXO7eASiI45rYo34HPM6/tZCxK7NpxuXFGB
 kLEg==
X-Gm-Message-State: AOJu0YzTYEFLjSSHraoEdUrRyc7l9Gcj8qztj1VsVJusJEmXAPCBTDFo
 56IJcXDjIGjQ6c2gyh8CERfYhKzkczcsVk6V8WH5uoMCXu3oc+RNOSLHPQubQ2j9plxXMDb+Zot
 gkFpQOZSIjFB2ilhcdAvBv4Uo9IxGGoyplIpgVyBE
X-Gm-Gg: ASbGncvgdnycIHTSjKpSVCpriJWN68G6N3TJr6xS8f7G9yi/3Zwau05oO3xl1h+e1PS
 B+4UTNsAvhhXBhFhjc6yzXBIYME82ZrrD6VeYKpu/Q8hKVk57YmtaFBYutZsawfhP0Q8P5biSyM
 IRp60S707r7aHDo/8s6OW/SCeamcaAXo6CA8afz9HijzT2lPUj/PoOSUo90YE/mIvjN+wESXdOV
 CrXxz0H2gN3ftjQ4ZQK+VxFWRSutok6pXrQ71XtMKsyHHYqdyWEpCgtPcMEYFTeJwSn3IC1qimG
 gl+NA6hWQsPo2shTlPk9oHk4n/X+SA==
X-Google-Smtp-Source: AGHT+IFHKouaYn4TalYS11tU2abSHNH5mjgyn1Ek70IMbLPmcVXT1kcLeHGaRWNyrFwvGpHcEvXEz7TMzFtv
X-Received: by 2002:a05:690c:c8b:b0:6ef:60f4:3d41 with SMTP id
 00721157ae682-6f7a8360a98mr142627927b3.16.1738573228480; 
 Mon, 03 Feb 2025 01:00:28 -0800 (PST)
Received: from postal.iol.unh.edu (postal.iol.unh.edu. [132.177.123.84])
 by smtp-relay.gmail.com with ESMTPS id
 00721157ae682-6f8c463dc60sm7878517b3.25.2025.02.03.01.00.28
 (version=TLS1_2 cipher=ECDHE-ECDSA-AES128-GCM-SHA256 bits=128/128);
 Mon, 03 Feb 2025 01:00:28 -0800 (PST)
X-Relaying-Domain: iol.unh.edu
Date: Mon, 03 Feb 2025 01:00:28 -0800 (PST)
Message-ID: <67a085ac.0d0a0220.2ddb5c.6f5aSMTPIN_ADDED_MISSING@mx.google.com>
Received: from [172.21.0.5] (unknown [172.18.0.240])
 by postal.iol.unh.edu (Postfix) with ESMTP id 269D86052471;
 Mon,  3 Feb 2025 04:00:28 -0500 (EST)
Subject: |FAILURE| pw150794-150795 [PATCH] [v4,2/2] common/idpf: enable AVX2 
From: dpdklab@iol.unh.edu
To: Test Report <test-report@dpdk.org>
Cc: dpdk-test-reports@iol.unh.edu, Shaiq Wani <shaiq.wani@intel.com>
In-Reply-To: <20250203052430.1243485-3-shaiq.wani@intel.com>
References: <20250203052430.1243485-3-shaiq.wani@intel.com>
Content-Type: text/plain
X-BeenThere: test-report@dpdk.org
X-Mailman-Version: 2.1.29
Precedence: list
List-Id: automatic DPDK test reports <test-report.dpdk.org>
List-Unsubscribe: <https://mails.dpdk.org/options/test-report>,
 <mailto:test-report-request@dpdk.org?subject=unsubscribe>
List-Archive: <http://mails.dpdk.org/archives/test-report/>
List-Post: <mailto:test-report@dpdk.org>
List-Help: <mailto:test-report-request@dpdk.org?subject=help>
List-Subscribe: <https://mails.dpdk.org/listinfo/test-report>,
 <mailto:test-report-request@dpdk.org?subject=subscribe>
Errors-To: test-report-bounces@dpdk.org

Test-Label: iol-compile-amd64-testing
Test-Status: FAILURE
http://dpdk.org/patch/150795

_Testing issues_

Submitter: Shaiq Wani <shaiq.wani@intel.com>
Date: Monday, February 03 2025 05:24:30 
DPDK git baseline: Repo:dpdk
  Branch: master
  CommitID:abf3b7b7b361f8aa8d75ae00d449b588a0cdcda3

150794-150795 --> testing issues

Upstream job id: Generic-DPDK-Compile-Meson#357274

Test environment and result as below:

+---------------------+--------------------+------------------+-------------------+-------------------+
|     Environment     | dpdk_meson_compile | dpdk_compile_ovs | dpdk_compile_spdk | dpdk_msvc_compile |
+=====================+====================+==================+===================+===================+
| CentOS Stream 9     | FAIL               | WARN             | WARN              | SKIPPED           |
+---------------------+--------------------+------------------+-------------------+-------------------+
| Debian Bullseye     | FAIL               | WARN             | WARN              | SKIPPED           |
+---------------------+--------------------+------------------+-------------------+-------------------+
| Debian 12           | FAIL               | WARN             | WARN              | SKIPPED           |
+---------------------+--------------------+------------------+-------------------+-------------------+
| Fedora 40 (Clang)   | FAIL               | WARN             | WARN              | SKIPPED           |
+---------------------+--------------------+------------------+-------------------+-------------------+
| Fedora 40           | FAIL               | WARN             | WARN              | SKIPPED           |
+---------------------+--------------------+------------------+-------------------+-------------------+
| Fedora 41           | FAIL               | WARN             | WARN              | SKIPPED           |
+---------------------+--------------------+------------------+-------------------+-------------------+
| Fedora 41 (Clang)   | FAIL               | WARN             | WARN              | SKIPPED           |
+---------------------+--------------------+------------------+-------------------+-------------------+
| openSUSE Leap 15    | FAIL               | SKIPPED          | SKIPPED           | SKIPPED           |
+---------------------+--------------------+------------------+-------------------+-------------------+
| RHEL8               | FAIL               | WARN             | SKIPPED           | SKIPPED           |
+---------------------+--------------------+------------------+-------------------+-------------------+
| RHEL9               | PEND               | PEND             | SKIPPED           | SKIPPED           |
+---------------------+--------------------+------------------+-------------------+-------------------+
| Ubuntu 20.04        | FAIL               | WARN             | SKIPPED           | SKIPPED           |
+---------------------+--------------------+------------------+-------------------+-------------------+
| Ubuntu 22.04        | FAIL               | WARN             | WARN              | SKIPPED           |
+---------------------+--------------------+------------------+-------------------+-------------------+
| Alpine              | PEND               | PEND             | SKIPPED           | SKIPPED           |
+---------------------+--------------------+------------------+-------------------+-------------------+
| FreeBSD 13.4        | FAIL               | SKIPPED          | SKIPPED           | SKIPPED           |
+---------------------+--------------------+------------------+-------------------+-------------------+
| FreeBSD 14.2        | FAIL               | SKIPPED          | SKIPPED           | SKIPPED           |
+---------------------+--------------------+------------------+-------------------+-------------------+
| Ubuntu 24.04        | PEND               | PEND             | PEND              | SKIPPED           |
+---------------------+--------------------+------------------+-------------------+-------------------+
| Windows Server 2022 | SKIPPED            | SKIPPED          | SKIPPED           | PASS              |
+---------------------+--------------------+------------------+-------------------+-------------------+

==== 20 line log output for FreeBSD 14.2 (dpdk_meson_compile): ====
[516/1937] Linking static target drivers/librte_common_iavf.a
[517/1937] Compiling C object drivers/common/idpf/libidpf_avx2_lib.a.p/idpf_common_rxtx_avx2.c.o
FAILED: drivers/common/idpf/libidpf_avx2_lib.a.p/idpf_common_rxtx_avx2.c.o
cc -Idrivers/common/idpf/libidpf_avx2_lib.a.p -Idrivers/common/idpf -I../drivers/common/idpf -Idrivers/common/iavf -I../drivers/common/iavf -Ilib/ethdev -I../lib/ethdev -I. -I.. -Iconfig -I../config -Ilib/eal/include -I../lib/eal/include -Ilib/eal/freebsd/include -I../lib/eal/freebsd/include -Ilib/eal/x86/include -I../lib/eal/x86/include -Ilib/eal/common -I../lib/eal/common -Ilib/eal -I../lib/eal -Ilib/kvargs -I../lib/kvargs -Ilib/log -I../lib/log -Ilib/metrics -I../lib/metrics -Ilib/telemetry -I../lib/telemetry -Ilib/net -I../lib/net -Ilib/mbuf -I../lib/mbuf -Ilib/mempool -I../lib/mempool -Ilib/ring -I../lib/ring -Ilib/meter -I../lib/meter -Ilib/hash -I../lib/hash -Ilib/rcu -I../lib/rcu -fdiagnostics-color=always -D_FILE_OFFSET_BITS=64 -Wall -Winvalid-pch -Wextra -Werror -std=c11 -O3 -include rte_config.h -Wcast-qual -Wdeprecated -Wformat -Wformat-nonliteral -Wformat-security -Wmissing-declarations -Wmissing-prototypes -Wnested-externs -Wold-style-definition -Wpointer-arith -Wsign-c
 ompare -Wstrict-prototypes -Wundef -Wwrite-strings -Wno-missing-field-initializers -D_GNU_SOURCE -D__BSD_VISIBLE -fPIC -march=native -mrtm -DALLOW_EXPERIMENTAL_API -DALLOW_INTERNAL_API -Wno-format-truncation -Wno-address-of-packed-member -mavx2 -MD -MQ drivers/common/idpf/libidpf_avx2_lib.a.p/idpf_common_rxtx_avx2.c.o -MF drivers/common/idpf/libidpf_avx2_lib.a.p/idpf_common_rxtx_avx2.c.o.d -o drivers/common/idpf/libidpf_avx2_lib.a.p/idpf_common_rxtx_avx2.c.o -c ../drivers/common/idpf/idpf_common_rxtx_avx2.c
../drivers/common/idpf/idpf_common_rxtx_avx2.c:559:29: error: cast from 'volatile struct idpf_base_tx_desc *' to '__attribute__((__vector_size__(2 * sizeof(long long)))) long long *' drops volatile qualifier [-Werror,-Wcast-qual]
559 |         _mm_store_si128((__m128i *)txdp, descriptor);
|                                    ^
../drivers/common/idpf/idpf_common_rxtx_avx2.c:606:30: error: cast from 'volatile struct idpf_base_tx_desc *' to 'void *' drops volatile qualifier [-Werror,-Wcast-qual]
606 |                 _mm256_store_si256((void *)(txdp + 2), desc2_3);
|                                            ^
../drivers/common/idpf/idpf_common_rxtx_avx2.c:607:30: error: cast from 'volatile struct idpf_base_tx_desc *' to 'void *' drops volatile qualifier [-Werror,-Wcast-qual]
607 |                 _mm256_store_si256((void *)txdp, desc0_1);
|                                            ^
3 errors generated.
[518/1937] Generating lib/graph.sym_chk with a custom command (wrapped by meson to capture output)
[519/1937] Generating drivers/rte_common_iavf.sym_chk with a custom command (wrapped by meson to capture output)
[520/1937] Compiling C object drivers/libtmp_rte_common_idpf.a.p/common_idpf_idpf_common_device.c.o
[521/1937] Compiling C object drivers/common/idpf/libidpf_common_avx512_lib.a.p/idpf_common_rxtx_avx512.c.o
[522/1937] Generating lib/pipeline.sym_chk with a custom command (wrapped by meson to capture output)
ninja: build stopped: subcommand failed.
==== End log output ====

CentOS Stream 9
	Kernel: Depends on container host
	Compiler: gcc 11.5.0 20240719 (Red Hat 11.5.0-2)

Debian Bullseye
	Kernel: Depends on container host
	Compiler: gcc (Debian 10.2.1-6) 10.2.1 20210110

Debian 12
	Kernel: Depends on container host
	Compiler: gcc (Debian 12.2.0-14) 12.2.0

Fedora 40 (Clang)
	Kernel: Depends on container host
	Compiler: clang 18.1.8 (Fedora 18.1.8-1.fc40)

Fedora 40
	Kernel: Depends on container host
	Compiler: gcc 14.2.1 20240912 (Red Hat 14.2.1-3)

Fedora 41
	Kernel: Depends on container host
	Compiler: gcc 14.2.1 20240912 (Red Hat 14.2.1-3)

Fedora 41 (Clang)
	Kernel: Depends on container host
	Compiler: clang 19.1.5 (Fedora 19.1.5-1.fc41)

openSUSE Leap 15
	Kernel: Depends on container host
	Compiler: gcc (SUSE Linux) 7.5.0

RHEL8
	Kernel: Depends on container host
	Compiler: gcc 8.5.0 20210514 (Red Hat 8.5.0-22)

RHEL9
	Kernel: Depends on container host
	Compiler: gcc 11.5.0 20240719 (Red Hat 11.5.0-2)

Ubuntu 20.04
	Kernel: Depends on container host
	Compiler: gcc (Ubuntu 9.4.0-1ubuntu1~20.04.2) 9.4.0

Ubuntu 22.04
	Kernel: Depends on container host
	Compiler: gcc (Ubuntu 11.4.0-1ubuntu1~22.04) 11.4.0

Alpine
	Kernel: Depends on container host
	Compiler: gcc (Alpine 14.2.0) 14.2.0

FreeBSD 13.4
	Kernel: 13.4-RELEASE-p1
	Compiler: clang 18.1.6

FreeBSD 14.2
	Kernel: 14.2-RELEASE
	Compiler: clang 18.1.6

Ubuntu 24.04
	Kernel: Depends on container host
	Compiler: gcc (Ubuntu 13.3.0-6ubuntu2~24.04) 13.3.0

Windows Server 2022
	Kernel: 10.0.20348.2031
	Compiler: clang 15.0.7, gcc 14.1.0 (MinGW), and MSVC VS 19.39.33521

To view detailed results, visit:
https://lab.dpdk.org/results/dashboard/patchsets/32480/

UNH-IOL DPDK Community Lab

To manage your email subscriptions, visit: 
https://lab.dpdk.org/results/dashboard/preferences/subscriptions/