From mboxrd@z Thu Jan 1 00:00:00 1970 Return-Path: Received: from mails.dpdk.org (mails.dpdk.org [217.70.189.124]) by inbox.dpdk.org (Postfix) with ESMTP id BB54946180 for ; Mon, 3 Feb 2025 10:01:08 +0100 (CET) Received: from mails.dpdk.org (localhost [127.0.0.1]) by mails.dpdk.org (Postfix) with ESMTP id B70F340615; Mon, 3 Feb 2025 10:01:08 +0100 (CET) Received: from mail-pl1-f226.google.com (mail-pl1-f226.google.com [209.85.214.226]) by mails.dpdk.org (Postfix) with ESMTP id 5BD4240264 for ; Mon, 3 Feb 2025 10:01:07 +0100 (CET) Received: by mail-pl1-f226.google.com with SMTP id d9443c01a7336-216395e151bso48317345ad.0 for ; Mon, 03 Feb 2025 01:01:07 -0800 (PST) DKIM-Signature: v=1; a=rsa-sha256; c=relaxed/relaxed; d=iol.unh.edu; s=unh-iol; t=1738573266; x=1739178066; darn=dpdk.org; h=references:in-reply-to:cc:to:from:subject:message-id:date:from:to :cc:subject:date:message-id:reply-to; bh=Ti61zOSrs7N+LD0wVIBqioTacu+qYKx0EWorVJfTOoE=; b=RlO6NAXL3vpqlgMgvYxzrQ9crrHANp/oWSw1kyzrK5UoekpFtNWNVX2MDAlovT5oUq FmsSA/wTk7oNG9U6Q7RAtBN4ndwEH8xL92vKVqh/e79xkR/30cDJmbTJbBgKqn8i46qv xFBfM9W6pRpUBBoHhnoX92bwcdXKISPIy9ua8= X-Google-DKIM-Signature: v=1; a=rsa-sha256; c=relaxed/relaxed; d=1e100.net; s=20230601; t=1738573266; x=1739178066; h=references:in-reply-to:cc:to:from:subject:message-id:date :x-gm-message-state:from:to:cc:subject:date:message-id:reply-to; bh=Ti61zOSrs7N+LD0wVIBqioTacu+qYKx0EWorVJfTOoE=; b=VsfYBjhVJZ0+DiV917MMWdPgMbgowVl8vm4LhEhrFmvbl5QflCVq5WPKDMgj+9BvR0 N5lQRO2rUFUyy5edzLmOd+ne0zQ+JQUibJHePmT/oTZSZMXWAgINyC+/UgM6NePZE7co dDkFQoI8Kbe6nbog7Y/i1497T/7DPxo778lZKbMJ29n06A/9QY8LKesZ7587ZrScRF5d hzxysvkPSK+1EI/wiQLhGC0zkVVRRA6QzFKY252Pd3WZ4UOTrBnLcKvVJ5LIM77S0+Ew f5MR5VtHgPDqASbHLp0wgtl96i6mg7AX4sKqX2bAROjGyhX8f2oRzrgDnVnBYgG+3HGU BAzg== X-Gm-Message-State: AOJu0YykltFFAKrXIQ4lxIO/lt/0c7TFiz5SYGcuWevZ4NesusRWZ61r teF/BqHUp5b6Xl+quCJwVv9y2KtCUeD7yGcbAF5E2vbRL4aaPF567gzd6nWCbZ7LBJrqJ8KmYmY JPBHuBpvT/eBDBRlH0legPM42h8QOSrvF/h3auEHimK5Clwkpl/qrOjIA X-Gm-Gg: ASbGnctxAeZAZH2z9X2JA99j3viEtQnrOE2jKrOQT7HE15A1V6crqr21L7ZtMuY9nPs 3wz0ApQGnsizpjilg0rP+XBYNleoeW2qEUZx4JGG17SJwBLfHN+zPu2JjdTy/vP+SlB3uAdabuU NASNltQ7xRl/V+tGUP8enndpwRXd2yCBCAWG9DkJTl9GHS4jlChBhxCdnCLNiVMq97E5XAGVbGr yAeEsPk7/bbyrnH+oYCq8FX9Pv5qqmftEbK7oS8XlKtEc6UKI7lEfk2/1Z0i9Wuaue53quhWWWV 2bGrNhD5TpRmPKkcLrSKQt/FCWioL53YcFIVByJo5Q== X-Google-Smtp-Source: AGHT+IFUerD1OJTIPsOTunV+F7A+5sZRoOYfNSNeh82qU2kJPvy3KfhvThfzbXRrVlTtDyeLrmShErUIhKuL X-Received: by 2002:a17:903:41c2:b0:216:6be9:fd48 with SMTP id d9443c01a7336-21edd7d885fmr205106125ad.3.1738573266415; Mon, 03 Feb 2025 01:01:06 -0800 (PST) Received: from postal.iol.unh.edu (postal.iol.unh.edu. [2606:4100:3880:1234::84]) by smtp-relay.gmail.com with ESMTPS id d9443c01a7336-21de33616efsm4021835ad.123.2025.02.03.01.01.06 (version=TLS1_2 cipher=ECDHE-ECDSA-AES128-GCM-SHA256 bits=128/128); Mon, 03 Feb 2025 01:01:06 -0800 (PST) X-Relaying-Domain: iol.unh.edu Date: Mon, 03 Feb 2025 01:01:06 -0800 (PST) Message-ID: <67a085d2.170a0220.31c98a.1404SMTPIN_ADDED_MISSING@mx.google.com> Received: from [172.17.0.4] (unknown [172.18.0.217]) by postal.iol.unh.edu (Postfix) with ESMTP id 706536052471; Mon, 3 Feb 2025 04:01:05 -0500 (EST) Subject: |FAILURE| pw150794-150795 [PATCH] [v4,2/2] common/idpf: enable AVX2 From: dpdklab@iol.unh.edu To: Test Report Cc: dpdk-test-reports@iol.unh.edu, Shaiq Wani In-Reply-To: <20250203052430.1243485-3-shaiq.wani@intel.com> References: <20250203052430.1243485-3-shaiq.wani@intel.com> Content-Type: text/plain X-BeenThere: test-report@dpdk.org X-Mailman-Version: 2.1.29 Precedence: list List-Id: automatic DPDK test reports List-Unsubscribe: , List-Archive: List-Post: List-Help: List-Subscribe: , Errors-To: test-report-bounces@dpdk.org Test-Label: iol-unit-amd64-testing Test-Status: FAILURE http://dpdk.org/patch/150795 _Testing issues_ Submitter: Shaiq Wani Date: Monday, February 03 2025 05:24:30 DPDK git baseline: Repo:dpdk Branch: master CommitID:abf3b7b7b361f8aa8d75ae00d449b588a0cdcda3 150794-150795 --> testing issues Upstream job id: Generic-VM-Unit-Test-DPDK#27083 Test environment and result as below: +---------------------+----------------+ | Environment | dpdk_unit_test | +=====================+================+ | CentOS Stream 9 | WARN | +---------------------+----------------+ | Debian Bullseye | WARN | +---------------------+----------------+ | Fedora 40 | WARN | +---------------------+----------------+ | Fedora 40 (Clang) | WARN | +---------------------+----------------+ | Debian 12 | WARN | +---------------------+----------------+ | Fedora 41 | WARN | +---------------------+----------------+ | Fedora 41 (Clang) | WARN | +---------------------+----------------+ | RHEL8 | WARN | +---------------------+----------------+ | RHEL9 | WARN | +---------------------+----------------+ | Ubuntu 22.04 | WARN | +---------------------+----------------+ | Ubuntu 20.04 | WARN | +---------------------+----------------+ | Ubuntu 24.04 | WARN | +---------------------+----------------+ | Windows Server 2022 | FAIL | +---------------------+----------------+ ==== Unit test summary for Windows Server 2022 (dpdk_unit_test): ==== Failed to get the unit test results. Displaying the unit test results is not supported for some environments, such as our aarch32 testing, where meson is not used to run the tests. Download the logs available on our CI site. ==== End log output ==== CentOS Stream 9 Kernel: Depends on container host Compiler: gcc 11.5.0 20240719 (Red Hat 11.5.0-2) Debian Bullseye Kernel: Depends on container host Compiler: gcc (Debian 10.2.1-6) 10.2.1 20210110 Fedora 40 Kernel: Depends on container host Compiler: gcc 14.2.1 20240912 (Red Hat 14.2.1-3) Fedora 40 (Clang) Kernel: Depends on container host Compiler: clang 18.1.8 (Fedora 18.1.8-1.fc40) Debian 12 Kernel: Depends on container host Compiler: gcc (Debian 12.2.0-14) 12.2.0 Fedora 41 Kernel: Depends on container host Compiler: gcc 14.2.1 20240912 (Red Hat 14.2.1-3) Fedora 41 (Clang) Kernel: Depends on container host Compiler: clang 19.1.5 (Fedora 19.1.5-1.fc41) RHEL8 Kernel: Depends on container host Compiler: gcc 8.5.0 20210514 (Red Hat 8.5.0-22) RHEL9 Kernel: Depends on container host Compiler: gcc 11.5.0 20240719 (Red Hat 11.5.0-2) Ubuntu 22.04 Kernel: Depends on container host Compiler: gcc (Ubuntu 11.4.0-1ubuntu1~22.04) 11.4.0 Ubuntu 20.04 Kernel: Depends on container host Compiler: gcc (Ubuntu 9.4.0-1ubuntu1~20.04.2) 9.4.0 Ubuntu 24.04 Kernel: Depends on container host Compiler: gcc (Ubuntu 13.3.0-6ubuntu2~24.04) 13.3.0 Windows Server 2022 Kernel: 10.0.20348.2031 Compiler: clang 15.0.7, gcc 14.1.0 (MinGW), and MSVC VS 19.39.33521 To view detailed results, visit: https://lab.dpdk.org/results/dashboard/patchsets/32480/ UNH-IOL DPDK Community Lab To manage your email subscriptions, visit: https://lab.dpdk.org/results/dashboard/preferences/subscriptions/