From mboxrd@z Thu Jan 1 00:00:00 1970 Return-Path: Received: from mails.dpdk.org (mails.dpdk.org [217.70.189.124]) by inbox.dpdk.org (Postfix) with ESMTP id EB1FC46180 for ; Mon, 3 Feb 2025 10:01:28 +0100 (CET) Received: from mails.dpdk.org (localhost [127.0.0.1]) by mails.dpdk.org (Postfix) with ESMTP id E169840615; Mon, 3 Feb 2025 10:01:28 +0100 (CET) Received: from mail-yb1-f227.google.com (mail-yb1-f227.google.com [209.85.219.227]) by mails.dpdk.org (Postfix) with ESMTP id 7092D40264 for ; Mon, 3 Feb 2025 10:01:26 +0100 (CET) Received: by mail-yb1-f227.google.com with SMTP id 3f1490d57ef6-e455bf1f4d3so3923131276.2 for ; Mon, 03 Feb 2025 01:01:26 -0800 (PST) DKIM-Signature: v=1; a=rsa-sha256; c=relaxed/relaxed; d=iol.unh.edu; s=unh-iol; t=1738573286; x=1739178086; darn=dpdk.org; h=references:in-reply-to:cc:to:from:subject:message-id:date:from:to :cc:subject:date:message-id:reply-to; bh=6wK6xCtz46W/4u+mRrws5P14TSdX1t16GJTivYIPURo=; b=BMzfPeeodq5VwAhpfzcCNLrPmuaVTVpkyxYRjcBQ5+jRUONkFppOwqjMdgv2mD1y1T ofZ/65IbnW5Gi6/DHv8IEdlLhEMzmyI4VVlONC8yQnRD5UG5/pZHALQuSbLe/K3Hk597 F65vwdLsRLVzKFsgWKrdN5MCCSIVzh4cJeNao= X-Google-DKIM-Signature: v=1; a=rsa-sha256; c=relaxed/relaxed; d=1e100.net; s=20230601; t=1738573286; x=1739178086; h=references:in-reply-to:cc:to:from:subject:message-id:date :x-gm-message-state:from:to:cc:subject:date:message-id:reply-to; bh=6wK6xCtz46W/4u+mRrws5P14TSdX1t16GJTivYIPURo=; b=IsJQ+2+1Sw4zf252tadwRMbi8ara6UiFcM7YbpMnQOcQzD5tmeuQQOS4NoSnQuA9sJ RoF3j+zxr9TeszzrNf94AeHw1lvjuWHW9lwncGi9uAL8CyBOAxN1MjyqzeS/dz2C1h4/ IsE4w5B3IIQoZnL/PQGO9mX6zjwfWthMMdvwTWAG4OWhgmjL0hqbCR6XXLGqO5PH34WU U9m6rnGscAN9+9jwFq0vlv/MvzEZdJ/RHzj+8EBowOkgnQGl0Yb3z7D/HA/JKvClsWEU QcMxHC8WNky3fSsafNvSsd/QXo4Yd2D3ma0eU5ukMTUxmQ2L48SVvaRWI5tcOo6uE/sY ID3g== X-Gm-Message-State: AOJu0YzivXAR5bXLsnFse9Sybb9NONCyPR9CCYdSNf1FtbVZe8sjSxW9 h71IfqIar0hBBusoSfJBwSU0BKpBuSUVbaRPzVnxDbBukBm1lqgTZr5PA+nCODTmPr6+P8dne/r bmDvFEhGAcv9K7ZfsRROVAiP0ULMQgprl+vb/Taz2B2gsXKCeQtB3knPc X-Gm-Gg: ASbGncsYn9bZDDHA96QN1DkzWP8puFcBCH05MbYn1Ln0L0ySi6Dv80BfNtGvHKQ4sVc NvZpfTtgivZJmNWEPyDbMmoqMbTzLECXS9d8Y9czMm8m020+eo53MqVRVM3/1wtMQE9e2lPp3j/ 7AYf29iVpdHwMqgbLNmqOxk0lUZIJNvt3rZ2n89YQeG8oIL/TimxapsdLRErjgQamXRvH0eHePz gWnLD4y7mfQY3VcsvuHPoc3w13ev7hSrg+A4K6n0ihJeWzJsK5UaSfdrPEwX1+3p8mgLMSwN2BV TrHViC+3aQcD50qBu1G7QHTIGWYX3PZVGPR6exI8TA== X-Google-Smtp-Source: AGHT+IHd1NQZXWlhAYFScPOKi3LuQJuSioFKOELq4vp2db2VejaxePYuMS+r/VcrELVoPVZIF1rLyZRN7Wnp X-Received: by 2002:a05:6902:e02:b0:e57:37d5:e275 with SMTP id 3f1490d57ef6-e58a4ac575dmr15759266276.18.1738573285761; Mon, 03 Feb 2025 01:01:25 -0800 (PST) Received: from postal.iol.unh.edu (postal.iol.unh.edu. [2606:4100:3880:1234::84]) by smtp-relay.gmail.com with ESMTPS id 3f1490d57ef6-e5acb284e71sm559343276.9.2025.02.03.01.01.25 (version=TLS1_2 cipher=ECDHE-ECDSA-AES128-GCM-SHA256 bits=128/128); Mon, 03 Feb 2025 01:01:25 -0800 (PST) X-Relaying-Domain: iol.unh.edu Date: Mon, 03 Feb 2025 01:01:25 -0800 (PST) Message-ID: <67a085e5.250a0220.1b3653.aae3SMTPIN_ADDED_MISSING@mx.google.com> Received: from [172.21.0.7] (unknown [172.18.0.240]) by postal.iol.unh.edu (Postfix) with ESMTP id 642216052471; Mon, 3 Feb 2025 04:01:25 -0500 (EST) Subject: |FAILURE| pw150794-150795 [PATCH] [v4,2/2] common/idpf: enable AVX2 From: dpdklab@iol.unh.edu To: Test Report Cc: dpdk-test-reports@iol.unh.edu, Shaiq Wani In-Reply-To: <20250203052430.1243485-3-shaiq.wani@intel.com> References: <20250203052430.1243485-3-shaiq.wani@intel.com> Content-Type: text/plain X-BeenThere: test-report@dpdk.org X-Mailman-Version: 2.1.29 Precedence: list List-Id: automatic DPDK test reports List-Unsubscribe: , List-Archive: List-Post: List-Help: List-Subscribe: , Errors-To: test-report-bounces@dpdk.org Test-Label: iol-compile-amd64-testing Test-Status: FAILURE http://dpdk.org/patch/150795 _Testing issues_ Submitter: Shaiq Wani Date: Monday, February 03 2025 05:24:30 DPDK git baseline: Repo:dpdk Branch: master CommitID:abf3b7b7b361f8aa8d75ae00d449b588a0cdcda3 150794-150795 --> testing issues Upstream job id: Generic-DPDK-Compile-Meson#357281 Test environment and result as below: +---------------------+--------------------+------------------+-------------------+-------------------+ | Environment | dpdk_meson_compile | dpdk_compile_ovs | dpdk_compile_spdk | dpdk_msvc_compile | +=====================+====================+==================+===================+===================+ | CentOS Stream 9 | FAIL | WARN | WARN | SKIPPED | +---------------------+--------------------+------------------+-------------------+-------------------+ | Debian Bullseye | FAIL | WARN | WARN | SKIPPED | +---------------------+--------------------+------------------+-------------------+-------------------+ | Debian 12 | FAIL | WARN | WARN | SKIPPED | +---------------------+--------------------+------------------+-------------------+-------------------+ | Fedora 40 (Clang) | FAIL | WARN | WARN | SKIPPED | +---------------------+--------------------+------------------+-------------------+-------------------+ | Fedora 40 | FAIL | WARN | WARN | SKIPPED | +---------------------+--------------------+------------------+-------------------+-------------------+ | Fedora 41 | FAIL | WARN | WARN | SKIPPED | +---------------------+--------------------+------------------+-------------------+-------------------+ | Fedora 41 (Clang) | FAIL | WARN | WARN | SKIPPED | +---------------------+--------------------+------------------+-------------------+-------------------+ | openSUSE Leap 15 | FAIL | SKIPPED | SKIPPED | SKIPPED | +---------------------+--------------------+------------------+-------------------+-------------------+ | RHEL8 | FAIL | WARN | SKIPPED | SKIPPED | +---------------------+--------------------+------------------+-------------------+-------------------+ | RHEL9 | PEND | PEND | SKIPPED | SKIPPED | +---------------------+--------------------+------------------+-------------------+-------------------+ | Ubuntu 20.04 | FAIL | WARN | SKIPPED | SKIPPED | +---------------------+--------------------+------------------+-------------------+-------------------+ | Ubuntu 22.04 | FAIL | WARN | WARN | SKIPPED | +---------------------+--------------------+------------------+-------------------+-------------------+ | Alpine | PEND | PEND | SKIPPED | SKIPPED | +---------------------+--------------------+------------------+-------------------+-------------------+ | FreeBSD 13.4 | FAIL | SKIPPED | SKIPPED | SKIPPED | +---------------------+--------------------+------------------+-------------------+-------------------+ | FreeBSD 14.2 | FAIL | SKIPPED | SKIPPED | SKIPPED | +---------------------+--------------------+------------------+-------------------+-------------------+ | Ubuntu 24.04 | PEND | PEND | PEND | SKIPPED | +---------------------+--------------------+------------------+-------------------+-------------------+ | Windows Server 2022 | SKIPPED | SKIPPED | SKIPPED | PASS | +---------------------+--------------------+------------------+-------------------+-------------------+ ==== 20 line log output for FreeBSD 14.2 (dpdk_meson_compile): ==== [516/1937] Linking static target drivers/librte_common_iavf.a [517/1937] Compiling C object drivers/common/idpf/libidpf_avx2_lib.a.p/idpf_common_rxtx_avx2.c.o FAILED: drivers/common/idpf/libidpf_avx2_lib.a.p/idpf_common_rxtx_avx2.c.o cc -Idrivers/common/idpf/libidpf_avx2_lib.a.p -Idrivers/common/idpf -I../drivers/common/idpf -Idrivers/common/iavf -I../drivers/common/iavf -Ilib/ethdev -I../lib/ethdev -I. -I.. -Iconfig -I../config -Ilib/eal/include -I../lib/eal/include -Ilib/eal/freebsd/include -I../lib/eal/freebsd/include -Ilib/eal/x86/include -I../lib/eal/x86/include -Ilib/eal/common -I../lib/eal/common -Ilib/eal -I../lib/eal -Ilib/kvargs -I../lib/kvargs -Ilib/log -I../lib/log -Ilib/metrics -I../lib/metrics -Ilib/telemetry -I../lib/telemetry -Ilib/net -I../lib/net -Ilib/mbuf -I../lib/mbuf -Ilib/mempool -I../lib/mempool -Ilib/ring -I../lib/ring -Ilib/meter -I../lib/meter -Ilib/hash -I../lib/hash -Ilib/rcu -I../lib/rcu -fdiagnostics-color=always -D_FILE_OFFSET_BITS=64 -Wall -Winvalid-pch -Wextra -Werror -std=c11 -O3 -include rte_config.h -Wcast-qual -Wdeprecated -Wformat -Wformat-nonliteral -Wformat-security -Wmissing-declarations -Wmissing-prototypes -Wnested-externs -Wold-style-definition -Wpointer-arith -Wsign-c ompare -Wstrict-prototypes -Wundef -Wwrite-strings -Wno-missing-field-initializers -D_GNU_SOURCE -D__BSD_VISIBLE -fPIC -march=native -mrtm -DALLOW_EXPERIMENTAL_API -DALLOW_INTERNAL_API -Wno-format-truncation -Wno-address-of-packed-member -mavx2 -MD -MQ drivers/common/idpf/libidpf_avx2_lib.a.p/idpf_common_rxtx_avx2.c.o -MF drivers/common/idpf/libidpf_avx2_lib.a.p/idpf_common_rxtx_avx2.c.o.d -o drivers/common/idpf/libidpf_avx2_lib.a.p/idpf_common_rxtx_avx2.c.o -c ../drivers/common/idpf/idpf_common_rxtx_avx2.c ../drivers/common/idpf/idpf_common_rxtx_avx2.c:559:29: error: cast from 'volatile struct idpf_base_tx_desc *' to '__attribute__((__vector_size__(2 * sizeof(long long)))) long long *' drops volatile qualifier [-Werror,-Wcast-qual] 559 | _mm_store_si128((__m128i *)txdp, descriptor); | ^ ../drivers/common/idpf/idpf_common_rxtx_avx2.c:606:30: error: cast from 'volatile struct idpf_base_tx_desc *' to 'void *' drops volatile qualifier [-Werror,-Wcast-qual] 606 | _mm256_store_si256((void *)(txdp + 2), desc2_3); | ^ ../drivers/common/idpf/idpf_common_rxtx_avx2.c:607:30: error: cast from 'volatile struct idpf_base_tx_desc *' to 'void *' drops volatile qualifier [-Werror,-Wcast-qual] 607 | _mm256_store_si256((void *)txdp, desc0_1); | ^ 3 errors generated. [518/1937] Generating lib/graph.sym_chk with a custom command (wrapped by meson to capture output) [519/1937] Generating drivers/rte_common_iavf.sym_chk with a custom command (wrapped by meson to capture output) [520/1937] Compiling C object drivers/libtmp_rte_common_idpf.a.p/common_idpf_idpf_common_device.c.o [521/1937] Compiling C object drivers/common/idpf/libidpf_common_avx512_lib.a.p/idpf_common_rxtx_avx512.c.o [522/1937] Generating lib/pipeline.sym_chk with a custom command (wrapped by meson to capture output) ninja: build stopped: subcommand failed. ==== End log output ==== CentOS Stream 9 Kernel: Depends on container host Compiler: gcc 11.5.0 20240719 (Red Hat 11.5.0-2) Debian Bullseye Kernel: Depends on container host Compiler: gcc (Debian 10.2.1-6) 10.2.1 20210110 Debian 12 Kernel: Depends on container host Compiler: gcc (Debian 12.2.0-14) 12.2.0 Fedora 40 (Clang) Kernel: Depends on container host Compiler: clang 18.1.8 (Fedora 18.1.8-1.fc40) Fedora 40 Kernel: Depends on container host Compiler: gcc 14.2.1 20240912 (Red Hat 14.2.1-3) Fedora 41 Kernel: Depends on container host Compiler: gcc 14.2.1 20240912 (Red Hat 14.2.1-3) Fedora 41 (Clang) Kernel: Depends on container host Compiler: clang 19.1.5 (Fedora 19.1.5-1.fc41) openSUSE Leap 15 Kernel: Depends on container host Compiler: gcc (SUSE Linux) 7.5.0 RHEL8 Kernel: Depends on container host Compiler: gcc 8.5.0 20210514 (Red Hat 8.5.0-22) RHEL9 Kernel: Depends on container host Compiler: gcc 11.5.0 20240719 (Red Hat 11.5.0-2) Ubuntu 20.04 Kernel: Depends on container host Compiler: gcc (Ubuntu 9.4.0-1ubuntu1~20.04.2) 9.4.0 Ubuntu 22.04 Kernel: Depends on container host Compiler: gcc (Ubuntu 11.4.0-1ubuntu1~22.04) 11.4.0 Alpine Kernel: Depends on container host Compiler: gcc (Alpine 14.2.0) 14.2.0 FreeBSD 13.4 Kernel: 13.4-RELEASE-p1 Compiler: clang 18.1.6 FreeBSD 14.2 Kernel: 14.2-RELEASE Compiler: clang 18.1.6 Ubuntu 24.04 Kernel: Depends on container host Compiler: gcc (Ubuntu 13.3.0-6ubuntu2~24.04) 13.3.0 Windows Server 2022 Kernel: 10.0.20348.2031 Compiler: clang 15.0.7, gcc 14.1.0 (MinGW), and MSVC VS 19.39.33521 To view detailed results, visit: https://lab.dpdk.org/results/dashboard/patchsets/32480/ UNH-IOL DPDK Community Lab To manage your email subscriptions, visit: https://lab.dpdk.org/results/dashboard/preferences/subscriptions/