From mboxrd@z Thu Jan 1 00:00:00 1970 Return-Path: Received: from mails.dpdk.org (mails.dpdk.org [217.70.189.124]) by inbox.dpdk.org (Postfix) with ESMTP id 4C25F46180 for ; Mon, 3 Feb 2025 10:04:19 +0100 (CET) Received: from mails.dpdk.org (localhost [127.0.0.1]) by mails.dpdk.org (Postfix) with ESMTP id 36651402E1; Mon, 3 Feb 2025 10:04:19 +0100 (CET) Received: from mail-oa1-f97.google.com (mail-oa1-f97.google.com [209.85.160.97]) by mails.dpdk.org (Postfix) with ESMTP id CDD7F40264 for ; Mon, 3 Feb 2025 10:04:17 +0100 (CET) Received: by mail-oa1-f97.google.com with SMTP id 586e51a60fabf-2a3d8857a2bso2167587fac.1 for ; Mon, 03 Feb 2025 01:04:17 -0800 (PST) DKIM-Signature: v=1; a=rsa-sha256; c=relaxed/relaxed; d=iol.unh.edu; s=unh-iol; t=1738573457; x=1739178257; darn=dpdk.org; h=references:in-reply-to:cc:to:from:subject:message-id:date:from:to :cc:subject:date:message-id:reply-to; bh=5RI4HvaDRveYWnjBzLvBnHhpJPG0FMY5Ph1w+tFjN04=; b=BHp954PThDQMvCiKDmm39nIdam6bZQs310lR8QvgVxl6Hg/O5+mpuRe+dh4kjL3NAw ZZYnNE5KcHvYu5WagVFl2Be1zProrqqdwe+fH/QYEPoo1J8OqURY2wordVW9OrAfqU0z PcQjSwo1fVskSlUhWNYLlHqIbIFqMpX/lNBo0= X-Google-DKIM-Signature: v=1; a=rsa-sha256; c=relaxed/relaxed; d=1e100.net; s=20230601; t=1738573457; x=1739178257; h=references:in-reply-to:cc:to:from:subject:message-id:date :x-gm-message-state:from:to:cc:subject:date:message-id:reply-to; bh=5RI4HvaDRveYWnjBzLvBnHhpJPG0FMY5Ph1w+tFjN04=; b=Ee4YD+mc5UGWYWX1KIpycZGKummx2Yna/+kIwjtajMWnOQFL10LNNdnUQrdvkkTqu7 tLMCS7Ijhy06gBIet6h+/eDfUPMzPn8h14G2WLVIsO8NJOBq4w4lrTHTSwykOJyeQnps /os0k5lvbdQS/RcHsp6DNrWRVP92hvfpifZuJbpiOOCovn2QFAGY1ZlB7pV9OTcHhyrl rDmyvPhEFJvKCNPLqJJVQtvcxk3E9RrfETDMOMOcKX5PE9wBwwcRP1rv3n5HnyVMLzgO 4Flg2ard//tkkcyF+nw4ZnyM5URu3/ywF0RD/M3pSCQA1G1ZyL+IU7o54Ta0nilOleQO UO5w== X-Gm-Message-State: AOJu0Yzx+e7oGGeqXJ2PIGyrgYLX0q4kX9SmLS1fbPACTmbK0P2mk2RB PYszrYwQIjofRQ0kf6kNjm2NG+/+glkwJYdHVVk6CAX43gPWK4M2u5du6WsWOMdh3aZXifJZ+oa 5jdP/3knCdMF63IARu+5PFUpsvePsdqOU2Q6dTf7p X-Gm-Gg: ASbGnct+2Nqrf77IKQILQVij9MhnAOCmftI2cLBgZAId3C7+2ns9D5HIEAu9x8V/Jml lAFt8H8yi7y8ERtEIc7Gij6Lf2mMIMIiEDMcBO4UvB/sPwk2rDhu0jl2EdF2qCFj7S8NOpOWk02 KBhenKwUWuH8MgEJWwjeAh4/x/OVOWdt6wtliPcpE+rwJtytEMxquTU+DOJBagJeu+j2cHzujet K0a89vTfHm/M55LXWZWBvsLzn0bSazKkRprOPk1amDQZ1uPbjl8HrF6Z7OQX7AzgLC58Tt/9UtG zOVw3tiZIYRFc64TjVPeP7cnUNiRDw== X-Google-Smtp-Source: AGHT+IELNFkvlhx53dT6JPsfk+YVGvJIz88G83L3IGLFVn88C6Byu8rGAvcsd6ty6mIvVPlmM6FWhbx4m62h X-Received: by 2002:a05:6870:7e88:b0:27b:55af:ca2b with SMTP id 586e51a60fabf-2b32f079767mr12276301fac.11.1738573456996; Mon, 03 Feb 2025 01:04:16 -0800 (PST) Received: from postal.iol.unh.edu (postal.iol.unh.edu. [132.177.123.84]) by smtp-relay.gmail.com with ESMTPS id 586e51a60fabf-2b356114976sm652909fac.2.2025.02.03.01.04.16 (version=TLS1_2 cipher=ECDHE-ECDSA-AES128-GCM-SHA256 bits=128/128); Mon, 03 Feb 2025 01:04:16 -0800 (PST) X-Relaying-Domain: iol.unh.edu Date: Mon, 03 Feb 2025 01:04:16 -0800 (PST) Message-ID: <67a08690.050a0220.1d0180.dc46SMTPIN_ADDED_MISSING@mx.google.com> Received: from [172.17.0.4] (unknown [172.18.0.217]) by postal.iol.unh.edu (Postfix) with ESMTP id 73D776052471; Mon, 3 Feb 2025 04:04:16 -0500 (EST) Subject: |FAILURE| pw150794-150795 [PATCH] [v4,2/2] common/idpf: enable AVX2 From: dpdklab@iol.unh.edu To: Test Report Cc: dpdk-test-reports@iol.unh.edu, Shaiq Wani In-Reply-To: <20250203052430.1243485-3-shaiq.wani@intel.com> References: <20250203052430.1243485-3-shaiq.wani@intel.com> Content-Type: text/plain X-BeenThere: test-report@dpdk.org X-Mailman-Version: 2.1.29 Precedence: list List-Id: automatic DPDK test reports List-Unsubscribe: , List-Archive: List-Post: List-Help: List-Subscribe: , Errors-To: test-report-bounces@dpdk.org Test-Label: iol-compile-amd64-testing Test-Status: FAILURE http://dpdk.org/patch/150795 _Testing issues_ Submitter: Shaiq Wani Date: Monday, February 03 2025 05:24:30 DPDK git baseline: Repo:dpdk Branch: master CommitID:abf3b7b7b361f8aa8d75ae00d449b588a0cdcda3 150794-150795 --> testing issues Upstream job id: Generic-DPDK-Compile-Meson#357279 Test environment and result as below: +---------------------+--------------------+------------------+-------------------+-------------------+ | Environment | dpdk_meson_compile | dpdk_compile_ovs | dpdk_compile_spdk | dpdk_msvc_compile | +=====================+====================+==================+===================+===================+ | CentOS Stream 9 | FAIL | WARN | WARN | SKIPPED | +---------------------+--------------------+------------------+-------------------+-------------------+ | Debian Bullseye | FAIL | WARN | WARN | SKIPPED | +---------------------+--------------------+------------------+-------------------+-------------------+ | Debian 12 | FAIL | WARN | WARN | SKIPPED | +---------------------+--------------------+------------------+-------------------+-------------------+ | Fedora 40 (Clang) | FAIL | WARN | WARN | SKIPPED | +---------------------+--------------------+------------------+-------------------+-------------------+ | Fedora 40 | FAIL | WARN | WARN | SKIPPED | +---------------------+--------------------+------------------+-------------------+-------------------+ | Fedora 41 | FAIL | WARN | WARN | SKIPPED | +---------------------+--------------------+------------------+-------------------+-------------------+ | Fedora 41 (Clang) | FAIL | WARN | WARN | SKIPPED | +---------------------+--------------------+------------------+-------------------+-------------------+ | openSUSE Leap 15 | FAIL | SKIPPED | SKIPPED | SKIPPED | +---------------------+--------------------+------------------+-------------------+-------------------+ | RHEL8 | FAIL | WARN | SKIPPED | SKIPPED | +---------------------+--------------------+------------------+-------------------+-------------------+ | RHEL9 | FAIL | WARN | SKIPPED | SKIPPED | +---------------------+--------------------+------------------+-------------------+-------------------+ | Ubuntu 20.04 | FAIL | WARN | SKIPPED | SKIPPED | +---------------------+--------------------+------------------+-------------------+-------------------+ | Ubuntu 22.04 | FAIL | WARN | WARN | SKIPPED | +---------------------+--------------------+------------------+-------------------+-------------------+ | Alpine | PEND | PEND | SKIPPED | SKIPPED | +---------------------+--------------------+------------------+-------------------+-------------------+ | FreeBSD 13.4 | FAIL | SKIPPED | SKIPPED | SKIPPED | +---------------------+--------------------+------------------+-------------------+-------------------+ | FreeBSD 14.2 | FAIL | SKIPPED | SKIPPED | SKIPPED | +---------------------+--------------------+------------------+-------------------+-------------------+ | Ubuntu 24.04 | FAIL | WARN | WARN | SKIPPED | +---------------------+--------------------+------------------+-------------------+-------------------+ | Windows Server 2022 | SKIPPED | SKIPPED | SKIPPED | PASS | +---------------------+--------------------+------------------+-------------------+-------------------+ ==== 20 line log output for Ubuntu 24.04 (dpdk_compile_spdk): ==== --- Failed to get log output --- ==== End log output ==== CentOS Stream 9 Kernel: Depends on container host Compiler: gcc 11.5.0 20240719 (Red Hat 11.5.0-2) Debian Bullseye Kernel: Depends on container host Compiler: gcc (Debian 10.2.1-6) 10.2.1 20210110 Debian 12 Kernel: Depends on container host Compiler: gcc (Debian 12.2.0-14) 12.2.0 Fedora 40 (Clang) Kernel: Depends on container host Compiler: clang 18.1.8 (Fedora 18.1.8-1.fc40) Fedora 40 Kernel: Depends on container host Compiler: gcc 14.2.1 20240912 (Red Hat 14.2.1-3) Fedora 41 Kernel: Depends on container host Compiler: gcc 14.2.1 20240912 (Red Hat 14.2.1-3) Fedora 41 (Clang) Kernel: Depends on container host Compiler: clang 19.1.5 (Fedora 19.1.5-1.fc41) openSUSE Leap 15 Kernel: Depends on container host Compiler: gcc (SUSE Linux) 7.5.0 RHEL8 Kernel: Depends on container host Compiler: gcc 8.5.0 20210514 (Red Hat 8.5.0-22) RHEL9 Kernel: Depends on container host Compiler: gcc 11.5.0 20240719 (Red Hat 11.5.0-2) Ubuntu 20.04 Kernel: Depends on container host Compiler: gcc (Ubuntu 9.4.0-1ubuntu1~20.04.2) 9.4.0 Ubuntu 22.04 Kernel: Depends on container host Compiler: gcc (Ubuntu 11.4.0-1ubuntu1~22.04) 11.4.0 Alpine Kernel: Depends on container host Compiler: gcc (Alpine 14.2.0) 14.2.0 FreeBSD 13.4 Kernel: 13.4-RELEASE-p1 Compiler: clang 18.1.6 FreeBSD 14.2 Kernel: 14.2-RELEASE Compiler: clang 18.1.6 Ubuntu 24.04 Kernel: Depends on container host Compiler: gcc (Ubuntu 13.3.0-6ubuntu2~24.04) 13.3.0 Windows Server 2022 Kernel: 10.0.20348.2031 Compiler: clang 15.0.7, gcc 14.1.0 (MinGW), and MSVC VS 19.39.33521 To view detailed results, visit: https://lab.dpdk.org/results/dashboard/patchsets/32480/ UNH-IOL DPDK Community Lab To manage your email subscriptions, visit: https://lab.dpdk.org/results/dashboard/preferences/subscriptions/