From mboxrd@z Thu Jan 1 00:00:00 1970 Return-Path: Received: from mails.dpdk.org (mails.dpdk.org [217.70.189.124]) by inbox.dpdk.org (Postfix) with ESMTP id 592CF46180 for ; Mon, 3 Feb 2025 10:04:30 +0100 (CET) Received: from mails.dpdk.org (localhost [127.0.0.1]) by mails.dpdk.org (Postfix) with ESMTP id 55DA0402E1; Mon, 3 Feb 2025 10:04:30 +0100 (CET) Received: from mail-il1-f227.google.com (mail-il1-f227.google.com [209.85.166.227]) by mails.dpdk.org (Postfix) with ESMTP id 6DFDD40264 for ; Mon, 3 Feb 2025 10:04:29 +0100 (CET) Received: by mail-il1-f227.google.com with SMTP id e9e14a558f8ab-3ce886a2d5bso36855005ab.1 for ; Mon, 03 Feb 2025 01:04:29 -0800 (PST) DKIM-Signature: v=1; a=rsa-sha256; c=relaxed/relaxed; d=iol.unh.edu; s=unh-iol; t=1738573469; x=1739178269; darn=dpdk.org; h=references:in-reply-to:cc:to:from:subject:message-id:date:from:to :cc:subject:date:message-id:reply-to; bh=JRcgp6T31KmfaI4toNSv7FtCtonTdeNRNpqMEm2INoQ=; b=VjX8S8671+0olNx5HblbFzOjIA7KB5RUBtNSCcDUeuE4j2FVauoBxOvSEQsjyulxNa qWKx3I3729H6IXFD6hUpJAQIa3j6jzYrxG5009qnetmhof99+Pf3XyVjfgkrsGrlkLr1 F/3n5jfY6xOeVrjuNkRxdPl+93EfoqEarlExw= X-Google-DKIM-Signature: v=1; a=rsa-sha256; c=relaxed/relaxed; d=1e100.net; s=20230601; t=1738573469; x=1739178269; h=references:in-reply-to:cc:to:from:subject:message-id:date :x-gm-message-state:from:to:cc:subject:date:message-id:reply-to; bh=JRcgp6T31KmfaI4toNSv7FtCtonTdeNRNpqMEm2INoQ=; b=jd1mOQYb22LMCJKG+3LaiiMVKZuac95CtngVUmvIeACEg0D5o8o0F9ACgDr6Kq41/L wCkQwBW21lOtwQJFpWtphLipF+en8qAJHfpbOGrKNnrvnBA3iGZwKz6h1LELsHzxPD/A H13ZU3za1hAUlxC7FJipkVeVO2Oiwj8saWGN4pC1xHv5vOF8eshFWsHZI0PpWt4koLeD Hs/LeMZsMhaIMsS2jDZ4C3bijX5KDViUBhv1egykyfxFL+sQiIM/RUqroV+FCVGJQc47 ZJYDA5x9Wu5rwntfJ6S+5SNbvL3ZAmubi44LTmGZ4EAs6C0rFXvK4MMaoytF6bfIDU62 Q89g== X-Gm-Message-State: AOJu0YyYwMr4TYIrnm9nkaLfHmeDFCtOiQ7wzp5F3Qixy/SovHr16WS5 8TlRQ/0ytHta2tLPj1HdYw67k9fwomlz3Dy4LCFJQqxU6s2GnGuDQfKgFeCMBEhQTng2CY0bnWP a8tlFeQhrrKsUw0aLH0c6QPWIuMUyo/2pZD515I0N X-Gm-Gg: ASbGncvFOIoQKel24Gb5keLOS81lUwPlujKJHCXfj0DjqwqD6ZQ7AI1G2yHuwGwiiwn 9LzNeYidGYCpbGZuLYEa5wWDIlkmeSGehtFt0RRzPjC6zHfgLPy3oda6XOgtJUw9XdDL9FtzYjf 1qmjuGyVOmgu2K5AeE5KpA7WI3op4X9UrZN3X6yAo04GyNSNg9dX3TqDFMMvOqcnYxJrBtNnjnm oEVNzlCOOAuBstArjqk6Jk2egBAC584zEnjlwifQX4qVZGsw+agw7tNTfx0R+nFxbbLgY+Yk967 YlcRKmGn4Re8ehKmaxEcTYi3pQL3Rg== X-Google-Smtp-Source: AGHT+IGY10xLo8lcwpFQ7egLBSuMm81AR1eMTlJMwJncoD3o8jbn/gPuzNtu+cRHgFJubRhpfqMXN1MMRsk+ X-Received: by 2002:a92:c241:0:b0:3d0:137a:8ca2 with SMTP id e9e14a558f8ab-3d0137a8dd0mr142721955ab.22.1738573468810; Mon, 03 Feb 2025 01:04:28 -0800 (PST) Received: from postal.iol.unh.edu (postal.iol.unh.edu. [132.177.123.84]) by smtp-relay.gmail.com with ESMTPS id e9e14a558f8ab-3d00a5ec285sm6743175ab.46.2025.02.03.01.04.28 (version=TLS1_2 cipher=ECDHE-ECDSA-AES128-GCM-SHA256 bits=128/128); Mon, 03 Feb 2025 01:04:28 -0800 (PST) X-Relaying-Domain: iol.unh.edu Date: Mon, 03 Feb 2025 01:04:28 -0800 (PST) Message-ID: <67a0869c.050a0220.33ac59.efcbSMTPIN_ADDED_MISSING@mx.google.com> Received: from [172.21.0.5] (unknown [172.18.0.240]) by postal.iol.unh.edu (Postfix) with ESMTP id 5284C6052471; Mon, 3 Feb 2025 04:04:28 -0500 (EST) Subject: |FAILURE| pw150794-150795 [PATCH] [v4,2/2] common/idpf: enable AVX2 From: dpdklab@iol.unh.edu To: Test Report Cc: dpdk-test-reports@iol.unh.edu, Shaiq Wani In-Reply-To: <20250203052430.1243485-3-shaiq.wani@intel.com> References: <20250203052430.1243485-3-shaiq.wani@intel.com> Content-Type: text/plain X-BeenThere: test-report@dpdk.org X-Mailman-Version: 2.1.29 Precedence: list List-Id: automatic DPDK test reports List-Unsubscribe: , List-Archive: List-Post: List-Help: List-Subscribe: , Errors-To: test-report-bounces@dpdk.org Test-Label: iol-compile-amd64-testing Test-Status: FAILURE http://dpdk.org/patch/150795 _Testing issues_ Submitter: Shaiq Wani Date: Monday, February 03 2025 05:24:30 DPDK git baseline: Repo:dpdk Branch: master CommitID:abf3b7b7b361f8aa8d75ae00d449b588a0cdcda3 150794-150795 --> testing issues Upstream job id: Generic-DPDK-Compile-Meson#357282 Test environment and result as below: +---------------------+--------------------+------------------+-------------------+-------------------+ | Environment | dpdk_meson_compile | dpdk_compile_ovs | dpdk_compile_spdk | dpdk_msvc_compile | +=====================+====================+==================+===================+===================+ | CentOS Stream 9 | FAIL | WARN | WARN | SKIPPED | +---------------------+--------------------+------------------+-------------------+-------------------+ | Debian Bullseye | FAIL | WARN | WARN | SKIPPED | +---------------------+--------------------+------------------+-------------------+-------------------+ | Debian 12 | FAIL | WARN | WARN | SKIPPED | +---------------------+--------------------+------------------+-------------------+-------------------+ | Fedora 40 (Clang) | FAIL | WARN | WARN | SKIPPED | +---------------------+--------------------+------------------+-------------------+-------------------+ | Fedora 40 | FAIL | WARN | WARN | SKIPPED | +---------------------+--------------------+------------------+-------------------+-------------------+ | Fedora 41 | FAIL | WARN | WARN | SKIPPED | +---------------------+--------------------+------------------+-------------------+-------------------+ | Fedora 41 (Clang) | FAIL | WARN | WARN | SKIPPED | +---------------------+--------------------+------------------+-------------------+-------------------+ | openSUSE Leap 15 | FAIL | SKIPPED | SKIPPED | SKIPPED | +---------------------+--------------------+------------------+-------------------+-------------------+ | RHEL8 | FAIL | WARN | SKIPPED | SKIPPED | +---------------------+--------------------+------------------+-------------------+-------------------+ | RHEL9 | FAIL | WARN | SKIPPED | SKIPPED | +---------------------+--------------------+------------------+-------------------+-------------------+ | Ubuntu 20.04 | FAIL | WARN | SKIPPED | SKIPPED | +---------------------+--------------------+------------------+-------------------+-------------------+ | Ubuntu 22.04 | FAIL | WARN | WARN | SKIPPED | +---------------------+--------------------+------------------+-------------------+-------------------+ | Alpine | PEND | PEND | SKIPPED | SKIPPED | +---------------------+--------------------+------------------+-------------------+-------------------+ | FreeBSD 13.4 | FAIL | SKIPPED | SKIPPED | SKIPPED | +---------------------+--------------------+------------------+-------------------+-------------------+ | FreeBSD 14.2 | FAIL | SKIPPED | SKIPPED | SKIPPED | +---------------------+--------------------+------------------+-------------------+-------------------+ | Ubuntu 24.04 | FAIL | WARN | WARN | SKIPPED | +---------------------+--------------------+------------------+-------------------+-------------------+ | Windows Server 2022 | SKIPPED | SKIPPED | SKIPPED | PASS | +---------------------+--------------------+------------------+-------------------+-------------------+ ==== 20 line log output for Ubuntu 24.04 (dpdk_compile_spdk): ==== --- Failed to get log output --- ==== End log output ==== CentOS Stream 9 Kernel: Depends on container host Compiler: gcc 11.5.0 20240719 (Red Hat 11.5.0-2) Debian Bullseye Kernel: Depends on container host Compiler: gcc (Debian 10.2.1-6) 10.2.1 20210110 Debian 12 Kernel: Depends on container host Compiler: gcc (Debian 12.2.0-14) 12.2.0 Fedora 40 (Clang) Kernel: Depends on container host Compiler: clang 18.1.8 (Fedora 18.1.8-1.fc40) Fedora 40 Kernel: Depends on container host Compiler: gcc 14.2.1 20240912 (Red Hat 14.2.1-3) Fedora 41 Kernel: Depends on container host Compiler: gcc 14.2.1 20240912 (Red Hat 14.2.1-3) Fedora 41 (Clang) Kernel: Depends on container host Compiler: clang 19.1.5 (Fedora 19.1.5-1.fc41) openSUSE Leap 15 Kernel: Depends on container host Compiler: gcc (SUSE Linux) 7.5.0 RHEL8 Kernel: Depends on container host Compiler: gcc 8.5.0 20210514 (Red Hat 8.5.0-22) RHEL9 Kernel: Depends on container host Compiler: gcc 11.5.0 20240719 (Red Hat 11.5.0-2) Ubuntu 20.04 Kernel: Depends on container host Compiler: gcc (Ubuntu 9.4.0-1ubuntu1~20.04.2) 9.4.0 Ubuntu 22.04 Kernel: Depends on container host Compiler: gcc (Ubuntu 11.4.0-1ubuntu1~22.04) 11.4.0 Alpine Kernel: Depends on container host Compiler: gcc (Alpine 14.2.0) 14.2.0 FreeBSD 13.4 Kernel: 13.4-RELEASE-p1 Compiler: clang 18.1.6 FreeBSD 14.2 Kernel: 14.2-RELEASE Compiler: clang 18.1.6 Ubuntu 24.04 Kernel: Depends on container host Compiler: gcc (Ubuntu 13.3.0-6ubuntu2~24.04) 13.3.0 Windows Server 2022 Kernel: 10.0.20348.2031 Compiler: clang 15.0.7, gcc 14.1.0 (MinGW), and MSVC VS 19.39.33521 To view detailed results, visit: https://lab.dpdk.org/results/dashboard/patchsets/32480/ UNH-IOL DPDK Community Lab To manage your email subscriptions, visit: https://lab.dpdk.org/results/dashboard/preferences/subscriptions/