From mboxrd@z Thu Jan 1 00:00:00 1970 Return-Path: Received: from mails.dpdk.org (mails.dpdk.org [217.70.189.124]) by inbox.dpdk.org (Postfix) with ESMTP id E55C54618A for ; Tue, 4 Feb 2025 09:20:48 +0100 (CET) Received: from mails.dpdk.org (localhost [127.0.0.1]) by mails.dpdk.org (Postfix) with ESMTP id BE3C640661; Tue, 4 Feb 2025 09:20:48 +0100 (CET) Received: from mail-ua1-f100.google.com (mail-ua1-f100.google.com [209.85.222.100]) by mails.dpdk.org (Postfix) with ESMTP id A689040265 for ; Tue, 4 Feb 2025 09:20:47 +0100 (CET) Received: by mail-ua1-f100.google.com with SMTP id a1e0cc1a2514c-85b88a685e6so2417280241.2 for ; Tue, 04 Feb 2025 00:20:47 -0800 (PST) DKIM-Signature: v=1; a=rsa-sha256; c=relaxed/relaxed; d=iol.unh.edu; s=unh-iol; t=1738657247; x=1739262047; darn=dpdk.org; h=cc:to:from:subject:message-id:date:from:to:cc:subject:date :message-id:reply-to; bh=jJMDKNz/PEMEMBpQNxfWUD2WWbb+TVykEJwJQuHf31Y=; b=RutwBmldqdvcJwqIRArmIJ7HxODlsJAEQ6ecSI77tsd2fEslCuF8gdnilry5LxWo9u fYNLAj7VzQCM9VrPEYyzeW3XwI5HckJ8ZdCLvGLtHXmGtBxKt8rFeVmO73a03puu4Iiq M1x1w3OVu6daCP28okgrWVljFMvC+ER3LaUns= X-Google-DKIM-Signature: v=1; a=rsa-sha256; c=relaxed/relaxed; d=1e100.net; s=20230601; t=1738657247; x=1739262047; h=cc:to:from:subject:message-id:date:x-gm-message-state:from:to:cc :subject:date:message-id:reply-to; bh=jJMDKNz/PEMEMBpQNxfWUD2WWbb+TVykEJwJQuHf31Y=; b=mcpvgUxlq4EO4Mm4cpdj4qkbGvfmH1XwXDP7jHwzB1O8fZsWxhCq78ka9R4mRczhnH VZrIEP5P6+TxNDYTdtKsTKTVS5doOPGUtievr+ExWA0EVC5ABNnXrRptY4FNJpJoli4Y yPeL4wQLwANbBRtU6Y+/wjsmoq/8KpjaORZAchk42iA0MiyTi129NKQOSYABPRjYQP/d WivAFj+hb4wE8pdrPDOcSox18e9O8Ck5x47kaP+2vjn+fwhdJNddy8tJfFUYXrRFd3cf vZFHLTsCvFnwJAq3ekhq5KXlax0iCGRs48j4wDDmXmSBuQZZm44yAdKFAVPxIPb519Fg mRAQ== X-Gm-Message-State: AOJu0YwOsgVm920SzNjTClg8As6TFPzaPXRYxd1lLkfmrqEtZzj1Ke5H i0oHEGw80lSUWY4sTmXRPWJWfryg7TmRzunXPGbS8dklIhZg55Omm1BDdCjdJz3PRQ5df1r0KYW IlSt9XjdQhpPjL8eY/Y3bkvmQF4gdXy7Y X-Gm-Gg: ASbGncsn98Mh+DFuZdmLcHfHtXIjZjHFNaoh9FTNRQHe4Acu44sz8i9K2PcSVrIdv1H X4atMRdP+pJhCc5ZF8nYy07ros5yBr4RJdOxMbWSY3arnO7NVYrvsiFccoWGpKHH40NECh/GaoX Cm6eOCYs0Ba68/9cy2Id9eOEeS3ptsScAOBBCQI55aIWQKElo4evglecWGgOyXvhcuMmOw32Eqz cjhSZzbZRnsZ4wPPHKjEdpoXRPdwOvh7L3klGlSxESeC8N53z23ZHW/CqwQwsJ9ify49F+bC5ni E9X52Q/xDyYhYV/1T6Sv/OLbmYcbWQ== X-Google-Smtp-Source: AGHT+IGzQGmzAmo8Ul5QRWpGrV/9JX7IM1l4NesBXjl/fULtIif6AzHg5gk2ppJoOfARV0QLGRbrmF3HvCtN X-Received: by 2002:a05:6102:5e8:b0:4b9:b97c:6bc6 with SMTP id ada2fe7eead31-4b9b97c7100mr10069630137.17.1738657246942; Tue, 04 Feb 2025 00:20:46 -0800 (PST) Received: from postal.iol.unh.edu (postal.iol.unh.edu. [132.177.123.84]) by smtp-relay.gmail.com with ESMTPS id ada2fe7eead31-4b9bab34f17sm206521137.2.2025.02.04.00.20.46 (version=TLS1_2 cipher=ECDHE-ECDSA-AES128-GCM-SHA256 bits=128/128); Tue, 04 Feb 2025 00:20:46 -0800 (PST) X-Relaying-Domain: iol.unh.edu Date: Tue, 04 Feb 2025 00:20:46 -0800 (PST) Message-ID: <67a1cdde.050a0220.78089.8465SMTPIN_ADDED_MISSING@mx.google.com> Received: from [172.21.0.5] (unknown [172.18.0.240]) by postal.iol.unh.edu (Postfix) with ESMTP id 837C46052471; Tue, 4 Feb 2025 03:20:46 -0500 (EST) Subject: |FAILURE| [GIT MASTER] 7ce7d3341d7e21c2a81f2fea8e451681d7306d77 From: dpdklab@iol.unh.edu To: Test Report Cc: dpdk-test-reports@iol.unh.edu, Xueming Li , Christian Ehrhardt , Kevin Traynor , Luca Boccassi Content-Type: text/plain X-BeenThere: test-report@dpdk.org X-Mailman-Version: 2.1.29 Precedence: list List-Id: automatic DPDK test reports List-Unsubscribe: , List-Archive: List-Post: List-Help: List-Subscribe: , Errors-To: test-report-bounces@dpdk.org _Testing issues_ Branch: tags/v22.11 7ce7d3341d7e21c2a81f2fea8e451681d7306d77 --> testing issues Upstream job id: Generic-Unit-Test-DPDK#311361 Test environment and result as below: +---------------------+----------------+ | Environment | dpdk_unit_test | +=====================+================+ | Fedora 41 (Clang) | FAIL | +---------------------+----------------+ | Debian Bullseye | FAIL | +---------------------+----------------+ | CentOS Stream 9 | FAIL | +---------------------+----------------+ | Fedora 40 | FAIL | +---------------------+----------------+ | Debian 12 | FAIL | +---------------------+----------------+ | Fedora 41 | FAIL | +---------------------+----------------+ | Fedora 40 (Clang) | FAIL | +---------------------+----------------+ | RHEL8 | FAIL | +---------------------+----------------+ | Ubuntu 24.04 | FAIL | +---------------------+----------------+ | RHEL9 | FAIL | +---------------------+----------------+ | Ubuntu 20.04 | FAIL | +---------------------+----------------+ | Ubuntu 22.04 | FAIL | +---------------------+----------------+ | Windows Server 2022 | FAIL | +---------------------+----------------+ ==== Unit test summary for Windows Server 2022 (dpdk_unit_test): ==== Failed to get the unit test results. Displaying the unit test results is not supported for some environments, such as our aarch32 testing, where meson is not used to run the tests. Download the logs available on our CI site. ==== End log output ==== Fedora 41 (Clang) Kernel: Depends on container host Compiler: clang 19.1.5 (Fedora 19.1.5-1.fc41) Debian Bullseye Kernel: Depends on container host Compiler: gcc (Debian 10.2.1-6) 10.2.1 20210110 CentOS Stream 9 Kernel: Depends on container host Compiler: gcc 11.5.0 20240719 (Red Hat 11.5.0-2) Fedora 40 Kernel: Depends on container host Compiler: gcc 14.2.1 20240912 (Red Hat 14.2.1-3) Debian 12 Kernel: Depends on container host Compiler: gcc (Debian 12.2.0-14) 12.2.0 Fedora 41 Kernel: Depends on container host Compiler: gcc 14.2.1 20240912 (Red Hat 14.2.1-3) Fedora 40 (Clang) Kernel: Depends on container host Compiler: clang 18.1.8 (Fedora 18.1.8-1.fc40) RHEL8 Kernel: Depends on container host Compiler: gcc 8.5.0 20210514 (Red Hat 8.5.0-22) Ubuntu 24.04 Kernel: Depends on container host Compiler: gcc (Ubuntu 13.3.0-6ubuntu2~24.04) 13.3.0 RHEL9 Kernel: Depends on container host Compiler: gcc 11.5.0 20240719 (Red Hat 11.5.0-2) Ubuntu 20.04 Kernel: Depends on container host Compiler: gcc (Ubuntu 9.4.0-1ubuntu1~20.04.2) 9.4.0 Ubuntu 22.04 Kernel: Depends on container host Compiler: gcc (Ubuntu 11.4.0-1ubuntu1~22.04) 11.4.0 Windows Server 2022 Kernel: 10.0.20348.2031 Compiler: clang 15.0.7, gcc 14.1.0 (MinGW), and MSVC VS 19.39.33521 To view detailed results, visit: https://lab.dpdk.org/results/dashboard/tarballs/32432/ UNH-IOL DPDK Community Lab To manage your email subscriptions, visit: https://lab.dpdk.org/results/dashboard/preferences/subscriptions/