automatic DPDK test reports
 help / color / mirror / Atom feed
From: dpdklab@iol.unh.edu
To: Test Report <test-report@dpdk.org>
Cc: dpdk-test-reports@iol.unh.edu, Shaiq Wani <shaiq.wani@intel.com>
Subject: |FAILURE| pw150796-150797 [PATCH] [v5,2/2] common/idpf: enable AVX2
Date: Tue, 04 Feb 2025 07:51:07 -0800 (PST)	[thread overview]
Message-ID: <67a2376b.050a0220.1631b6.5c04SMTPIN_ADDED_MISSING@mx.google.com> (raw)
In-Reply-To: <20250203075508.1304702-3-shaiq.wani@intel.com>

Test-Label: iol-unit-amd64-testing
Test-Status: FAILURE
http://dpdk.org/patch/150797

_Testing issues_

Submitter: Shaiq Wani <shaiq.wani@intel.com>
Date: Monday, February 03 2025 07:55:08 
DPDK git baseline: Repo:dpdk
  Branch: master
  CommitID:abf3b7b7b361f8aa8d75ae00d449b588a0cdcda3

150796-150797 --> testing issues

Upstream job id: Generic-Unit-Test-DPDK#311424

Test environment and result as below:

+---------------------+----------------+
|     Environment     | dpdk_unit_test |
+=====================+================+
| RHEL8               | PASS           |
+---------------------+----------------+
| Ubuntu 20.04        | PEND           |
+---------------------+----------------+
| CentOS Stream 9     | WARN           |
+---------------------+----------------+
| Fedora 41           | PEND           |
+---------------------+----------------+
| Debian 12           | PEND           |
+---------------------+----------------+
| Fedora 41 (Clang)   | PEND           |
+---------------------+----------------+
| RHEL9               | PEND           |
+---------------------+----------------+
| Fedora 40 (Clang)   | PEND           |
+---------------------+----------------+
| Ubuntu 22.04        | PEND           |
+---------------------+----------------+
| Debian Bullseye     | PEND           |
+---------------------+----------------+
| Ubuntu 24.04        | PEND           |
+---------------------+----------------+
| Fedora 40           | PEND           |
+---------------------+----------------+
| Windows Server 2022 | PEND           |
+---------------------+----------------+

==== 20 line log output for CentOS Stream 9 (dpdk_unit_test): ====
Compiler for C supports arguments -Wcast-qual: YES
Compiler for C supports arguments -Wdeprecated: YES
Compiler for C supports arguments -Wformat: YES
Compiler for C supports arguments -Wformat-nonliteral: YES
Compiler for C supports arguments -Wformat-security: YES
Compiler for C supports arguments -Wmissing-declarations: YES
Compiler for C supports arguments -Wmissing-prototypes: YES
Compiler for C supports arguments -Wnested-externs: YES
Compiler for C supports arguments -Wold-style-definition: YES
Compiler for C supports arguments -Wpointer-arith: YES
Compiler for C supports arguments -Wsign-compare: YES
Compiler for C supports arguments -Wstrict-prototypes: YES
Compiler for C supports arguments -Wundef: YES
Compiler for C supports arguments -Wwrite-strings: YES
Compiler for C supports arguments -Wno-packed-not-aligned: YES
Compiler for C supports arguments -Wno-missing-field-initializers: YES

config/arm/meson.build:792:16: ERROR: Problem encountered: Error when getting Arm Implementer ID and part number.

A full log can be found at /home-local/jenkins-local/jenkins-agent/workspace/Generic-Unit-Test-DPDK@2/dpdk/build/meson-logs/meson-log.txt
==== End log output ====

RHEL8
	Kernel: Depends on container host
	Compiler: gcc 8.5.0 20210514 (Red Hat 8.5.0-22)

Ubuntu 20.04
	Kernel: Depends on container host
	Compiler: gcc (Ubuntu 9.4.0-1ubuntu1~20.04.2) 9.4.0

CentOS Stream 9
	Kernel: Depends on container host
	Compiler: gcc 11.5.0 20240719 (Red Hat 11.5.0-2)

Fedora 41
	Kernel: Depends on container host
	Compiler: gcc 14.2.1 20240912 (Red Hat 14.2.1-3)

Debian 12
	Kernel: Depends on container host
	Compiler: gcc (Debian 12.2.0-14) 12.2.0

Fedora 41 (Clang)
	Kernel: Depends on container host
	Compiler: clang 19.1.5 (Fedora 19.1.5-1.fc41)

RHEL9
	Kernel: Depends on container host
	Compiler: gcc 11.5.0 20240719 (Red Hat 11.5.0-2)

Fedora 40 (Clang)
	Kernel: Depends on container host
	Compiler: clang 18.1.8 (Fedora 18.1.8-1.fc40)

Ubuntu 22.04
	Kernel: Depends on container host
	Compiler: gcc (Ubuntu 11.4.0-1ubuntu1~22.04) 11.4.0

Debian Bullseye
	Kernel: Depends on container host
	Compiler: gcc (Debian 10.2.1-6) 10.2.1 20210110

Ubuntu 24.04
	Kernel: Depends on container host
	Compiler: gcc (Ubuntu 13.3.0-6ubuntu2~24.04) 13.3.0

Fedora 40
	Kernel: Depends on container host
	Compiler: gcc 14.2.1 20240912 (Red Hat 14.2.1-3)

Windows Server 2022
	Kernel: 10.0.20348.2031
	Compiler: clang 15.0.7, gcc 14.1.0 (MinGW), and MSVC VS 19.39.33521

To view detailed results, visit:
https://lab.dpdk.org/results/dashboard/patchsets/32481/

UNH-IOL DPDK Community Lab

To manage your email subscriptions, visit: 
https://lab.dpdk.org/results/dashboard/preferences/subscriptions/

  parent reply	other threads:[~2025-02-04 15:51 UTC|newest]

Thread overview: 30+ messages / expand[flat|nested]  mbox.gz  Atom feed  top
     [not found] <20250203075508.1304702-3-shaiq.wani@intel.com>
2025-02-03  7:11 ` |SUCCESS| pw150796-150797 [PATCH v5 2/2] common/idpf: enable AVX2 for single queue Tx qemudev
2025-02-03  7:15 ` qemudev
2025-02-03  7:23 ` qemudev
2025-02-03  7:29 ` qemudev
2025-02-03  7:41 ` |SUCCESS| pw150797 " checkpatch
2025-02-03  8:44 ` 0-day Robot
2025-02-03  9:46 ` |SUCCESS| pw150796-150797 [PATCH] [v5,2/2] common/idpf: enable AVX2 dpdklab
2025-02-03  9:55 ` dpdklab
2025-02-03  9:56 ` |PENDING| " dpdklab
2025-02-03 10:05 ` dpdklab
2025-02-03 10:10 ` |SUCCESS| " dpdklab
2025-02-03 10:20 ` |PENDING| " dpdklab
2025-02-03 10:26 ` |SUCCESS| " dpdklab
2025-02-03 10:47 ` dpdklab
2025-02-03 11:09 ` dpdklab
2025-02-03 11:16 ` |WARNING| " dpdklab
2025-02-03 11:23 ` |SUCCESS| " dpdklab
2025-02-03 11:53 ` dpdklab
2025-02-04  2:59 ` dpdklab
2025-02-04 15:46 ` |FAILURE| " dpdklab
2025-02-04 15:51 ` dpdklab [this message]
2025-02-04 15:52 ` |PENDING| " dpdklab
2025-02-04 15:56 ` |SUCCESS| " dpdklab
2025-02-04 15:58 ` |PENDING| " dpdklab
2025-02-04 16:09 ` |SUCCESS| " dpdklab
2025-02-04 16:15 ` |PENDING| " dpdklab
2025-02-04 16:19 ` |SUCCESS| " dpdklab
2025-02-04 16:19 ` dpdklab
2025-02-04 16:39 ` |WARNING| " dpdklab
2025-02-04 17:03 ` |SUCCESS| " dpdklab

Reply instructions:

You may reply publicly to this message via plain-text email
using any one of the following methods:

* Save the following mbox file, import it into your mail client,
  and reply-to-all from there: mbox

  Avoid top-posting and favor interleaved quoting:
  https://en.wikipedia.org/wiki/Posting_style#Interleaved_style

* Reply using the --to, --cc, and --in-reply-to
  switches of git-send-email(1):

  git send-email \
    --in-reply-to=67a2376b.050a0220.1631b6.5c04SMTPIN_ADDED_MISSING@mx.google.com \
    --to=dpdklab@iol.unh.edu \
    --cc=dpdk-test-reports@iol.unh.edu \
    --cc=shaiq.wani@intel.com \
    --cc=test-report@dpdk.org \
    /path/to/YOUR_REPLY

  https://kernel.org/pub/software/scm/git/docs/git-send-email.html

* If your mail client supports setting the In-Reply-To header
  via mailto: links, try the mailto: link
Be sure your reply has a Subject: header at the top and a blank line before the message body.
This is a public inbox, see mirroring instructions
for how to clone and mirror all data and code used for this inbox;
as well as URLs for NNTP newsgroup(s).