From: dpdklab@iol.unh.edu
To: Test Report <test-report@dpdk.org>
Cc: dpdk-test-reports@iol.unh.edu
Subject: |SUCCESS| pw150868-150889 [PATCH] [v20,27/27] config: add -Wvla proj
Date: Tue, 04 Feb 2025 10:29:32 -0800 (PST) [thread overview]
Message-ID: <67a25c8c.050a0220.145a59.9116SMTPIN_ADDED_MISSING@mx.google.com> (raw)
In-Reply-To: <1738686124-16173-28-git-send-email-andremue@linux.microsoft.com>
Test-Label: iol-sample-apps-testing
Test-Status: SUCCESS
http://dpdk.org/patch/150889
_Testing PASS_
Submitter: Andre Muezerie <andremue@linux.microsoft.com>
Date: Tuesday, February 04 2025 16:22:04
DPDK git baseline: Repo:dpdk
Branch: master
CommitID:dc4ce7c2538b713e16887eb598da309bc7b4d528
150868-150889 --> testing pass
Upstream job id: Template-DTS-Pipeline#210501
Test environment and result as below:
+--------------------+----------------------+
| Environment | compressdev_zlib_pmd |
+====================+======================+
| Ubuntu 22.04 (ARM) | PASS |
+--------------------+----------------------+
Ubuntu 22.04 (ARM)
Kernel: 5.15.0-97-generic
Compiler: gcc gcc (Ubuntu 11.4.0-1ubuntu1~22.04) 11.4.0
To view detailed results, visit:
https://lab.dpdk.org/results/dashboard/patchsets/32489/
UNH-IOL DPDK Community Lab
To manage your email subscriptions, visit:
https://lab.dpdk.org/results/dashboard/preferences/subscriptions/
next prev parent reply other threads:[~2025-02-04 18:29 UTC|newest]
Thread overview: 16+ messages / expand[flat|nested] mbox.gz Atom feed top
[not found] <1738686124-16173-28-git-send-email-andremue@linux.microsoft.com>
2025-02-04 16:21 ` |SUCCESS| pw150868-150889 [PATCH v20 27/27] config: add -Wvla project-wide qemudev
2025-02-04 16:25 ` qemudev
2025-02-04 16:26 ` |SUCCESS| pw150889 " checkpatch
2025-02-04 18:17 ` |SUCCESS| pw150868-150889 [PATCH] [v20,27/27] config: add -Wvla proj dpdklab
2025-02-04 18:22 ` dpdklab
2025-02-04 18:26 ` |FAILURE| " dpdklab
2025-02-04 18:29 ` |PENDING| " dpdklab
2025-02-04 18:29 ` dpdklab [this message]
2025-02-04 18:44 ` |FAILURE| " dpdklab
2025-02-04 18:47 ` |PENDING| " dpdklab
2025-02-04 18:50 ` dpdklab
2025-02-04 19:03 ` dpdklab
2025-02-04 19:18 ` |SUCCESS| " dpdklab
2025-02-04 19:57 ` |PENDING| " dpdklab
2025-02-04 20:25 ` |SUCCESS| " dpdklab
2025-02-04 20:26 ` dpdklab
Reply instructions:
You may reply publicly to this message via plain-text email
using any one of the following methods:
* Save the following mbox file, import it into your mail client,
and reply-to-all from there: mbox
Avoid top-posting and favor interleaved quoting:
https://en.wikipedia.org/wiki/Posting_style#Interleaved_style
* Reply using the --to, --cc, and --in-reply-to
switches of git-send-email(1):
git send-email \
--in-reply-to=67a25c8c.050a0220.145a59.9116SMTPIN_ADDED_MISSING@mx.google.com \
--to=dpdklab@iol.unh.edu \
--cc=dpdk-test-reports@iol.unh.edu \
--cc=test-report@dpdk.org \
/path/to/YOUR_REPLY
https://kernel.org/pub/software/scm/git/docs/git-send-email.html
* If your mail client supports setting the In-Reply-To header
via mailto: links, try the mailto: link
Be sure your reply has a Subject: header at the top and a blank line
before the message body.
This is a public inbox, see mirroring instructions
for how to clone and mirror all data and code used for this inbox;
as well as URLs for NNTP newsgroup(s).