From: dpdklab@iol.unh.edu
To: Test Report <test-report@dpdk.org>
Cc: dpdk-test-reports@iol.unh.edu
Subject: |SUCCESS| pw150865 [PATCH] [RFC] ci: Add support for Cirrus-CI servi
Date: Tue, 04 Feb 2025 11:53:25 -0800 (PST) [thread overview]
Message-ID: <67a27035.050a0220.191309.23e0SMTPIN_ADDED_MISSING@mx.google.com> (raw)
In-Reply-To: <20250204160739.1603197-1-aconole@redhat.com>
Test-Label: iol-compile-amd64-testing
Test-Status: SUCCESS
http://dpdk.org/patch/150865
_Testing PASS_
Submitter: Aaron Conole <aconole@redhat.com>
Date: Tuesday, February 04 2025 16:07:39
DPDK git baseline: Repo:dpdk
Branch: master
CommitID:dc4ce7c2538b713e16887eb598da309bc7b4d528
150865 --> testing pass
Upstream job id: Windows-Compile-DPDK-VS#4808
Test environment and result as below:
+---------------------+-------------------+--------------------+
| Environment | dpdk_msvc_compile | dpdk_meson_compile |
+=====================+===================+====================+
| Windows Server 2022 | PASS | SKIPPED |
+---------------------+-------------------+--------------------+
| FreeBSD 13.4 | SKIPPED | PASS |
+---------------------+-------------------+--------------------+
| FreeBSD 14.2 | SKIPPED | PASS |
+---------------------+-------------------+--------------------+
Windows Server 2022
Kernel: 10.0.20348.2031
Compiler: clang 15.0.7, gcc 14.1.0 (MinGW), and MSVC VS 19.39.33521
FreeBSD 13.4
Kernel: 13.4-RELEASE-p1
Compiler: clang 18.1.6
FreeBSD 14.2
Kernel: 14.2-RELEASE
Compiler: clang 18.1.6
To view detailed results, visit:
https://lab.dpdk.org/results/dashboard/patchsets/32488/
UNH-IOL DPDK Community Lab
To manage your email subscriptions, visit:
https://lab.dpdk.org/results/dashboard/preferences/subscriptions/
next prev parent reply other threads:[~2025-02-04 19:53 UTC|newest]
Thread overview: 27+ messages / expand[flat|nested] mbox.gz Atom feed top
[not found] <20250204160739.1603197-1-aconole@redhat.com>
2025-02-04 16:27 ` |SUCCESS| pw150865 [RFC] ci: Add support for Cirrus-CI service to test FreeBSD qemudev
2025-02-04 16:31 ` qemudev
2025-02-04 18:45 ` |SUCCESS| pw150865 [PATCH] [RFC] ci: Add support for Cirrus-CI servi dpdklab
2025-02-04 19:01 ` dpdklab
2025-02-04 19:04 ` dpdklab
2025-02-04 19:14 ` |FAILURE| " dpdklab
2025-02-04 19:16 ` |SUCCESS| " dpdklab
2025-02-04 19:21 ` |PENDING| " dpdklab
2025-02-04 19:23 ` dpdklab
2025-02-04 19:39 ` dpdklab
2025-02-04 19:40 ` |SUCCESS| " dpdklab
2025-02-04 19:44 ` dpdklab
2025-02-04 19:53 ` dpdklab [this message]
2025-02-04 19:59 ` |PENDING| " dpdklab
2025-02-04 20:05 ` |SUCCESS| " dpdklab
2025-02-04 20:53 ` dpdklab
2025-02-04 20:54 ` dpdklab
2025-02-04 20:54 ` |PENDING| " dpdklab
2025-02-04 20:58 ` dpdklab
2025-02-04 21:08 ` |SUCCESS| " dpdklab
2025-02-04 21:13 ` dpdklab
2025-02-04 21:26 ` dpdklab
2025-02-04 22:18 ` dpdklab
2025-02-04 22:32 ` dpdklab
2025-02-04 22:42 ` |PENDING| " dpdklab
2025-02-04 22:54 ` |SUCCESS| " dpdklab
2025-02-04 23:05 ` |SUCCESS| pw150865 [RFC] ci: Add support for Cirrus-CI service to test FreeBSD 0-day Robot
Reply instructions:
You may reply publicly to this message via plain-text email
using any one of the following methods:
* Save the following mbox file, import it into your mail client,
and reply-to-all from there: mbox
Avoid top-posting and favor interleaved quoting:
https://en.wikipedia.org/wiki/Posting_style#Interleaved_style
* Reply using the --to, --cc, and --in-reply-to
switches of git-send-email(1):
git send-email \
--in-reply-to=67a27035.050a0220.191309.23e0SMTPIN_ADDED_MISSING@mx.google.com \
--to=dpdklab@iol.unh.edu \
--cc=dpdk-test-reports@iol.unh.edu \
--cc=test-report@dpdk.org \
/path/to/YOUR_REPLY
https://kernel.org/pub/software/scm/git/docs/git-send-email.html
* If your mail client supports setting the In-Reply-To header
via mailto: links, try the mailto: link
Be sure your reply has a Subject: header at the top and a blank line
before the message body.
This is a public inbox, see mirroring instructions
for how to clone and mirror all data and code used for this inbox;
as well as URLs for NNTP newsgroup(s).