* |SUCCESS| pw150868-150889 [PATCH v20 27/27] config: add -Wvla project-wide
[not found] <1738686124-16173-28-git-send-email-andremue@linux.microsoft.com>
@ 2025-02-04 16:21 ` qemudev
2025-02-04 16:25 ` qemudev
` (16 subsequent siblings)
17 siblings, 0 replies; 18+ messages in thread
From: qemudev @ 2025-02-04 16:21 UTC (permalink / raw)
To: test-report
Test-Label: loongarch-compilation
Test-Status: SUCCESS
http://dpdk.org/patch/150889
_Compilation OK_
Submitter: Andre Muezerie <andremue@linux.microsoft.com>
Date: Tue, 4 Feb 2025 08:21:38 -0800
DPDK git baseline: Repo:dpdk
Branch: main
CommitID: dc4ce7c2538b713e16887eb598da309bc7b4d528
150868-150889 --> meson & ninja build successfully
Test environment and result as below:
+---------------------+----------------+
| Environment | compilation |
+---------------------+----------------+
| Loongnix-Server 8.3 | PASS |
+---------------------+----------------+
Loongnix-Server 8.3
Kernel: 4.19.190+
Compiler: gcc 8.3
^ permalink raw reply [flat|nested] 18+ messages in thread
* |SUCCESS| pw150868-150889 [PATCH v20 27/27] config: add -Wvla project-wide
[not found] <1738686124-16173-28-git-send-email-andremue@linux.microsoft.com>
2025-02-04 16:21 ` |SUCCESS| pw150868-150889 [PATCH v20 27/27] config: add -Wvla project-wide qemudev
@ 2025-02-04 16:25 ` qemudev
2025-02-04 16:26 ` |SUCCESS| pw150889 " checkpatch
` (15 subsequent siblings)
17 siblings, 0 replies; 18+ messages in thread
From: qemudev @ 2025-02-04 16:25 UTC (permalink / raw)
To: test-report
Test-Label: loongarch-unit-testing
Test-Status: SUCCESS
http://dpdk.org/patch/150889
_Unit Testing PASS_
Submitter: Andre Muezerie <andremue@linux.microsoft.com>
Date: Tue, 4 Feb 2025 08:21:38 -0800
DPDK git baseline: Repo:dpdk
Branch: main
CommitID: dc4ce7c2538b713e16887eb598da309bc7b4d528
150868-150889 --> testing pass
Test environment and result as below:
+---------------------+----------------+
| Environment | dpdk_unit_test |
+---------------------+----------------+
| Loongnix-Server 8.3 | PASS |
+---------------------+----------------+
Loongnix-Server 8.3
Kernel: 4.19.190+
Compiler: gcc 8.3
Test result details:
1/119 DPDK:fast-tests / acl_autotest OK 3.20s
2/119 DPDK:fast-tests / alarm_autotest OK 1.34s
3/119 DPDK:fast-tests / argparse_autotest OK 0.33s
4/119 DPDK:fast-tests / atomic_autotest OK 6.90s
5/119 DPDK:fast-tests / bitcount_autotest OK 0.20s
6/119 DPDK:fast-tests / bitmap_autotest OK 0.20s
7/119 DPDK:fast-tests / bitops_autotest OK 1.70s
8/119 DPDK:fast-tests / bitratestats_autotest OK 0.20s
9/119 DPDK:fast-tests / bitset_autotest OK 2.87s
10/119 DPDK:fast-tests / bpf_autotest OK 0.20s
11/119 DPDK:fast-tests / bpf_convert_autotest OK 0.20s
12/119 DPDK:fast-tests / byteorder_autotest OK 0.19s
13/119 DPDK:fast-tests / cfgfile_autotest OK 0.20s
14/119 DPDK:fast-tests / cksum_autotest OK 0.19s
15/119 DPDK:fast-tests / cmdline_autotest OK 0.20s
16/119 DPDK:fast-tests / common_autotest OK 1.08s
17/119 DPDK:fast-tests / compressdev_autotest SKIP 0.06s exit status 77
18/119 DPDK:fast-tests / cpuflags_autotest OK 0.20s
19/119 DPDK:fast-tests / crc_autotest OK 0.20s
20/119 DPDK:fast-tests / user_delay_us OK 0.19s
21/119 DPDK:fast-tests / debug_autotest OK 17.15s
22/119 DPDK:fast-tests / devargs_autotest OK 0.20s
23/119 DPDK:fast-tests / dispatcher_autotest OK 2.46s
24/119 DPDK:fast-tests / distributor_autotest OK 1.20s
25/119 DPDK:fast-tests / eal_flags_c_opt_autotest OK 0.78s
26/119 DPDK:fast-tests / eal_flags_main_opt_autotest OK 0.21s
27/119 DPDK:fast-tests / eal_flags_n_opt_autotest OK 0.19s
28/119 DPDK:fast-tests / eal_flags_hpet_autotest OK 0.13s
29/119 DPDK:fast-tests / eal_flags_no_huge_autotest OK 0.21s
30/119 DPDK:fast-tests / eal_flags_a_opt_autotest OK 0.29s
31/119 DPDK:fast-tests / eal_flags_b_opt_autotest OK 0.24s
32/119 DPDK:fast-tests / eal_flags_vdev_opt_autotest OK 0.19s
33/119 DPDK:fast-tests / eal_flags_r_opt_autotest OK 0.18s
34/119 DPDK:fast-tests / eal_flags_mem_autotest OK 0.58s
35/119 DPDK:fast-tests / eal_flags_file_prefix_autotest OK 22.24s
36/119 DPDK:fast-tests / eal_flags_misc_autotest OK 1.01s
37/119 DPDK:fast-tests / eal_fs_autotest OK 0.20s
38/119 DPDK:fast-tests / errno_autotest OK 0.19s
39/119 DPDK:fast-tests / ethdev_link_status OK 0.19s
40/119 DPDK:fast-tests / event_eth_tx_adapter_autotest OK 1.67s
41/119 DPDK:fast-tests / event_ring_autotest OK 0.21s
42/119 DPDK:fast-tests / eventdev_common_autotest OK 0.20s
43/119 DPDK:fast-tests / eventdev_selftest_sw OK 7.00s
44/119 DPDK:fast-tests / fbarray_autotest OK 0.20s
45/119 DPDK:fast-tests / fib_autotest OK 1.12s
46/119 DPDK:fast-tests / fib6_autotest OK 0.89s
47/119 DPDK:fast-tests / func_reentrancy_autotest OK 2.15s
48/119 DPDK:fast-tests / graph_autotest OK 0.21s
49/119 DPDK:fast-tests / node_list_dump OK 0.19s
50/119 DPDK:fast-tests / hash_autotest OK 0.83s
51/119 DPDK:fast-tests / hash_readwrite_func_autotest OK 6.38s
52/119 DPDK:fast-tests / interrupt_autotest OK 1.51s
53/119 DPDK:fast-tests / ipfrag_autotest OK 0.06s
54/119 DPDK:fast-tests / ipsec_autotest SKIP 0.21s exit status 77
55/119 DPDK:fast-tests / kvargs_autotest OK 0.20s
56/119 DPDK:fast-tests / latencystats_autotest OK 0.20s
57/119 DPDK:fast-tests / lcore_var_autotest OK 0.35s
58/119 DPDK:fast-tests / lcores_autotest OK 5.01s
59/119 DPDK:fast-tests / logs_autotest OK 0.19s
60/119 DPDK:fast-tests / lpm_autotest OK 2.24s
61/119 DPDK:fast-tests / lpm6_autotest OK 5.33s
62/119 DPDK:fast-tests / malloc_autotest OK 58.35s
63/119 DPDK:fast-tests / mbuf_autotest OK 4.76s
64/119 DPDK:fast-tests / mcslock_autotest OK 2.96s
65/119 DPDK:fast-tests / member_autotest OK 1.44s
66/119 DPDK:fast-tests / memcpy_autotest OK 6.47s
67/119 DPDK:fast-tests / memory_autotest OK 0.09s
68/119 DPDK:fast-tests / mempool_autotest OK 0.43s
69/119 DPDK:fast-tests / memzone_autotest OK 0.14s
70/119 DPDK:fast-tests / meter_autotest OK 0.20s
71/119 DPDK:fast-tests / metrics_autotest OK 0.20s
72/119 DPDK:fast-tests / multiprocess_autotest OK 0.17s
73/119 DPDK:fast-tests / net_ether_autotest OK 0.86s
74/119 DPDK:fast-tests / net_ipv6_autotest OK 0.19s
75/119 DPDK:fast-tests / pcapng_autotest OK 6.39s
76/119 DPDK:fast-tests / pdcp_autotest SKIP 0.06s exit status 77
77/119 DPDK:fast-tests / pdump_autotest OK 0.30s
78/119 DPDK:fast-tests / per_lcore_autotest OK 0.30s
79/119 DPDK:fast-tests / pflock_autotest OK 1.01s
80/119 DPDK:fast-tests / pie_autotest OK 0.20s
81/119 DPDK:fast-tests / ring_pmd_autotest OK 0.20s
82/119 DPDK:fast-tests / power_autotest OK 0.19s
83/119 DPDK:fast-tests / power_cpufreq_autotest SKIP 0.06s exit status 77
84/119 DPDK:fast-tests / power_intel_uncore_autotest SKIP 0.20s exit status 77
85/119 DPDK:fast-tests / power_kvm_vm_autotest SKIP 0.06s exit status 77
86/119 DPDK:fast-tests / prefetch_autotest OK 0.20s
87/119 DPDK:fast-tests / ptr_compress_autotest OK 0.19s
88/119 DPDK:fast-tests / rawdev_autotest OK 0.19s
89/119 DPDK:fast-tests / rcu_qsbr_autotest OK 0.72s
90/119 DPDK:fast-tests / reorder_autotest OK 0.25s
91/119 DPDK:fast-tests / rib_autotest OK 8.83s
92/119 DPDK:fast-tests / rib6_autotest OK 8.81s
93/119 DPDK:fast-tests / ring_autotest OK 0.23s
94/119 DPDK:fast-tests / rwlock_test1_autotest OK 0.94s
95/119 DPDK:fast-tests / rwlock_rda_autotest OK 5.20s
96/119 DPDK:fast-tests / rwlock_rds_wrm_autotest OK 5.20s
97/119 DPDK:fast-tests / rwlock_rde_wro_autotest OK 5.46s
98/119 DPDK:fast-tests / sched_autotest OK 0.45s
99/119 DPDK:fast-tests / security_autotest OK 0.06s
100/119 DPDK:fast-tests / seqlock_autotest OK 2.43s
101/119 DPDK:fast-tests / service_autotest OK 3.13s
102/119 DPDK:fast-tests / soring_autotest OK 0.44s
103/119 DPDK:fast-tests / spinlock_autotest OK 0.51s
104/119 DPDK:fast-tests / stack_autotest OK 0.87s
105/119 DPDK:fast-tests / stack_lf_autotest SKIP 0.06s exit status 77
106/119 DPDK:fast-tests / string_autotest OK 0.43s
107/119 DPDK:fast-tests / table_autotest OK 7.83s
108/119 DPDK:fast-tests / tailq_autotest OK 0.43s
109/119 DPDK:fast-tests / telemetry_data_autotest OK 0.44s
110/119 DPDK:fast-tests / telemetry_json_autotest OK 0.53s
111/119 DPDK:fast-tests / thash_autotest OK 0.54s
112/119 DPDK:fast-tests / threads_autotest OK 0.73s
113/119 DPDK:fast-tests / ticketlock_autotest OK 0.69s
114/119 DPDK:fast-tests / timer_autotest OK 3.86s
115/119 DPDK:fast-tests / trace_autotest OK 0.31s
116/119 DPDK:fast-tests / trace_autotest_with_traces OK 0.31s
117/119 DPDK:fast-tests / vdev_autotest OK 0.30s
118/119 DPDK:fast-tests / version_autotest OK 0.31s
119/119 DPDK:fast-tests / telemetry_all OK 1.28s
Ok: 112
Expected Fail: 0
Fail: 0
Unexpected Pass: 0
Skipped: 7
Timeout: 0
^ permalink raw reply [flat|nested] 18+ messages in thread
* |SUCCESS| pw150889 [PATCH v20 27/27] config: add -Wvla project-wide
[not found] <1738686124-16173-28-git-send-email-andremue@linux.microsoft.com>
2025-02-04 16:21 ` |SUCCESS| pw150868-150889 [PATCH v20 27/27] config: add -Wvla project-wide qemudev
2025-02-04 16:25 ` qemudev
@ 2025-02-04 16:26 ` checkpatch
2025-02-04 18:17 ` |SUCCESS| pw150868-150889 [PATCH] [v20,27/27] config: add -Wvla proj dpdklab
` (14 subsequent siblings)
17 siblings, 0 replies; 18+ messages in thread
From: checkpatch @ 2025-02-04 16:26 UTC (permalink / raw)
To: test-report
Test-Label: checkpatch
Test-Status: SUCCESS
http://dpdk.org/patch/150889
_coding style OK_
^ permalink raw reply [flat|nested] 18+ messages in thread
* |SUCCESS| pw150868-150889 [PATCH] [v20,27/27] config: add -Wvla proj
[not found] <1738686124-16173-28-git-send-email-andremue@linux.microsoft.com>
` (2 preceding siblings ...)
2025-02-04 16:26 ` |SUCCESS| pw150889 " checkpatch
@ 2025-02-04 18:17 ` dpdklab
2025-02-04 18:22 ` dpdklab
` (13 subsequent siblings)
17 siblings, 0 replies; 18+ messages in thread
From: dpdklab @ 2025-02-04 18:17 UTC (permalink / raw)
To: Test Report; +Cc: dpdk-test-reports
Test-Label: iol-marvell-Functional
Test-Status: SUCCESS
http://dpdk.org/patch/150889
_Functional Testing PASS_
Submitter: Andre Muezerie <andremue@linux.microsoft.com>
Date: Tuesday, February 04 2025 16:22:04
DPDK git baseline: Repo:dpdk
Branch: master
CommitID:dc4ce7c2538b713e16887eb598da309bc7b4d528
150868-150889 --> functional testing pass
Upstream job id: Template-DTS-Pipeline#210499
Test environment and result as below:
Ubuntu 20.04.6
Kernel: 5.4.105
Compiler: gcc 9.4
NIC: Marvell CN106XX 50000 Mbps
Target: arm64-native-linuxapp-gcc
Aggregate Results by Test Suite
+-----------------+--------+
| Test Suite | Result |
+=================+========+
| cmdline | PASS |
+-----------------+--------+
| ipv4_reassembly | PASS |
+-----------------+--------+
| rxtx_callbacks | PASS |
+-----------------+--------+
| tso | PASS |
+-----------------+--------+
To view detailed results, visit:
https://lab.dpdk.org/results/dashboard/patchsets/32489/
UNH-IOL DPDK Community Lab
To manage your email subscriptions, visit:
https://lab.dpdk.org/results/dashboard/preferences/subscriptions/
^ permalink raw reply [flat|nested] 18+ messages in thread
* |SUCCESS| pw150868-150889 [PATCH] [v20,27/27] config: add -Wvla proj
[not found] <1738686124-16173-28-git-send-email-andremue@linux.microsoft.com>
` (3 preceding siblings ...)
2025-02-04 18:17 ` |SUCCESS| pw150868-150889 [PATCH] [v20,27/27] config: add -Wvla proj dpdklab
@ 2025-02-04 18:22 ` dpdklab
2025-02-04 18:26 ` |FAILURE| " dpdklab
` (12 subsequent siblings)
17 siblings, 0 replies; 18+ messages in thread
From: dpdklab @ 2025-02-04 18:22 UTC (permalink / raw)
To: Test Report; +Cc: dpdk-test-reports
Test-Label: iol-intel-Functional
Test-Status: SUCCESS
http://dpdk.org/patch/150889
_Functional Testing PASS_
Submitter: Andre Muezerie <andremue@linux.microsoft.com>
Date: Tuesday, February 04 2025 16:22:04
DPDK git baseline: Repo:dpdk
Branch: master
CommitID:dc4ce7c2538b713e16887eb598da309bc7b4d528
150868-150889 --> functional testing pass
Upstream job id: Template-DTS-Pipeline#210496
Test environment and result as below:
Ubuntu 20.04
Kernel: 5.4.0-122-generic
Compiler: gcc 9.4.0
NIC: Intel Corporation Ethernet Converged Network Adapter 82599ES 10000 Mbps
Aggregate Results by Test Suite
+-----------------------------+--------+
| Test Suite | Result |
+=============================+========+
| unit_tests_mbuf | PASS |
+-----------------------------+--------+
| vhost_virtio_user_interrupt | PASS |
+-----------------------------+--------+
| virtio_smoke | PASS |
+-----------------------------+--------+
To view detailed results, visit:
https://lab.dpdk.org/results/dashboard/patchsets/32489/
UNH-IOL DPDK Community Lab
To manage your email subscriptions, visit:
https://lab.dpdk.org/results/dashboard/preferences/subscriptions/
^ permalink raw reply [flat|nested] 18+ messages in thread
* |FAILURE| pw150868-150889 [PATCH] [v20,27/27] config: add -Wvla proj
[not found] <1738686124-16173-28-git-send-email-andremue@linux.microsoft.com>
` (4 preceding siblings ...)
2025-02-04 18:22 ` dpdklab
@ 2025-02-04 18:26 ` dpdklab
2025-02-04 18:29 ` |PENDING| " dpdklab
` (11 subsequent siblings)
17 siblings, 0 replies; 18+ messages in thread
From: dpdklab @ 2025-02-04 18:26 UTC (permalink / raw)
To: Georgii Tkachuk, Qian Xu, Lijuan Tu, Test Report, Ferruh Yigit
Cc: dpdk-test-reports, Andre Muezerie
Test-Label: iol-intel-Performance
Test-Status: FAILURE
http://dpdk.org/patch/150889
_Performance Testing issues_
Submitter: Andre Muezerie <andremue@linux.microsoft.com>
Date: Tuesday, February 04 2025 16:22:04
DPDK git baseline: Repo:dpdk
Branch: master
CommitID:dc4ce7c2538b713e16887eb598da309bc7b4d528
150868-150889 --> performance testing issues
Upstream job id: Template-DTS-Pipeline#210490
Test environment and result as below:
Ubuntu 20.04
Kernel: 5.4.0-122-generic
Compiler: gcc 9.4.0
NIC: Intel Corporation Ethernet Converged Network Adapter XL710-QDA2 40000 Mbps
Fail/Total: 0/1
Detail performance results:
The measurement deltas are not ready yet! Please check back later.
Ubuntu 20.04
Kernel: 5.4.0-122-generic
Compiler: gcc 9.4.0
NIC: Intel Corporation Ethernet Converged Network Adapter 82599ES 10000 Mbps
Fail/Total: 0/6
Detail performance results:
+----------+-------------+---------+------------+------------------------------+
| num_cpus | num_threads | txd/rxd | frame_size | throughput difference from |
| | | | | expected |
+==========+=============+=========+============+==============================+
| 1 | 2 | 128 | 64 | -1.5% |
+----------+-------------+---------+------------+------------------------------+
| 1 | 2 | 512 | 64 | 0.1% |
+----------+-------------+---------+------------+------------------------------+
| 1 | 2 | 2048 | 64 | 0.1% |
+----------+-------------+---------+------------+------------------------------+
| 1 | 1 | 128 | 64 | -1.0% |
+----------+-------------+---------+------------+------------------------------+
| 1 | 1 | 512 | 64 | -0.6% |
+----------+-------------+---------+------------+------------------------------+
| 1 | 1 | 2048 | 64 | 0.1% |
+----------+-------------+---------+------------+------------------------------+
22.04
Kernel: 5.15.0-94-generic
Compiler: gcc 11.4.0
NIC: Intel E810 100000 Mbps
Fail/Total: 1/4
Failed cases list:
- DTS https://dpdklab.iol.unh.edu/results/testcases/1/
Detail performance results:
+------------+---------+----------+-------------+------------------------------+
| frame_size | txd/rxd | num_cpus | num_threads | throughput difference from |
| | | | | expected |
+============+=========+==========+=============+==============================+
| 64 | 512 | 1 | 2 | -2.8% |
+------------+---------+----------+-------------+------------------------------+
| 64 | 2048 | 1 | 2 | -0.2% |
+------------+---------+----------+-------------+------------------------------+
| 64 | 512 | 1 | 1 | -8.8% |
+------------+---------+----------+-------------+------------------------------+
| 64 | 2048 | 1 | 1 | 9.5% |
+------------+---------+----------+-------------+------------------------------+
To view detailed results, visit:
https://lab.dpdk.org/results/dashboard/patchsets/32489/
UNH-IOL DPDK Community Lab
To manage your email subscriptions, visit:
https://lab.dpdk.org/results/dashboard/preferences/subscriptions/
^ permalink raw reply [flat|nested] 18+ messages in thread
* |PENDING| pw150868-150889 [PATCH] [v20,27/27] config: add -Wvla proj
[not found] <1738686124-16173-28-git-send-email-andremue@linux.microsoft.com>
` (5 preceding siblings ...)
2025-02-04 18:26 ` |FAILURE| " dpdklab
@ 2025-02-04 18:29 ` dpdklab
2025-02-04 18:29 ` |SUCCESS| " dpdklab
` (10 subsequent siblings)
17 siblings, 0 replies; 18+ messages in thread
From: dpdklab @ 2025-02-04 18:29 UTC (permalink / raw)
To: Test Report; +Cc: dpdk-test-reports
Test-Label: iol-compile-arm64-testing
Test-Status: PENDING
http://dpdk.org/patch/150889
_Testing pending_
Submitter: Andre Muezerie <andremue@linux.microsoft.com>
Date: Tuesday, February 04 2025 16:22:04
DPDK git baseline: Repo:dpdk
Branch: master
CommitID:dc4ce7c2538b713e16887eb598da309bc7b4d528
150868-150889 --> testing pending
Upstream job id: Generic-DPDK-Compile-Meson#357626
Test environment and result as below:
+----------------------------------------+--------------------+
| Environment | dpdk_meson_compile |
+========================================+====================+
| RHEL9 (ARM) | PEND |
+----------------------------------------+--------------------+
| Fedora 40 (ARM) | PEND |
+----------------------------------------+--------------------+
| Ubuntu 20.04 ARM SVE | PASS |
+----------------------------------------+--------------------+
| Debian 12 with MUSDK | PEND |
+----------------------------------------+--------------------+
| Fedora 41 (ARM Clang) | PEND |
+----------------------------------------+--------------------+
| Fedora 40 (ARM Clang) | PEND |
+----------------------------------------+--------------------+
| Ubuntu 24.04 (ARM) | PEND |
+----------------------------------------+--------------------+
| Ubuntu 20.04 (ARM) | PEND |
+----------------------------------------+--------------------+
| Fedora 41 (ARM) | PEND |
+----------------------------------------+--------------------+
| Ubuntu 22.04 (ARM) | PEND |
+----------------------------------------+--------------------+
| Ubuntu 20.04 aarch32 GCC Cross Compile | PEND |
+----------------------------------------+--------------------+
| Debian 11 (Buster) (ARM) | PEND |
+----------------------------------------+--------------------+
| Debian 12 (arm) | PEND |
+----------------------------------------+--------------------+
| CentOS Stream 9 (ARM) | PEND |
+----------------------------------------+--------------------+
| Ubuntu 20.04 ARM Clang Cross Compile | PEND |
+----------------------------------------+--------------------+
RHEL9 (ARM)
Kernel: Depends on container host
Compiler: gcc 11.5.0 20240719 (Red Hat 11.5.0-2)
Fedora 40 (ARM)
Kernel: Depends on container host
Compiler: gcc 14.2.1 20240912 (Red Hat 14.2.1-3)
Ubuntu 20.04 ARM SVE
Kernel: Depends on container host
Compiler: gcc (Ubuntu 10.5.0-1ubuntu1~20.04) 10.5.0
Debian 12 with MUSDK
Kernel: Depends on container host
Compiler: gcc (Debian 12.2.0-14) 12.2.0
Fedora 41 (ARM Clang)
Kernel: Depends on container host
Compiler: clang 19.1.5 (Fedora 19.1.5-1.fc41)
Fedora 40 (ARM Clang)
Kernel: Depends on container host
Compiler: clang 18.1.8 (Fedora 18.1.8-1.fc40)
Ubuntu 24.04 (ARM)
Kernel: Depends on container host
Compiler: gcc (Ubuntu 13.3.0-6ubuntu2~24.04) 13.3.0
Ubuntu 20.04 (ARM)
Kernel: Depends on container host
Compiler: gcc (Ubuntu 9.4.0-1ubuntu1~20.04.2) 9.4.0
Fedora 41 (ARM)
Kernel: Depends on container host
Compiler: gcc 14.2.1 20240912 (Red Hat 14.2.1-3)
Ubuntu 22.04 (ARM)
Kernel: Depends on container host
Compiler: gcc (Ubuntu 11.4.0-1ubuntu1~22.04) 11.4.0
Ubuntu 20.04 aarch32 GCC Cross Compile
Kernel: Depends on container host
Compiler: gcc 9.4.0
Debian 11 (Buster) (ARM)
Kernel: Depends on container host
Compiler: gcc (Debian 10.2.1-6) 10.2.1 20210110
Debian 12 (arm)
Kernel: Depends on container host
Compiler: gcc (Debian 12.2.0-14) 12.2.0
CentOS Stream 9 (ARM)
Kernel: Depends on container host
Compiler: gcc 11.5.0 20240719 (Red Hat 11.5.0-2)
Ubuntu 20.04 ARM Clang Cross Compile
Kernel: Depends on container host
Compiler: clang 10.0.0-4ubuntu1
To view detailed results, visit:
https://lab.dpdk.org/results/dashboard/patchsets/32489/
UNH-IOL DPDK Community Lab
To manage your email subscriptions, visit:
https://lab.dpdk.org/results/dashboard/preferences/subscriptions/
^ permalink raw reply [flat|nested] 18+ messages in thread
* |SUCCESS| pw150868-150889 [PATCH] [v20,27/27] config: add -Wvla proj
[not found] <1738686124-16173-28-git-send-email-andremue@linux.microsoft.com>
` (6 preceding siblings ...)
2025-02-04 18:29 ` |PENDING| " dpdklab
@ 2025-02-04 18:29 ` dpdklab
2025-02-04 18:44 ` |FAILURE| " dpdklab
` (9 subsequent siblings)
17 siblings, 0 replies; 18+ messages in thread
From: dpdklab @ 2025-02-04 18:29 UTC (permalink / raw)
To: Test Report; +Cc: dpdk-test-reports
Test-Label: iol-sample-apps-testing
Test-Status: SUCCESS
http://dpdk.org/patch/150889
_Testing PASS_
Submitter: Andre Muezerie <andremue@linux.microsoft.com>
Date: Tuesday, February 04 2025 16:22:04
DPDK git baseline: Repo:dpdk
Branch: master
CommitID:dc4ce7c2538b713e16887eb598da309bc7b4d528
150868-150889 --> testing pass
Upstream job id: Template-DTS-Pipeline#210501
Test environment and result as below:
+--------------------+----------------------+
| Environment | compressdev_zlib_pmd |
+====================+======================+
| Ubuntu 22.04 (ARM) | PASS |
+--------------------+----------------------+
Ubuntu 22.04 (ARM)
Kernel: 5.15.0-97-generic
Compiler: gcc gcc (Ubuntu 11.4.0-1ubuntu1~22.04) 11.4.0
To view detailed results, visit:
https://lab.dpdk.org/results/dashboard/patchsets/32489/
UNH-IOL DPDK Community Lab
To manage your email subscriptions, visit:
https://lab.dpdk.org/results/dashboard/preferences/subscriptions/
^ permalink raw reply [flat|nested] 18+ messages in thread
* |FAILURE| pw150868-150889 [PATCH] [v20,27/27] config: add -Wvla proj
[not found] <1738686124-16173-28-git-send-email-andremue@linux.microsoft.com>
` (7 preceding siblings ...)
2025-02-04 18:29 ` |SUCCESS| " dpdklab
@ 2025-02-04 18:44 ` dpdklab
2025-02-04 18:47 ` |PENDING| " dpdklab
` (8 subsequent siblings)
17 siblings, 0 replies; 18+ messages in thread
From: dpdklab @ 2025-02-04 18:44 UTC (permalink / raw)
To: Test Report; +Cc: dpdk-test-reports, Andre Muezerie
Test-Label: iol-compile-arm64-testing
Test-Status: FAILURE
http://dpdk.org/patch/150889
_Testing issues_
Submitter: Andre Muezerie <andremue@linux.microsoft.com>
Date: Tuesday, February 04 2025 16:22:04
DPDK git baseline: Repo:dpdk
Branch: master
CommitID:dc4ce7c2538b713e16887eb598da309bc7b4d528
150868-150889 --> testing issues
Upstream job id: Generic-DPDK-Compile-Meson#357627
Test environment and result as below:
+----------------------------------------+--------------------+
| Environment | dpdk_meson_compile |
+========================================+====================+
| RHEL9 (ARM) | PEND |
+----------------------------------------+--------------------+
| Fedora 40 (ARM) | PEND |
+----------------------------------------+--------------------+
| Ubuntu 20.04 ARM SVE | PASS |
+----------------------------------------+--------------------+
| Debian 12 with MUSDK | FAIL |
+----------------------------------------+--------------------+
| Fedora 41 (ARM Clang) | PEND |
+----------------------------------------+--------------------+
| Fedora 40 (ARM Clang) | PEND |
+----------------------------------------+--------------------+
| Ubuntu 24.04 (ARM) | PEND |
+----------------------------------------+--------------------+
| Ubuntu 20.04 (ARM) | PEND |
+----------------------------------------+--------------------+
| Fedora 41 (ARM) | PEND |
+----------------------------------------+--------------------+
| Ubuntu 22.04 (ARM) | PEND |
+----------------------------------------+--------------------+
| Ubuntu 20.04 aarch32 GCC Cross Compile | PEND |
+----------------------------------------+--------------------+
| Debian 11 (Buster) (ARM) | PEND |
+----------------------------------------+--------------------+
| Debian 12 (arm) | PEND |
+----------------------------------------+--------------------+
| CentOS Stream 9 (ARM) | PEND |
+----------------------------------------+--------------------+
| Ubuntu 20.04 ARM Clang Cross Compile | PEND |
+----------------------------------------+--------------------+
==== 20 line log output for Debian 12 with MUSDK (dpdk_meson_compile): ====
[788/1173] Compiling C object drivers/libtmp_rte_net_mvneta.a.p/net_mvneta_mvneta_rxtx.c.o
FAILED: drivers/libtmp_rte_net_mvneta.a.p/net_mvneta_mvneta_rxtx.c.o
ccache aarch64-linux-gnu-gcc -Idrivers/libtmp_rte_net_mvneta.a.p -Idrivers -I../drivers -Idrivers/net/mvneta -I../drivers/net/mvneta -Ilib/ethdev -I../lib/ethdev -I. -I.. -Iconfig -I../config -Ilib/eal/include -I../lib/eal/include -Ilib/eal/linux/include -I../lib/eal/linux/include -Ilib/eal/arm/include -I../lib/eal/arm/include -I../kernel/linux -Ilib/eal/common -I../lib/eal/common -Ilib/eal -I../lib/eal -Ilib/kvargs -I../lib/kvargs -Ilib/log -I../lib/log -Ilib/metrics -I../lib/metrics -Ilib/telemetry -I../lib/telemetry -Ilib/net -I../lib/net -Ilib/mbuf -I../lib/mbuf -Ilib/mempool -I../lib/mempool -Ilib/ring -I../lib/ring -Ilib/meter -I../lib/meter -Idrivers/bus/pci -I../drivers/bus/pci -I../drivers/bus/pci/linux -Ilib/pci -I../lib/pci -Idrivers/bus/vdev -I../drivers/bus/vdev -Ilib/cfgfile -I../lib/cfgfile -Idrivers/common/mvep -I../drivers/common/mvep -I/mvneta/musdk_bin/include -fdiagnostics-color=always -pipe -D_FILE_OFFSET_BITS=64 -Wall -Winvalid-pch -Wextra -Werror -std=c11 -O3 -
include rte_config.h -Wvla -Wcast-qual -Wdeprecated -Wformat -Wformat-nonliteral -Wformat-security -Wmissing-declarations -Wmissing-prototypes -Wnested-externs -Wold-style-definition -Wpointer-arith -Wsign-compare -Wstrict-prototypes -Wundef -Wwrite-strings -Wno-packed-not-aligned -Wno-missing-field-initializers -D_GNU_SOURCE -fPIC -DMVCONF_TYPES_PUBLIC -DMVCONF_DMA_PHYS_ADDR_T_PUBLIC -DMVCONF_DMA_PHYS_ADDR_T_SIZE=64 -mcpu=cortex-a72 -DALLOW_EXPERIMENTAL_API -DALLOW_INTERNAL_API -Wno-format-truncation -Wno-address-of-packed-member -DRTE_LOG_DEFAULT_LOGTYPE=pmd.net.mvneta -MD -MQ drivers/libtmp_rte_net_mvneta.a.p/net_mvneta_mvneta_rxtx.c.o -MF drivers/libtmp_rte_net_mvneta.a.p/net_mvneta_mvneta_rxtx.c.o.d -o drivers/libtmp_rte_net_mvneta.a.p/net_mvneta_mvneta_rxtx.c.o -c ../drivers/net/mvneta/mvneta_rxtx.c
../drivers/net/mvneta/mvneta_rxtx.c: In function 'mvneta_tx_pkt_burst':
../drivers/net/mvneta/mvneta_rxtx.c:380:16: error: ISO C90 forbids variable length array 'descs' [-Werror=vla]
380 | struct neta_ppio_desc descs[nb_pkts];
| ^~~~~~~~~~~~~~
../drivers/net/mvneta/mvneta_rxtx.c: In function 'mvneta_tx_sg_pkt_burst':
../drivers/net/mvneta/mvneta_rxtx.c:462:16: error: ISO C90 forbids variable length array 'descs' [-Werror=vla]
462 | struct neta_ppio_desc descs[nb_pkts * NETA_PPIO_DESC_NUM_FRAGS];
| ^~~~~~~~~~~~~~
../drivers/net/mvneta/mvneta_rxtx.c:464:9: error: ISO C90 forbids variable length array 'frags' [-Werror=vla]
464 | uint8_t frags[nb_pkts];
| ^~~~~~~
../drivers/net/mvneta/mvneta_rxtx.c: In function 'mvneta_rx_pkt_burst':
../drivers/net/mvneta/mvneta_rxtx.c:618:16: error: ISO C90 forbids variable length array 'descs' [-Werror=vla]
618 | struct neta_ppio_desc descs[nb_pkts];
| ^~~~~~~~~~~~~~
cc1: all warnings being treated as errors
ninja: build stopped: subcommand failed.
==== End log output ====
RHEL9 (ARM)
Kernel: Depends on container host
Compiler: gcc 11.5.0 20240719 (Red Hat 11.5.0-2)
Fedora 40 (ARM)
Kernel: Depends on container host
Compiler: gcc 14.2.1 20240912 (Red Hat 14.2.1-3)
Ubuntu 20.04 ARM SVE
Kernel: Depends on container host
Compiler: gcc (Ubuntu 10.5.0-1ubuntu1~20.04) 10.5.0
Debian 12 with MUSDK
Kernel: Depends on container host
Compiler: gcc (Debian 12.2.0-14) 12.2.0
Fedora 41 (ARM Clang)
Kernel: Depends on container host
Compiler: clang 19.1.5 (Fedora 19.1.5-1.fc41)
Fedora 40 (ARM Clang)
Kernel: Depends on container host
Compiler: clang 18.1.8 (Fedora 18.1.8-1.fc40)
Ubuntu 24.04 (ARM)
Kernel: Depends on container host
Compiler: gcc (Ubuntu 13.3.0-6ubuntu2~24.04) 13.3.0
Ubuntu 20.04 (ARM)
Kernel: Depends on container host
Compiler: gcc (Ubuntu 9.4.0-1ubuntu1~20.04.2) 9.4.0
Fedora 41 (ARM)
Kernel: Depends on container host
Compiler: gcc 14.2.1 20240912 (Red Hat 14.2.1-3)
Ubuntu 22.04 (ARM)
Kernel: Depends on container host
Compiler: gcc (Ubuntu 11.4.0-1ubuntu1~22.04) 11.4.0
Ubuntu 20.04 aarch32 GCC Cross Compile
Kernel: Depends on container host
Compiler: gcc 9.4.0
Debian 11 (Buster) (ARM)
Kernel: Depends on container host
Compiler: gcc (Debian 10.2.1-6) 10.2.1 20210110
Debian 12 (arm)
Kernel: Depends on container host
Compiler: gcc (Debian 12.2.0-14) 12.2.0
CentOS Stream 9 (ARM)
Kernel: Depends on container host
Compiler: gcc 11.5.0 20240719 (Red Hat 11.5.0-2)
Ubuntu 20.04 ARM Clang Cross Compile
Kernel: Depends on container host
Compiler: clang 10.0.0-4ubuntu1
To view detailed results, visit:
https://lab.dpdk.org/results/dashboard/patchsets/32489/
UNH-IOL DPDK Community Lab
To manage your email subscriptions, visit:
https://lab.dpdk.org/results/dashboard/preferences/subscriptions/
^ permalink raw reply [flat|nested] 18+ messages in thread
* |PENDING| pw150868-150889 [PATCH] [v20,27/27] config: add -Wvla proj
[not found] <1738686124-16173-28-git-send-email-andremue@linux.microsoft.com>
` (8 preceding siblings ...)
2025-02-04 18:44 ` |FAILURE| " dpdklab
@ 2025-02-04 18:47 ` dpdklab
2025-02-04 18:50 ` dpdklab
` (7 subsequent siblings)
17 siblings, 0 replies; 18+ messages in thread
From: dpdklab @ 2025-02-04 18:47 UTC (permalink / raw)
To: Test Report; +Cc: dpdk-test-reports
Test-Label: iol-unit-amd64-testing
Test-Status: PENDING
http://dpdk.org/patch/150889
_Testing pending_
Submitter: Andre Muezerie <andremue@linux.microsoft.com>
Date: Tuesday, February 04 2025 16:22:04
DPDK git baseline: Repo:dpdk
Branch: master
CommitID:dc4ce7c2538b713e16887eb598da309bc7b4d528
150868-150889 --> testing pending
Upstream job id: Generic-VM-Unit-Test-DPDK#27096
Test environment and result as below:
+---------------------+----------------+
| Environment | dpdk_unit_test |
+=====================+================+
| Fedora 40 | PEND |
+---------------------+----------------+
| Debian 12 | PEND |
+---------------------+----------------+
| Debian Bullseye | PEND |
+---------------------+----------------+
| CentOS Stream 9 | PEND |
+---------------------+----------------+
| Fedora 41 | PEND |
+---------------------+----------------+
| RHEL8 | PEND |
+---------------------+----------------+
| Fedora 41 (Clang) | PEND |
+---------------------+----------------+
| Fedora 40 (Clang) | PEND |
+---------------------+----------------+
| RHEL9 | PEND |
+---------------------+----------------+
| Ubuntu 22.04 | PEND |
+---------------------+----------------+
| Ubuntu 24.04 | PEND |
+---------------------+----------------+
| Ubuntu 20.04 | PEND |
+---------------------+----------------+
| Windows Server 2022 | PASS |
+---------------------+----------------+
Fedora 40
Kernel: Depends on container host
Compiler: gcc 14.2.1 20240912 (Red Hat 14.2.1-3)
Debian 12
Kernel: Depends on container host
Compiler: gcc (Debian 12.2.0-14) 12.2.0
Debian Bullseye
Kernel: Depends on container host
Compiler: gcc (Debian 10.2.1-6) 10.2.1 20210110
CentOS Stream 9
Kernel: Depends on container host
Compiler: gcc 11.5.0 20240719 (Red Hat 11.5.0-2)
Fedora 41
Kernel: Depends on container host
Compiler: gcc 14.2.1 20240912 (Red Hat 14.2.1-3)
RHEL8
Kernel: Depends on container host
Compiler: gcc 8.5.0 20210514 (Red Hat 8.5.0-22)
Fedora 41 (Clang)
Kernel: Depends on container host
Compiler: clang 19.1.5 (Fedora 19.1.5-1.fc41)
Fedora 40 (Clang)
Kernel: Depends on container host
Compiler: clang 18.1.8 (Fedora 18.1.8-1.fc40)
RHEL9
Kernel: Depends on container host
Compiler: gcc 11.5.0 20240719 (Red Hat 11.5.0-2)
Ubuntu 22.04
Kernel: Depends on container host
Compiler: gcc (Ubuntu 11.4.0-1ubuntu1~22.04) 11.4.0
Ubuntu 24.04
Kernel: Depends on container host
Compiler: gcc (Ubuntu 13.3.0-6ubuntu2~24.04) 13.3.0
Ubuntu 20.04
Kernel: Depends on container host
Compiler: gcc (Ubuntu 9.4.0-1ubuntu1~20.04.2) 9.4.0
Windows Server 2022
Kernel: 10.0.20348.2031
Compiler: clang 15.0.7, gcc 14.1.0 (MinGW), and MSVC VS 19.39.33521
To view detailed results, visit:
https://lab.dpdk.org/results/dashboard/patchsets/32489/
UNH-IOL DPDK Community Lab
To manage your email subscriptions, visit:
https://lab.dpdk.org/results/dashboard/preferences/subscriptions/
^ permalink raw reply [flat|nested] 18+ messages in thread
* |PENDING| pw150868-150889 [PATCH] [v20,27/27] config: add -Wvla proj
[not found] <1738686124-16173-28-git-send-email-andremue@linux.microsoft.com>
` (9 preceding siblings ...)
2025-02-04 18:47 ` |PENDING| " dpdklab
@ 2025-02-04 18:50 ` dpdklab
2025-02-04 19:03 ` dpdklab
` (6 subsequent siblings)
17 siblings, 0 replies; 18+ messages in thread
From: dpdklab @ 2025-02-04 18:50 UTC (permalink / raw)
To: Test Report; +Cc: dpdk-test-reports
Test-Label: iol-compile-amd64-testing
Test-Status: PENDING
http://dpdk.org/patch/150889
_Testing pending_
Submitter: Andre Muezerie <andremue@linux.microsoft.com>
Date: Tuesday, February 04 2025 16:22:04
DPDK git baseline: Repo:dpdk
Branch: master
CommitID:dc4ce7c2538b713e16887eb598da309bc7b4d528
150868-150889 --> testing pending
Upstream job id: Windows-Compile-DPDK-VS#4806
Test environment and result as below:
+---------------------+--------------------+------------------+-------------------+-------------------+
| Environment | dpdk_meson_compile | dpdk_compile_ovs | dpdk_compile_spdk | dpdk_msvc_compile |
+=====================+====================+==================+===================+===================+
| CentOS Stream 9 | PEND | PEND | PEND | SKIPPED |
+---------------------+--------------------+------------------+-------------------+-------------------+
| Debian 12 | PEND | PEND | PEND | SKIPPED |
+---------------------+--------------------+------------------+-------------------+-------------------+
| Debian Bullseye | PEND | PEND | PEND | SKIPPED |
+---------------------+--------------------+------------------+-------------------+-------------------+
| Fedora 41 (Clang) | PEND | PEND | PEND | SKIPPED |
+---------------------+--------------------+------------------+-------------------+-------------------+
| Fedora 40 (Clang) | PEND | PEND | PEND | SKIPPED |
+---------------------+--------------------+------------------+-------------------+-------------------+
| Fedora 40 | PEND | PEND | PEND | SKIPPED |
+---------------------+--------------------+------------------+-------------------+-------------------+
| Fedora 41 | PEND | PEND | PEND | SKIPPED |
+---------------------+--------------------+------------------+-------------------+-------------------+
| openSUSE Leap 15 | PEND | SKIPPED | SKIPPED | SKIPPED |
+---------------------+--------------------+------------------+-------------------+-------------------+
| RHEL9 | PEND | PEND | SKIPPED | SKIPPED |
+---------------------+--------------------+------------------+-------------------+-------------------+
| Ubuntu 20.04 | PEND | SKIPPED | SKIPPED | SKIPPED |
+---------------------+--------------------+------------------+-------------------+-------------------+
| Ubuntu 22.04 | PEND | PEND | PEND | SKIPPED |
+---------------------+--------------------+------------------+-------------------+-------------------+
| Ubuntu 24.04 | PEND | PEND | PEND | SKIPPED |
+---------------------+--------------------+------------------+-------------------+-------------------+
| Alpine | PEND | PEND | SKIPPED | SKIPPED |
+---------------------+--------------------+------------------+-------------------+-------------------+
| FreeBSD 13.4 | PEND | SKIPPED | SKIPPED | SKIPPED |
+---------------------+--------------------+------------------+-------------------+-------------------+
| FreeBSD 14.2 | PEND | SKIPPED | SKIPPED | SKIPPED |
+---------------------+--------------------+------------------+-------------------+-------------------+
| Windows Server 2022 | SKIPPED | SKIPPED | SKIPPED | PASS |
+---------------------+--------------------+------------------+-------------------+-------------------+
CentOS Stream 9
Kernel: Depends on container host
Compiler: gcc 11.5.0 20240719 (Red Hat 11.5.0-2)
Debian 12
Kernel: Depends on container host
Compiler: gcc (Debian 12.2.0-14) 12.2.0
Debian Bullseye
Kernel: Depends on container host
Compiler: gcc (Debian 10.2.1-6) 10.2.1 20210110
Fedora 41 (Clang)
Kernel: Depends on container host
Compiler: clang 19.1.5 (Fedora 19.1.5-1.fc41)
Fedora 40 (Clang)
Kernel: Depends on container host
Compiler: clang 18.1.8 (Fedora 18.1.8-1.fc40)
Fedora 40
Kernel: Depends on container host
Compiler: gcc 14.2.1 20240912 (Red Hat 14.2.1-3)
Fedora 41
Kernel: Depends on container host
Compiler: gcc 14.2.1 20240912 (Red Hat 14.2.1-3)
openSUSE Leap 15
Kernel: Depends on container host
Compiler: gcc (SUSE Linux) 7.5.0
RHEL9
Kernel: Depends on container host
Compiler: gcc 11.5.0 20240719 (Red Hat 11.5.0-2)
Ubuntu 20.04
Kernel: Depends on container host
Compiler: gcc (Ubuntu 9.4.0-1ubuntu1~20.04.2) 9.4.0
Ubuntu 22.04
Kernel: Depends on container host
Compiler: gcc (Ubuntu 11.4.0-1ubuntu1~22.04) 11.4.0
Ubuntu 24.04
Kernel: Depends on container host
Compiler: gcc (Ubuntu 13.3.0-6ubuntu2~24.04) 13.3.0
Alpine
Kernel: Depends on container host
Compiler: gcc (Alpine 14.2.0) 14.2.0
FreeBSD 13.4
Kernel: 13.4-RELEASE-p1
Compiler: clang 18.1.6
FreeBSD 14.2
Kernel: 14.2-RELEASE
Compiler: clang 18.1.6
Windows Server 2022
Kernel: 10.0.20348.2031
Compiler: clang 15.0.7, gcc 14.1.0 (MinGW), and MSVC VS 19.39.33521
To view detailed results, visit:
https://lab.dpdk.org/results/dashboard/patchsets/32489/
UNH-IOL DPDK Community Lab
To manage your email subscriptions, visit:
https://lab.dpdk.org/results/dashboard/preferences/subscriptions/
^ permalink raw reply [flat|nested] 18+ messages in thread
* |PENDING| pw150868-150889 [PATCH] [v20,27/27] config: add -Wvla proj
[not found] <1738686124-16173-28-git-send-email-andremue@linux.microsoft.com>
` (10 preceding siblings ...)
2025-02-04 18:50 ` dpdklab
@ 2025-02-04 19:03 ` dpdklab
2025-02-04 19:18 ` |SUCCESS| " dpdklab
` (5 subsequent siblings)
17 siblings, 0 replies; 18+ messages in thread
From: dpdklab @ 2025-02-04 19:03 UTC (permalink / raw)
To: Test Report; +Cc: dpdk-test-reports
Test-Label: iol-abi-testing
Test-Status: PENDING
http://dpdk.org/patch/150889
_Testing pending_
Submitter: Andre Muezerie <andremue@linux.microsoft.com>
Date: Tuesday, February 04 2025 16:22:04
DPDK git baseline: Repo:dpdk
Branch: master
CommitID:dc4ce7c2538b713e16887eb598da309bc7b4d528
150868-150889 --> testing pending
Upstream job id: Generic-DPDK-Compile-ABI#114710
Test environment and result as below:
+-------------------+----------+
| Environment | abi_test |
+===================+==========+
| CentOS Stream 9 | PEND |
+-------------------+----------+
| Debian Bullseye | PEND |
+-------------------+----------+
| Fedora 40 (Clang) | PASS |
+-------------------+----------+
| Fedora 41 (Clang) | PEND |
+-------------------+----------+
| Fedora 41 | PEND |
+-------------------+----------+
| Debian 12 | PEND |
+-------------------+----------+
| openSUSE Leap 15 | PEND |
+-------------------+----------+
| Ubuntu 24.04 | PEND |
+-------------------+----------+
| RHEL9 | PEND |
+-------------------+----------+
| RHEL8 | PEND |
+-------------------+----------+
| Ubuntu 22.04 | PEND |
+-------------------+----------+
| Fedora 40 | PEND |
+-------------------+----------+
CentOS Stream 9
Kernel: Depends on container host
Compiler: gcc 11.5.0 20240719 (Red Hat 11.5.0-2)
Debian Bullseye
Kernel: Depends on container host
Compiler: gcc (Debian 10.2.1-6) 10.2.1 20210110
Fedora 40 (Clang)
Kernel: Depends on container host
Compiler: clang 18.1.8 (Fedora 18.1.8-1.fc40)
Fedora 41 (Clang)
Kernel: Depends on container host
Compiler: clang 19.1.5 (Fedora 19.1.5-1.fc41)
Fedora 41
Kernel: Depends on container host
Compiler: gcc 14.2.1 20240912 (Red Hat 14.2.1-3)
Debian 12
Kernel: Depends on container host
Compiler: gcc (Debian 12.2.0-14) 12.2.0
openSUSE Leap 15
Kernel: Depends on container host
Compiler: gcc (SUSE Linux) 7.5.0
Ubuntu 24.04
Kernel: Depends on container host
Compiler: gcc (Ubuntu 13.3.0-6ubuntu2~24.04) 13.3.0
RHEL9
Kernel: Depends on container host
Compiler: gcc 11.5.0 20240719 (Red Hat 11.5.0-2)
RHEL8
Kernel: Depends on container host
Compiler: gcc 8.5.0 20210514 (Red Hat 8.5.0-22)
Ubuntu 22.04
Kernel: Depends on container host
Compiler: gcc (Ubuntu 11.4.0-1ubuntu1~22.04) 11.4.0
Fedora 40
Kernel: Depends on container host
Compiler: gcc 14.2.1 20240912 (Red Hat 14.2.1-3)
To view detailed results, visit:
https://lab.dpdk.org/results/dashboard/patchsets/32489/
UNH-IOL DPDK Community Lab
To manage your email subscriptions, visit:
https://lab.dpdk.org/results/dashboard/preferences/subscriptions/
^ permalink raw reply [flat|nested] 18+ messages in thread
* |SUCCESS| pw150868-150889 [PATCH] [v20,27/27] config: add -Wvla proj
[not found] <1738686124-16173-28-git-send-email-andremue@linux.microsoft.com>
` (11 preceding siblings ...)
2025-02-04 19:03 ` dpdklab
@ 2025-02-04 19:18 ` dpdklab
2025-02-04 19:57 ` |PENDING| " dpdklab
` (4 subsequent siblings)
17 siblings, 0 replies; 18+ messages in thread
From: dpdklab @ 2025-02-04 19:18 UTC (permalink / raw)
To: Test Report; +Cc: dpdk-test-reports
Test-Label: iol-sample-apps-testing
Test-Status: SUCCESS
http://dpdk.org/patch/150889
_Testing PASS_
Submitter: Andre Muezerie <andremue@linux.microsoft.com>
Date: Tuesday, February 04 2025 16:22:04
DPDK git baseline: Repo:dpdk
Branch: master
CommitID:dc4ce7c2538b713e16887eb598da309bc7b4d528
150868-150889 --> testing pass
Upstream job id: Template-DTS-Pipeline#210500
Test environment and result as below:
+--------------------+----------------------+
| Environment | compressdev_zlib_pmd |
+====================+======================+
| Ubuntu 22.04 (ARM) | PASS |
+--------------------+----------------------+
| Ubuntu 22.04 | PASS |
+--------------------+----------------------+
Ubuntu 22.04 (ARM)
Kernel: 5.15.0-97-generic
Compiler: gcc gcc (Ubuntu 11.4.0-1ubuntu1~22.04) 11.4.0
Ubuntu 22.04
Kernel: 5.15.0-100-generic
Compiler: gcc gcc (Ubuntu 11.4.0-1ubuntu1~22.04) 11.4.0
To view detailed results, visit:
https://lab.dpdk.org/results/dashboard/patchsets/32489/
UNH-IOL DPDK Community Lab
To manage your email subscriptions, visit:
https://lab.dpdk.org/results/dashboard/preferences/subscriptions/
^ permalink raw reply [flat|nested] 18+ messages in thread
* |PENDING| pw150868-150889 [PATCH] [v20,27/27] config: add -Wvla proj
[not found] <1738686124-16173-28-git-send-email-andremue@linux.microsoft.com>
` (12 preceding siblings ...)
2025-02-04 19:18 ` |SUCCESS| " dpdklab
@ 2025-02-04 19:57 ` dpdklab
2025-02-04 20:25 ` |SUCCESS| " dpdklab
` (3 subsequent siblings)
17 siblings, 0 replies; 18+ messages in thread
From: dpdklab @ 2025-02-04 19:57 UTC (permalink / raw)
To: Test Report; +Cc: dpdk-test-reports
Test-Label: iol-unit-arm64-testing
Test-Status: PENDING
http://dpdk.org/patch/150889
_Testing pending_
Submitter: Andre Muezerie <andremue@linux.microsoft.com>
Date: Tuesday, February 04 2025 16:22:04
DPDK git baseline: Repo:dpdk
Branch: master
CommitID:dc4ce7c2538b713e16887eb598da309bc7b4d528
150868-150889 --> testing pending
Upstream job id: Generic-Unit-Test-DPDK#311498
Test environment and result as below:
+--------------------------+----------------+--------------+------------------------------+---------------------------+
| Environment | dpdk_unit_test | lpm_autotest | cryptodev_sw_snow3g_autotest | cryptodev_sw_zuc_autotest |
+==========================+================+==============+==============================+===========================+
| CentOS Stream 9 (ARM) | PEND | SKIPPED | SKIPPED | SKIPPED |
+--------------------------+----------------+--------------+------------------------------+---------------------------+
| Debian 11 (Buster) (ARM) | PEND | SKIPPED | SKIPPED | SKIPPED |
+--------------------------+----------------+--------------+------------------------------+---------------------------+
| Debian 12 (arm) | PEND | SKIPPED | PEND | PEND |
+--------------------------+----------------+--------------+------------------------------+---------------------------+
| Fedora 40 (ARM Clang) | PEND | SKIPPED | SKIPPED | SKIPPED |
+--------------------------+----------------+--------------+------------------------------+---------------------------+
| Fedora 41 (ARM) | PEND | SKIPPED | SKIPPED | SKIPPED |
+--------------------------+----------------+--------------+------------------------------+---------------------------+
| Fedora 41 (ARM Clang) | PEND | SKIPPED | SKIPPED | SKIPPED |
+--------------------------+----------------+--------------+------------------------------+---------------------------+
| Fedora 40 (ARM) | PEND | SKIPPED | SKIPPED | SKIPPED |
+--------------------------+----------------+--------------+------------------------------+---------------------------+
| Ubuntu 20.04 (ARM) | PEND | SKIPPED | SKIPPED | SKIPPED |
+--------------------------+----------------+--------------+------------------------------+---------------------------+
| RHEL9 (ARM) | PEND | SKIPPED | SKIPPED | SKIPPED |
+--------------------------+----------------+--------------+------------------------------+---------------------------+
| Ubuntu 22.04 (ARM) | PEND | SKIPPED | SKIPPED | SKIPPED |
+--------------------------+----------------+--------------+------------------------------+---------------------------+
| Ubuntu 24.04 (ARM) | PEND | SKIPPED | SKIPPED | SKIPPED |
+--------------------------+----------------+--------------+------------------------------+---------------------------+
| Ubuntu 20.04 ARM SVE | SKIPPED | PASS | SKIPPED | SKIPPED |
+--------------------------+----------------+--------------+------------------------------+---------------------------+
CentOS Stream 9 (ARM)
Kernel: Depends on container host
Compiler: gcc 11.5.0 20240719 (Red Hat 11.5.0-2)
Debian 11 (Buster) (ARM)
Kernel: Depends on container host
Compiler: gcc (Debian 10.2.1-6) 10.2.1 20210110
Debian 12 (arm)
Kernel: Depends on container host
Compiler: gcc (Debian 12.2.0-14) 12.2.0
Fedora 40 (ARM Clang)
Kernel: Depends on container host
Compiler: clang 18.1.8 (Fedora 18.1.8-1.fc40)
Fedora 41 (ARM)
Kernel: Depends on container host
Compiler: gcc 14.2.1 20240912 (Red Hat 14.2.1-3)
Fedora 41 (ARM Clang)
Kernel: Depends on container host
Compiler: clang 19.1.5 (Fedora 19.1.5-1.fc41)
Fedora 40 (ARM)
Kernel: Depends on container host
Compiler: gcc 14.2.1 20240912 (Red Hat 14.2.1-3)
Ubuntu 20.04 (ARM)
Kernel: Depends on container host
Compiler: gcc (Ubuntu 9.4.0-1ubuntu1~20.04.2) 9.4.0
RHEL9 (ARM)
Kernel: Depends on container host
Compiler: gcc 11.5.0 20240719 (Red Hat 11.5.0-2)
Ubuntu 22.04 (ARM)
Kernel: Depends on container host
Compiler: gcc (Ubuntu 11.4.0-1ubuntu1~22.04) 11.4.0
Ubuntu 24.04 (ARM)
Kernel: Depends on container host
Compiler: gcc (Ubuntu 13.3.0-6ubuntu2~24.04) 13.3.0
Ubuntu 20.04 ARM SVE
Kernel: Depends on container host
Compiler: gcc (Ubuntu 10.5.0-1ubuntu1~20.04) 10.5.0
To view detailed results, visit:
https://lab.dpdk.org/results/dashboard/patchsets/32489/
UNH-IOL DPDK Community Lab
To manage your email subscriptions, visit:
https://lab.dpdk.org/results/dashboard/preferences/subscriptions/
^ permalink raw reply [flat|nested] 18+ messages in thread
* |SUCCESS| pw150868-150889 [PATCH] [v20,27/27] config: add -Wvla proj
[not found] <1738686124-16173-28-git-send-email-andremue@linux.microsoft.com>
` (13 preceding siblings ...)
2025-02-04 19:57 ` |PENDING| " dpdklab
@ 2025-02-04 20:25 ` dpdklab
2025-02-04 20:26 ` dpdklab
` (2 subsequent siblings)
17 siblings, 0 replies; 18+ messages in thread
From: dpdklab @ 2025-02-04 20:25 UTC (permalink / raw)
To: Test Report; +Cc: dpdk-test-reports
Test-Label: iol-unit-amd64-testing
Test-Status: SUCCESS
http://dpdk.org/patch/150889
_Testing PASS_
Submitter: Andre Muezerie <andremue@linux.microsoft.com>
Date: Tuesday, February 04 2025 16:22:04
DPDK git baseline: Repo:dpdk
Branch: master
CommitID:dc4ce7c2538b713e16887eb598da309bc7b4d528
150868-150889 --> testing pass
Upstream job id: Generic-Unit-Test-DPDK#311507
Test environment and result as below:
+---------------------+----------------+
| Environment | dpdk_unit_test |
+=====================+================+
| Fedora 40 | PASS |
+---------------------+----------------+
| Debian 12 | PASS |
+---------------------+----------------+
| Debian Bullseye | PASS |
+---------------------+----------------+
| CentOS Stream 9 | PASS |
+---------------------+----------------+
| Fedora 41 | PASS |
+---------------------+----------------+
| RHEL8 | PASS |
+---------------------+----------------+
| Fedora 41 (Clang) | PASS |
+---------------------+----------------+
| Fedora 40 (Clang) | PASS |
+---------------------+----------------+
| RHEL9 | PASS |
+---------------------+----------------+
| Ubuntu 22.04 | PASS |
+---------------------+----------------+
| Ubuntu 24.04 | PASS |
+---------------------+----------------+
| Ubuntu 20.04 | PASS |
+---------------------+----------------+
| Windows Server 2022 | PASS |
+---------------------+----------------+
Fedora 40
Kernel: Depends on container host
Compiler: gcc 14.2.1 20240912 (Red Hat 14.2.1-3)
Debian 12
Kernel: Depends on container host
Compiler: gcc (Debian 12.2.0-14) 12.2.0
Debian Bullseye
Kernel: Depends on container host
Compiler: gcc (Debian 10.2.1-6) 10.2.1 20210110
CentOS Stream 9
Kernel: Depends on container host
Compiler: gcc 11.5.0 20240719 (Red Hat 11.5.0-2)
Fedora 41
Kernel: Depends on container host
Compiler: gcc 14.2.1 20240912 (Red Hat 14.2.1-3)
RHEL8
Kernel: Depends on container host
Compiler: gcc 8.5.0 20210514 (Red Hat 8.5.0-22)
Fedora 41 (Clang)
Kernel: Depends on container host
Compiler: clang 19.1.5 (Fedora 19.1.5-1.fc41)
Fedora 40 (Clang)
Kernel: Depends on container host
Compiler: clang 18.1.8 (Fedora 18.1.8-1.fc40)
RHEL9
Kernel: Depends on container host
Compiler: gcc 11.5.0 20240719 (Red Hat 11.5.0-2)
Ubuntu 22.04
Kernel: Depends on container host
Compiler: gcc (Ubuntu 11.4.0-1ubuntu1~22.04) 11.4.0
Ubuntu 24.04
Kernel: Depends on container host
Compiler: gcc (Ubuntu 13.3.0-6ubuntu2~24.04) 13.3.0
Ubuntu 20.04
Kernel: Depends on container host
Compiler: gcc (Ubuntu 9.4.0-1ubuntu1~20.04.2) 9.4.0
Windows Server 2022
Kernel: 10.0.20348.2031
Compiler: clang 15.0.7, gcc 14.1.0 (MinGW), and MSVC VS 19.39.33521
To view detailed results, visit:
https://lab.dpdk.org/results/dashboard/patchsets/32489/
UNH-IOL DPDK Community Lab
To manage your email subscriptions, visit:
https://lab.dpdk.org/results/dashboard/preferences/subscriptions/
^ permalink raw reply [flat|nested] 18+ messages in thread
* |SUCCESS| pw150868-150889 [PATCH] [v20,27/27] config: add -Wvla proj
[not found] <1738686124-16173-28-git-send-email-andremue@linux.microsoft.com>
` (14 preceding siblings ...)
2025-02-04 20:25 ` |SUCCESS| " dpdklab
@ 2025-02-04 20:26 ` dpdklab
2025-02-04 22:03 ` dpdklab
2025-02-04 22:22 ` dpdklab
17 siblings, 0 replies; 18+ messages in thread
From: dpdklab @ 2025-02-04 20:26 UTC (permalink / raw)
To: Test Report; +Cc: dpdk-test-reports
Test-Label: iol-abi-testing
Test-Status: SUCCESS
http://dpdk.org/patch/150889
_Testing PASS_
Submitter: Andre Muezerie <andremue@linux.microsoft.com>
Date: Tuesday, February 04 2025 16:22:04
DPDK git baseline: Repo:dpdk
Branch: master
CommitID:dc4ce7c2538b713e16887eb598da309bc7b4d528
150868-150889 --> testing pass
Upstream job id: Generic-DPDK-Compile-ABI#114711
Test environment and result as below:
+-------------------+----------+
| Environment | abi_test |
+===================+==========+
| CentOS Stream 9 | PASS |
+-------------------+----------+
| Debian Bullseye | PASS |
+-------------------+----------+
| Fedora 40 (Clang) | PASS |
+-------------------+----------+
| Fedora 41 (Clang) | PASS |
+-------------------+----------+
| Fedora 41 | PASS |
+-------------------+----------+
| Debian 12 | PASS |
+-------------------+----------+
| openSUSE Leap 15 | PASS |
+-------------------+----------+
| Ubuntu 24.04 | PASS |
+-------------------+----------+
| RHEL9 | PASS |
+-------------------+----------+
| RHEL8 | PASS |
+-------------------+----------+
| Ubuntu 22.04 | PASS |
+-------------------+----------+
| Fedora 40 | PASS |
+-------------------+----------+
CentOS Stream 9
Kernel: Depends on container host
Compiler: gcc 11.5.0 20240719 (Red Hat 11.5.0-2)
Debian Bullseye
Kernel: Depends on container host
Compiler: gcc (Debian 10.2.1-6) 10.2.1 20210110
Fedora 40 (Clang)
Kernel: Depends on container host
Compiler: clang 18.1.8 (Fedora 18.1.8-1.fc40)
Fedora 41 (Clang)
Kernel: Depends on container host
Compiler: clang 19.1.5 (Fedora 19.1.5-1.fc41)
Fedora 41
Kernel: Depends on container host
Compiler: gcc 14.2.1 20240912 (Red Hat 14.2.1-3)
Debian 12
Kernel: Depends on container host
Compiler: gcc (Debian 12.2.0-14) 12.2.0
openSUSE Leap 15
Kernel: Depends on container host
Compiler: gcc (SUSE Linux) 7.5.0
Ubuntu 24.04
Kernel: Depends on container host
Compiler: gcc (Ubuntu 13.3.0-6ubuntu2~24.04) 13.3.0
RHEL9
Kernel: Depends on container host
Compiler: gcc 11.5.0 20240719 (Red Hat 11.5.0-2)
RHEL8
Kernel: Depends on container host
Compiler: gcc 8.5.0 20210514 (Red Hat 8.5.0-22)
Ubuntu 22.04
Kernel: Depends on container host
Compiler: gcc (Ubuntu 11.4.0-1ubuntu1~22.04) 11.4.0
Fedora 40
Kernel: Depends on container host
Compiler: gcc 14.2.1 20240912 (Red Hat 14.2.1-3)
To view detailed results, visit:
https://lab.dpdk.org/results/dashboard/patchsets/32489/
UNH-IOL DPDK Community Lab
To manage your email subscriptions, visit:
https://lab.dpdk.org/results/dashboard/preferences/subscriptions/
^ permalink raw reply [flat|nested] 18+ messages in thread
* |SUCCESS| pw150868-150889 [PATCH] [v20,27/27] config: add -Wvla proj
[not found] <1738686124-16173-28-git-send-email-andremue@linux.microsoft.com>
` (15 preceding siblings ...)
2025-02-04 20:26 ` dpdklab
@ 2025-02-04 22:03 ` dpdklab
2025-02-04 22:22 ` dpdklab
17 siblings, 0 replies; 18+ messages in thread
From: dpdklab @ 2025-02-04 22:03 UTC (permalink / raw)
To: Test Report; +Cc: dpdk-test-reports
Test-Label: iol-compile-amd64-testing
Test-Status: SUCCESS
http://dpdk.org/patch/150889
_Testing PASS_
Submitter: Andre Muezerie <andremue@linux.microsoft.com>
Date: Tuesday, February 04 2025 16:22:04
DPDK git baseline: Repo:dpdk
Branch: master
CommitID:dc4ce7c2538b713e16887eb598da309bc7b4d528
150868-150889 --> testing pass
Upstream job id: Generic-DPDK-Compile-Meson#357652
Test environment and result as below:
+---------------------+--------------------+------------------+-------------------+-------------------+----------------------+
| Environment | dpdk_meson_compile | dpdk_compile_ovs | dpdk_compile_spdk | dpdk_msvc_compile | dpdk_mingw64_compile |
+=====================+====================+==================+===================+===================+======================+
| CentOS Stream 9 | PASS | PASS | PASS | SKIPPED | SKIPPED |
+---------------------+--------------------+------------------+-------------------+-------------------+----------------------+
| Debian 12 | PASS | PASS | PASS | SKIPPED | SKIPPED |
+---------------------+--------------------+------------------+-------------------+-------------------+----------------------+
| Debian Bullseye | PASS | PASS | PASS | SKIPPED | SKIPPED |
+---------------------+--------------------+------------------+-------------------+-------------------+----------------------+
| Fedora 41 (Clang) | PASS | PASS | PASS | SKIPPED | SKIPPED |
+---------------------+--------------------+------------------+-------------------+-------------------+----------------------+
| Fedora 40 (Clang) | PASS | PASS | PASS | SKIPPED | SKIPPED |
+---------------------+--------------------+------------------+-------------------+-------------------+----------------------+
| Fedora 40 | PASS | PASS | PASS | SKIPPED | SKIPPED |
+---------------------+--------------------+------------------+-------------------+-------------------+----------------------+
| Fedora 41 | PASS | PASS | PASS | SKIPPED | SKIPPED |
+---------------------+--------------------+------------------+-------------------+-------------------+----------------------+
| openSUSE Leap 15 | PASS | SKIPPED | SKIPPED | SKIPPED | SKIPPED |
+---------------------+--------------------+------------------+-------------------+-------------------+----------------------+
| RHEL9 | PASS | PASS | SKIPPED | SKIPPED | SKIPPED |
+---------------------+--------------------+------------------+-------------------+-------------------+----------------------+
| Ubuntu 20.04 | PASS | SKIPPED | SKIPPED | SKIPPED | SKIPPED |
+---------------------+--------------------+------------------+-------------------+-------------------+----------------------+
| Ubuntu 22.04 | PASS | PASS | PASS | SKIPPED | SKIPPED |
+---------------------+--------------------+------------------+-------------------+-------------------+----------------------+
| Ubuntu 24.04 | PASS | PASS | PASS | SKIPPED | SKIPPED |
+---------------------+--------------------+------------------+-------------------+-------------------+----------------------+
| Alpine | PASS | PASS | SKIPPED | SKIPPED | SKIPPED |
+---------------------+--------------------+------------------+-------------------+-------------------+----------------------+
| FreeBSD 13.4 | PASS | SKIPPED | SKIPPED | SKIPPED | SKIPPED |
+---------------------+--------------------+------------------+-------------------+-------------------+----------------------+
| FreeBSD 14.2 | PASS | SKIPPED | SKIPPED | SKIPPED | SKIPPED |
+---------------------+--------------------+------------------+-------------------+-------------------+----------------------+
| RHEL8 | PASS | PASS | SKIPPED | SKIPPED | SKIPPED |
+---------------------+--------------------+------------------+-------------------+-------------------+----------------------+
| Windows Server 2022 | SKIPPED | SKIPPED | SKIPPED | PASS | PASS |
+---------------------+--------------------+------------------+-------------------+-------------------+----------------------+
CentOS Stream 9
Kernel: Depends on container host
Compiler: gcc 11.5.0 20240719 (Red Hat 11.5.0-2)
Debian 12
Kernel: Depends on container host
Compiler: gcc (Debian 12.2.0-14) 12.2.0
Debian Bullseye
Kernel: Depends on container host
Compiler: gcc (Debian 10.2.1-6) 10.2.1 20210110
Fedora 41 (Clang)
Kernel: Depends on container host
Compiler: clang 19.1.5 (Fedora 19.1.5-1.fc41)
Fedora 40 (Clang)
Kernel: Depends on container host
Compiler: clang 18.1.8 (Fedora 18.1.8-1.fc40)
Fedora 40
Kernel: Depends on container host
Compiler: gcc 14.2.1 20240912 (Red Hat 14.2.1-3)
Fedora 41
Kernel: Depends on container host
Compiler: gcc 14.2.1 20240912 (Red Hat 14.2.1-3)
openSUSE Leap 15
Kernel: Depends on container host
Compiler: gcc (SUSE Linux) 7.5.0
RHEL9
Kernel: Depends on container host
Compiler: gcc 11.5.0 20240719 (Red Hat 11.5.0-2)
Ubuntu 20.04
Kernel: Depends on container host
Compiler: gcc (Ubuntu 9.4.0-1ubuntu1~20.04.2) 9.4.0
Ubuntu 22.04
Kernel: Depends on container host
Compiler: gcc (Ubuntu 11.4.0-1ubuntu1~22.04) 11.4.0
Ubuntu 24.04
Kernel: Depends on container host
Compiler: gcc (Ubuntu 13.3.0-6ubuntu2~24.04) 13.3.0
Alpine
Kernel: Depends on container host
Compiler: gcc (Alpine 14.2.0) 14.2.0
FreeBSD 13.4
Kernel: 13.4-RELEASE-p1
Compiler: clang 18.1.6
FreeBSD 14.2
Kernel: 14.2-RELEASE
Compiler: clang 18.1.6
RHEL8
Kernel: Depends on container host
Compiler: gcc 8.5.0 20210514 (Red Hat 8.5.0-22)
Windows Server 2022
Kernel: 10.0.20348.2031
Compiler: clang 15.0.7, gcc 14.1.0 (MinGW), and MSVC VS 19.39.33521
To view detailed results, visit:
https://lab.dpdk.org/results/dashboard/patchsets/32489/
UNH-IOL DPDK Community Lab
To manage your email subscriptions, visit:
https://lab.dpdk.org/results/dashboard/preferences/subscriptions/
^ permalink raw reply [flat|nested] 18+ messages in thread
* |SUCCESS| pw150868-150889 [PATCH] [v20,27/27] config: add -Wvla proj
[not found] <1738686124-16173-28-git-send-email-andremue@linux.microsoft.com>
` (16 preceding siblings ...)
2025-02-04 22:03 ` dpdklab
@ 2025-02-04 22:22 ` dpdklab
17 siblings, 0 replies; 18+ messages in thread
From: dpdklab @ 2025-02-04 22:22 UTC (permalink / raw)
To: Test Report; +Cc: dpdk-test-reports
Test-Label: iol-sample-apps-testing
Test-Status: SUCCESS
http://dpdk.org/patch/150889
_Testing PASS_
Submitter: Andre Muezerie <andremue@linux.microsoft.com>
Date: Tuesday, February 04 2025 16:22:04
DPDK git baseline: Repo:dpdk
Branch: master
CommitID:dc4ce7c2538b713e16887eb598da309bc7b4d528
150868-150889 --> testing pass
Upstream job id: ACVP-FIPS-testing#8777
Test environment and result as below:
+--------------------+----------------------+----------------------+
| Environment | compressdev_zlib_pmd | dpdk_fips_validation |
+====================+======================+======================+
| Ubuntu 22.04 (ARM) | PASS | SKIPPED |
+--------------------+----------------------+----------------------+
| Ubuntu 22.04 | PASS | SKIPPED |
+--------------------+----------------------+----------------------+
| Ubuntu 20.04 | SKIPPED | PASS |
+--------------------+----------------------+----------------------+
Ubuntu 22.04 (ARM)
Kernel: 5.15.0-97-generic
Compiler: gcc gcc (Ubuntu 11.4.0-1ubuntu1~22.04) 11.4.0
Ubuntu 22.04
Kernel: 5.15.0-100-generic
Compiler: gcc gcc (Ubuntu 11.4.0-1ubuntu1~22.04) 11.4.0
Ubuntu 20.04
Kernel: Depends on container host
Compiler: gcc (Ubuntu 9.4.0-1ubuntu1~20.04.2) 9.4.0
To view detailed results, visit:
https://lab.dpdk.org/results/dashboard/patchsets/32489/
UNH-IOL DPDK Community Lab
To manage your email subscriptions, visit:
https://lab.dpdk.org/results/dashboard/preferences/subscriptions/
^ permalink raw reply [flat|nested] 18+ messages in thread