From mboxrd@z Thu Jan 1 00:00:00 1970 Return-Path: Received: from mails.dpdk.org (mails.dpdk.org [217.70.189.124]) by inbox.dpdk.org (Postfix) with ESMTP id 86A8046192 for ; Wed, 5 Feb 2025 01:49:44 +0100 (CET) Received: from mails.dpdk.org (localhost [127.0.0.1]) by mails.dpdk.org (Postfix) with ESMTP id 6CF934021E; Wed, 5 Feb 2025 01:49:44 +0100 (CET) Received: from mail-pl1-f227.google.com (mail-pl1-f227.google.com [209.85.214.227]) by mails.dpdk.org (Postfix) with ESMTP id 44979400EF for ; Wed, 5 Feb 2025 01:49:43 +0100 (CET) Received: by mail-pl1-f227.google.com with SMTP id d9443c01a7336-2163dc5155fso109632115ad.0 for ; Tue, 04 Feb 2025 16:49:43 -0800 (PST) DKIM-Signature: v=1; a=rsa-sha256; c=relaxed/relaxed; d=iol.unh.edu; s=unh-iol; t=1738716582; x=1739321382; darn=dpdk.org; h=references:in-reply-to:cc:to:from:subject:message-id:date:from:to :cc:subject:date:message-id:reply-to; bh=od8KZBaXxqKvTk4SKWUX74pQG0afac07wN7QcygUbxM=; b=Pz5w9GqfxFKHRV5HOBIs+Z+5jSx7BA/lQES3tE6Txb9FzrEosky/ZPbyOT6gPn2Mkd 8B1zrl8ACGw+3y2KFCkWzWi2JYFZfpikOcNvYbhKUkfSGQHJHWwKb11JVkTXvS9yeItx GJPOa0XCddCL5sntpdQTZAUMKFI2qAQvZtGxo= X-Google-DKIM-Signature: v=1; a=rsa-sha256; c=relaxed/relaxed; d=1e100.net; s=20230601; t=1738716582; x=1739321382; h=references:in-reply-to:cc:to:from:subject:message-id:date :x-gm-message-state:from:to:cc:subject:date:message-id:reply-to; bh=od8KZBaXxqKvTk4SKWUX74pQG0afac07wN7QcygUbxM=; b=evuXjN2nuUct+3vLz0ABtoC7aRlNCysyFyXA6vdye5ktDbwkTebH9XWuZIkGjhg5ud qfamYqCK2SLQ/bWaMWeD6XMfbTvDzrWxMY+oRj0BhigZz3S1SQcx6dqoIOCPD6AO6YDH +KQEETW12FW7A7LTZcn5DWeSfY3JQXBhK2GXVdHdUIvvGwUAkN0KrhPJeb6GtMMZiVhK orN9BwjJS0iA3H8t7+lPGwsYSxEvZQJMgMzZY/YsR4zXMmbvt12Lf6KadGVtRWX3TcLE eotK1qKafSi++7JPytxlGm8r1gxUMCeb/z1DSRIvFa+xAbXAKmcLobVOWWUJqwPehZ5p baZA== X-Gm-Message-State: AOJu0YxPKvJKHp7fhDxff6tULGAyKyWEbJ9j8gWrEd7QonaOw4GJBTQP 2uKC4EJ6wQSYxswbhPAQDVpyeywQk7aETLMGljzShkdT4CqMqTpK5U10pqxkXTVqRlYIhiTgd1W 3KELIM2zkkCIlnuP3dlRqJImC0uoHKY/hClmsSr7I X-Gm-Gg: ASbGncsLnAu12P04wwjka8inPIJlHoptngU3D+5yh13WRcIjQyNVFRrlSZiDzXwjfRy oIbbhpDQLn9EmPHeQt47NIaoyzioAp1UX/ZuNKjt+uLtACkA15AFX3DwabgfE0kuK9CMT9RuBin j/NWlrORzSpUYQ3/DLvxJIu6lSHmTIxZ890sSrTolLgkj8nM+441I8GpCd1HRWe41EW5UtgZstY FbZ+lZNYOVfaxJVmRh8TUHaTZxwxjfjDdDoD+cyR+39yg8g2H6aZgoB9a6j5nG0MkUGWC3iCLmO GvZEsjvUR9qrfFz6a5VB+UTXXhwu+Q== X-Google-Smtp-Source: AGHT+IGq2ZsC+cQrMPaI+/BTEUsyFgiVaQPbfU9UoKNRo5n01MRl5iN64hersdw5vSlnwegDRw0VNT4mac7d X-Received: by 2002:a17:902:e841:b0:215:89a0:416f with SMTP id d9443c01a7336-21f17e29ed7mr12362755ad.30.1738716582228; Tue, 04 Feb 2025 16:49:42 -0800 (PST) Received: from postal.iol.unh.edu (postal.iol.unh.edu. [132.177.123.84]) by smtp-relay.gmail.com with ESMTPS id d9443c01a7336-21de321a758sm5996715ad.12.2025.02.04.16.49.42 (version=TLS1_2 cipher=ECDHE-ECDSA-AES128-GCM-SHA256 bits=128/128); Tue, 04 Feb 2025 16:49:42 -0800 (PST) X-Relaying-Domain: iol.unh.edu Date: Tue, 04 Feb 2025 16:49:42 -0800 (PST) Message-ID: <67a2b5a6.170a0220.3a07d7.b2c0SMTPIN_ADDED_MISSING@mx.google.com> Received: from [172.21.0.5] (unknown [172.18.0.240]) by postal.iol.unh.edu (Postfix) with ESMTP id 51E516052471; Tue, 4 Feb 2025 19:49:41 -0500 (EST) Subject: |FAILURE| pw150868-150889 [PATCH] [v20,27/27] config: add -Wvla proj From: dpdklab@iol.unh.edu To: Test Report Cc: dpdk-test-reports@iol.unh.edu, Andre Muezerie In-Reply-To: <1738686124-16173-28-git-send-email-andremue@linux.microsoft.com> References: <1738686124-16173-28-git-send-email-andremue@linux.microsoft.com> Content-Type: text/plain X-BeenThere: test-report@dpdk.org X-Mailman-Version: 2.1.29 Precedence: list List-Id: automatic DPDK test reports List-Unsubscribe: , List-Archive: List-Post: List-Help: List-Subscribe: , Errors-To: test-report-bounces@dpdk.org Test-Label: iol-compile-arm64-testing Test-Status: FAILURE http://dpdk.org/patch/150889 _Testing issues_ Submitter: Andre Muezerie Date: Tuesday, February 04 2025 16:22:04 DPDK git baseline: Repo:dpdk Branch: master CommitID:dc4ce7c2538b713e16887eb598da309bc7b4d528 150868-150889 --> testing issues Upstream job id: Generic-DPDK-Compile-Meson#357637 Test environment and result as below: +----------------------------------------+--------------------+ | Environment | dpdk_meson_compile | +========================================+====================+ | RHEL9 (ARM) | PASS | +----------------------------------------+--------------------+ | Fedora 40 (ARM) | PASS | +----------------------------------------+--------------------+ | Ubuntu 20.04 ARM SVE | PASS | +----------------------------------------+--------------------+ | Debian 12 with MUSDK | FAIL | +----------------------------------------+--------------------+ | Fedora 41 (ARM Clang) | PASS | +----------------------------------------+--------------------+ | Fedora 40 (ARM Clang) | PASS | +----------------------------------------+--------------------+ | Ubuntu 24.04 (ARM) | PASS | +----------------------------------------+--------------------+ | Ubuntu 20.04 (ARM) | PASS | +----------------------------------------+--------------------+ | Fedora 41 (ARM) | PASS | +----------------------------------------+--------------------+ | Ubuntu 22.04 (ARM) | PASS | +----------------------------------------+--------------------+ | Ubuntu 20.04 aarch32 GCC Cross Compile | PASS | +----------------------------------------+--------------------+ | Debian 11 (Buster) (ARM) | PASS | +----------------------------------------+--------------------+ | Debian 12 (arm) | PASS | +----------------------------------------+--------------------+ | CentOS Stream 9 (ARM) | PASS | +----------------------------------------+--------------------+ | Ubuntu 20.04 ARM Clang Cross Compile | PASS | +----------------------------------------+--------------------+ ==== 20 line log output for Debian 12 with MUSDK (dpdk_meson_compile): ==== [788/1173] Compiling C object drivers/libtmp_rte_net_mvneta.a.p/net_mvneta_mvneta_rxtx.c.o FAILED: drivers/libtmp_rte_net_mvneta.a.p/net_mvneta_mvneta_rxtx.c.o ccache aarch64-linux-gnu-gcc -Idrivers/libtmp_rte_net_mvneta.a.p -Idrivers -I../drivers -Idrivers/net/mvneta -I../drivers/net/mvneta -Ilib/ethdev -I../lib/ethdev -I. -I.. -Iconfig -I../config -Ilib/eal/include -I../lib/eal/include -Ilib/eal/linux/include -I../lib/eal/linux/include -Ilib/eal/arm/include -I../lib/eal/arm/include -I../kernel/linux -Ilib/eal/common -I../lib/eal/common -Ilib/eal -I../lib/eal -Ilib/kvargs -I../lib/kvargs -Ilib/log -I../lib/log -Ilib/metrics -I../lib/metrics -Ilib/telemetry -I../lib/telemetry -Ilib/net -I../lib/net -Ilib/mbuf -I../lib/mbuf -Ilib/mempool -I../lib/mempool -Ilib/ring -I../lib/ring -Ilib/meter -I../lib/meter -Idrivers/bus/pci -I../drivers/bus/pci -I../drivers/bus/pci/linux -Ilib/pci -I../lib/pci -Idrivers/bus/vdev -I../drivers/bus/vdev -Ilib/cfgfile -I../lib/cfgfile -Idrivers/common/mvep -I../drivers/common/mvep -I/mvneta/musdk_bin/include -fdiagnostics-color=always -pipe -D_FILE_OFFSET_BITS=64 -Wall -Winvalid-pch -Wextra -Werror -std=c11 -O3 - include rte_config.h -Wvla -Wcast-qual -Wdeprecated -Wformat -Wformat-nonliteral -Wformat-security -Wmissing-declarations -Wmissing-prototypes -Wnested-externs -Wold-style-definition -Wpointer-arith -Wsign-compare -Wstrict-prototypes -Wundef -Wwrite-strings -Wno-packed-not-aligned -Wno-missing-field-initializers -D_GNU_SOURCE -fPIC -DMVCONF_TYPES_PUBLIC -DMVCONF_DMA_PHYS_ADDR_T_PUBLIC -DMVCONF_DMA_PHYS_ADDR_T_SIZE=64 -mcpu=cortex-a72 -DALLOW_EXPERIMENTAL_API -DALLOW_INTERNAL_API -Wno-format-truncation -Wno-address-of-packed-member -DRTE_LOG_DEFAULT_LOGTYPE=pmd.net.mvneta -MD -MQ drivers/libtmp_rte_net_mvneta.a.p/net_mvneta_mvneta_rxtx.c.o -MF drivers/libtmp_rte_net_mvneta.a.p/net_mvneta_mvneta_rxtx.c.o.d -o drivers/libtmp_rte_net_mvneta.a.p/net_mvneta_mvneta_rxtx.c.o -c ../drivers/net/mvneta/mvneta_rxtx.c ../drivers/net/mvneta/mvneta_rxtx.c: In function 'mvneta_tx_pkt_burst': ../drivers/net/mvneta/mvneta_rxtx.c:380:16: error: ISO C90 forbids variable length array 'descs' [-Werror=vla] 380 | struct neta_ppio_desc descs[nb_pkts]; | ^~~~~~~~~~~~~~ ../drivers/net/mvneta/mvneta_rxtx.c: In function 'mvneta_tx_sg_pkt_burst': ../drivers/net/mvneta/mvneta_rxtx.c:462:16: error: ISO C90 forbids variable length array 'descs' [-Werror=vla] 462 | struct neta_ppio_desc descs[nb_pkts * NETA_PPIO_DESC_NUM_FRAGS]; | ^~~~~~~~~~~~~~ ../drivers/net/mvneta/mvneta_rxtx.c:464:9: error: ISO C90 forbids variable length array 'frags' [-Werror=vla] 464 | uint8_t frags[nb_pkts]; | ^~~~~~~ ../drivers/net/mvneta/mvneta_rxtx.c: In function 'mvneta_rx_pkt_burst': ../drivers/net/mvneta/mvneta_rxtx.c:618:16: error: ISO C90 forbids variable length array 'descs' [-Werror=vla] 618 | struct neta_ppio_desc descs[nb_pkts]; | ^~~~~~~~~~~~~~ cc1: all warnings being treated as errors ninja: build stopped: subcommand failed. ==== End log output ==== RHEL9 (ARM) Kernel: Depends on container host Compiler: gcc 11.5.0 20240719 (Red Hat 11.5.0-2) Fedora 40 (ARM) Kernel: Depends on container host Compiler: gcc 14.2.1 20240912 (Red Hat 14.2.1-3) Ubuntu 20.04 ARM SVE Kernel: Depends on container host Compiler: gcc (Ubuntu 10.5.0-1ubuntu1~20.04) 10.5.0 Debian 12 with MUSDK Kernel: Depends on container host Compiler: gcc (Debian 12.2.0-14) 12.2.0 Fedora 41 (ARM Clang) Kernel: Depends on container host Compiler: clang 19.1.5 (Fedora 19.1.5-1.fc41) Fedora 40 (ARM Clang) Kernel: Depends on container host Compiler: clang 18.1.8 (Fedora 18.1.8-1.fc40) Ubuntu 24.04 (ARM) Kernel: Depends on container host Compiler: gcc (Ubuntu 13.3.0-6ubuntu2~24.04) 13.3.0 Ubuntu 20.04 (ARM) Kernel: Depends on container host Compiler: gcc (Ubuntu 9.4.0-1ubuntu1~20.04.2) 9.4.0 Fedora 41 (ARM) Kernel: Depends on container host Compiler: gcc 14.2.1 20240912 (Red Hat 14.2.1-3) Ubuntu 22.04 (ARM) Kernel: Depends on container host Compiler: gcc (Ubuntu 11.4.0-1ubuntu1~22.04) 11.4.0 Ubuntu 20.04 aarch32 GCC Cross Compile Kernel: Depends on container host Compiler: gcc 9.4.0 Debian 11 (Buster) (ARM) Kernel: Depends on container host Compiler: gcc (Debian 10.2.1-6) 10.2.1 20210110 Debian 12 (arm) Kernel: Depends on container host Compiler: gcc (Debian 12.2.0-14) 12.2.0 CentOS Stream 9 (ARM) Kernel: Depends on container host Compiler: gcc 11.5.0 20240719 (Red Hat 11.5.0-2) Ubuntu 20.04 ARM Clang Cross Compile Kernel: Depends on container host Compiler: clang 10.0.0-4ubuntu1 To view detailed results, visit: https://lab.dpdk.org/results/dashboard/patchsets/32489/ UNH-IOL DPDK Community Lab To manage your email subscriptions, visit: https://lab.dpdk.org/results/dashboard/preferences/subscriptions/