From mboxrd@z Thu Jan 1 00:00:00 1970 Return-Path: Received: from mails.dpdk.org (mails.dpdk.org [217.70.189.124]) by inbox.dpdk.org (Postfix) with ESMTP id BDC5746192 for ; Wed, 5 Feb 2025 01:57:25 +0100 (CET) Received: from mails.dpdk.org (localhost [127.0.0.1]) by mails.dpdk.org (Postfix) with ESMTP id 985E54021E; Wed, 5 Feb 2025 01:57:25 +0100 (CET) Received: from mail-il1-f227.google.com (mail-il1-f227.google.com [209.85.166.227]) by mails.dpdk.org (Postfix) with ESMTP id 1D5BD400EF for ; Wed, 5 Feb 2025 01:57:24 +0100 (CET) Received: by mail-il1-f227.google.com with SMTP id e9e14a558f8ab-3ce76b8d5bcso52487665ab.0 for ; Tue, 04 Feb 2025 16:57:24 -0800 (PST) DKIM-Signature: v=1; a=rsa-sha256; c=relaxed/relaxed; d=iol.unh.edu; s=unh-iol; t=1738717043; x=1739321843; darn=dpdk.org; h=cc:to:from:subject:message-id:date:from:to:cc:subject:date :message-id:reply-to; bh=bL1woP91gEkoxYJKWHmoHwDAH5KX/pBgSIz4T6n1RfI=; b=c0OC6UWbF+Om84S6WJ7kH0cIgPZ4UTk+O61yHBis29u0Ent2JiBiifgLNW7DejZya1 YvPXEzPJB/zhwDu/JJ9qYawBcgougNtv9Fa0cvFWB+31t1Q7HPOwVqqXKYf4sEVfFg19 9v4d0MqklT74zWd/l5Fh3uq3sWK8beE8ezvpE= X-Google-DKIM-Signature: v=1; a=rsa-sha256; c=relaxed/relaxed; d=1e100.net; s=20230601; t=1738717043; x=1739321843; h=cc:to:from:subject:message-id:date:x-gm-message-state:from:to:cc :subject:date:message-id:reply-to; bh=bL1woP91gEkoxYJKWHmoHwDAH5KX/pBgSIz4T6n1RfI=; b=jKVT4bEVjW5pFerDomnunsVGMuGP3Pm0skRlBMo4pKKiEFgGagB9/eLM58UVieFVAQ C27CLZzTD80lUhqfjNPr7tUV8puyPTcnaOI3Lo+wA+9IdkxEiouYaK9y0iTP6M9W7Wb2 TF8eCJ9R2+S2nY2maqswx6E0GNjneGhERK0Pa58TblPPJgYYGqaMbIKj5ChNNCe/uiwZ Dr0zNkzA8LcuPYPdisxkdFSfOMrGQE+iJPz68TMagRVApQFS/k1TGC2luOrj3pLny60g wcPXVMPwdD4z8cdNOHnYVPlYNFSABn4PVbZEinuoESA8SRgWN7xfVxh4HBhhkjMOuDal bvnA== X-Gm-Message-State: AOJu0YwO7PAcIbLOs4wqHfGxMKiHohkc+M2VwhKkhPs2Jy+vPkdThsiB ban4vcT8uILBxZZlOGd5HEyYdDUxtqGDuuaiog6OGV4yDQ3zFVJvTYr5/OfWgsRjQfgAAPhOkI0 7ZQJhhWHqN9c5TbLkApJ2NZOlj5ELqS1I X-Gm-Gg: ASbGncu0UVmKSW872EqCsNWJQQ6qrCGUZJUqSgRCERsCOALusGUVjpICc2K54Y6jD1b v9b010bUCdvKzw3kCoeFZZ0tFANSqpFB/GaM1/r94UUzbIDB/yYYdDG5GHkFVDU5efXrElAmKgV WIgJKT1TK8GkCWxI0IwYE6YYB8Z/wkd34KsHP5+cSgwJRlTnCu2GHCK1sqbFPQrRXPmLBVvUUh0 d5CzvPj/dJyS/vuNRbRSwEbG2Mv7J2jasuOO6GvX5a7KoQdjMFCVztdVbA34JkavrZXTgVnqElK IUHdHYem2eM/pzOD9NZvr/lyNjOPfw== X-Google-Smtp-Source: AGHT+IGzM1wwUv1Kbh+LIih9pc5IPsOSrLQIjCTmHcFt7YFbginh/iN/MP2354w/BzdrSFHEsBYFoc7IOXJY X-Received: by 2002:a05:6e02:20c8:b0:3d0:147a:b5da with SMTP id e9e14a558f8ab-3d04f3f7654mr9650005ab.5.1738717043241; Tue, 04 Feb 2025 16:57:23 -0800 (PST) Received: from postal.iol.unh.edu (postal.iol.unh.edu. [132.177.123.84]) by smtp-relay.gmail.com with ESMTPS id e9e14a558f8ab-3d00a5ec440sm8801555ab.51.2025.02.04.16.57.23 (version=TLS1_2 cipher=ECDHE-ECDSA-AES128-GCM-SHA256 bits=128/128); Tue, 04 Feb 2025 16:57:23 -0800 (PST) X-Relaying-Domain: iol.unh.edu Date: Tue, 04 Feb 2025 16:57:23 -0800 (PST) Message-ID: <67a2b773.050a0220.1e67f2.a372SMTPIN_ADDED_MISSING@mx.google.com> Received: from [172.21.0.5] (unknown [172.18.0.240]) by postal.iol.unh.edu (Postfix) with ESMTP id AD26C6052471; Tue, 4 Feb 2025 19:57:22 -0500 (EST) Subject: |WARNING| [GIT MASTER] 7ce7d3341d7e21c2a81f2fea8e451681d7306d77 From: dpdklab@iol.unh.edu To: Test Report Cc: dpdk-test-reports@iol.unh.edu, Xueming Li , Christian Ehrhardt , Kevin Traynor , Luca Boccassi Content-Type: text/plain X-BeenThere: test-report@dpdk.org X-Mailman-Version: 2.1.29 Precedence: list List-Id: automatic DPDK test reports List-Unsubscribe: , List-Archive: List-Post: List-Help: List-Subscribe: , Errors-To: test-report-bounces@dpdk.org _Testing issues_ Branch: tags/v22.11 7ce7d3341d7e21c2a81f2fea8e451681d7306d77 --> testing issues Upstream job id: Windows-Compile-DPDK-Native#26307 Test environment and result as below: +---------------------+--------------------+----------------------+-------------------------+ | Environment | dpdk_meson_compile | dpdk_mingw64_compile | dpdk_llvm_clang_compile | +=====================+====================+======================+=========================+ | CentOS Stream 9 | PASS | SKIPPED | SKIPPED | +---------------------+--------------------+----------------------+-------------------------+ | Debian Bullseye | PASS | SKIPPED | SKIPPED | +---------------------+--------------------+----------------------+-------------------------+ | Debian 12 | PASS | SKIPPED | SKIPPED | +---------------------+--------------------+----------------------+-------------------------+ | Fedora 40 (Clang) | PASS | SKIPPED | SKIPPED | +---------------------+--------------------+----------------------+-------------------------+ | RHEL8 | PASS | SKIPPED | SKIPPED | +---------------------+--------------------+----------------------+-------------------------+ | openSUSE Leap 15 | PASS | SKIPPED | SKIPPED | +---------------------+--------------------+----------------------+-------------------------+ | Fedora 41 | PASS | SKIPPED | SKIPPED | +---------------------+--------------------+----------------------+-------------------------+ | Fedora 40 | PASS | SKIPPED | SKIPPED | +---------------------+--------------------+----------------------+-------------------------+ | RHEL9 | PASS | SKIPPED | SKIPPED | +---------------------+--------------------+----------------------+-------------------------+ | Fedora 41 (Clang) | PASS | SKIPPED | SKIPPED | +---------------------+--------------------+----------------------+-------------------------+ | Ubuntu 20.04 | PASS | SKIPPED | SKIPPED | +---------------------+--------------------+----------------------+-------------------------+ | Ubuntu 22.04 | PASS | SKIPPED | SKIPPED | +---------------------+--------------------+----------------------+-------------------------+ | Ubuntu 24.04 | PASS | SKIPPED | SKIPPED | +---------------------+--------------------+----------------------+-------------------------+ | FreeBSD 13.4 | PASS | SKIPPED | SKIPPED | +---------------------+--------------------+----------------------+-------------------------+ | FreeBSD 14.2 | PASS | SKIPPED | SKIPPED | +---------------------+--------------------+----------------------+-------------------------+ | Windows Server 2022 | SKIPPED | PASS | FAIL | +---------------------+--------------------+----------------------+-------------------------+ ==== 20 line log output for Windows Server 2022 (dpdk_llvm_clang_compile): ==== ..\lib\eal\include/rte_common.h:850:32: note: expanded from macro 'RTE_FMT_TAIL' #define RTE_FMT_TAIL(fmt, ...) __VA_ARGS__ ^~~~~~~~~~~ ..\lib\eal\include/rte_common.h:848:39: note: expanded from macro 'RTE_FMT' #define RTE_FMT(fmt, ...) fmt "%.0s", __VA_ARGS__ "" ^~~~~~~~~~~ ../drivers/crypto/mlx5/mlx5_crypto.c:463:18: note: forward declaration of 'struct mlx5_err_cqe' volatile struct mlx5_err_cqe *cqe = (volatile struct mlx5_err_cqe *) ^ 3 errors generated. [619/788] Compiling C object drivers/libtmp_rte_net_vmxnet3.a.p/net_vmxnet3_vmxnet3_rxtx.c.obj [620/788] Compiling C object drivers/libtmp_rte_crypto_mlx5.a.p/crypto_mlx5_mlx5_crypto_dek.c.obj [621/788] Compiling C object app/dpdk-testpmd.exe.p/test-pmd_5tswap.c.obj [622/788] Generating rte_net_octeon_ep.pmd.c with a custom command (wrapped by meson to set PATH) [623/788] Compiling C object app/dpdk-testpmd.exe.p/test-pmd_csumonly.c.obj [624/788] Compiling C object drivers/libtmp_rte_net_mlx5.a.p/net_mlx5_mlx5_tx_nompw.c.obj [625/788] Compiling C object app/dpdk-testpmd.exe.p/test-pmd_cmdline_flow.c.obj [626/788] Compiling C object drivers/libtmp_rte_net_mlx5.a.p/net_mlx5_mlx5_tx_empw.c.obj [627/788] Compiling C object drivers/libtmp_rte_net_mlx5.a.p/net_mlx5_mlx5_tx_txpp.c.obj ninja: build stopped: subcommand failed. ==== End log output ==== CentOS Stream 9 Kernel: Depends on container host Compiler: gcc 11.5.0 20240719 (Red Hat 11.5.0-2) Debian Bullseye Kernel: Depends on container host Compiler: gcc (Debian 10.2.1-6) 10.2.1 20210110 Debian 12 Kernel: Depends on container host Compiler: gcc (Debian 12.2.0-14) 12.2.0 Fedora 40 (Clang) Kernel: Depends on container host Compiler: clang 18.1.8 (Fedora 18.1.8-1.fc40) RHEL8 Kernel: Depends on container host Compiler: gcc 8.5.0 20210514 (Red Hat 8.5.0-22) openSUSE Leap 15 Kernel: Depends on container host Compiler: gcc (SUSE Linux) 7.5.0 Fedora 41 Kernel: Depends on container host Compiler: gcc 14.2.1 20240912 (Red Hat 14.2.1-3) Fedora 40 Kernel: Depends on container host Compiler: gcc 14.2.1 20240912 (Red Hat 14.2.1-3) RHEL9 Kernel: Depends on container host Compiler: gcc 11.5.0 20240719 (Red Hat 11.5.0-2) Fedora 41 (Clang) Kernel: Depends on container host Compiler: clang 19.1.5 (Fedora 19.1.5-1.fc41) Ubuntu 20.04 Kernel: Depends on container host Compiler: gcc (Ubuntu 9.4.0-1ubuntu1~20.04.2) 9.4.0 Ubuntu 22.04 Kernel: Depends on container host Compiler: gcc (Ubuntu 11.4.0-1ubuntu1~22.04) 11.4.0 Ubuntu 24.04 Kernel: Depends on container host Compiler: gcc (Ubuntu 13.3.0-6ubuntu2~24.04) 13.3.0 FreeBSD 13.4 Kernel: 13.4-RELEASE-p1 Compiler: clang 18.1.6 FreeBSD 14.2 Kernel: 14.2-RELEASE Compiler: clang 18.1.6 Windows Server 2022 Kernel: 10.0.20348.2031 Compiler: clang 15.0.7, gcc 14.1.0 (MinGW), and MSVC VS 19.39.33521 To view detailed results, visit: https://lab.dpdk.org/results/dashboard/tarballs/32432/ UNH-IOL DPDK Community Lab To manage your email subscriptions, visit: https://lab.dpdk.org/results/dashboard/preferences/subscriptions/