From mboxrd@z Thu Jan 1 00:00:00 1970 Return-Path: Received: from mails.dpdk.org (mails.dpdk.org [217.70.189.124]) by inbox.dpdk.org (Postfix) with ESMTP id 6799946195 for ; Wed, 5 Feb 2025 04:49:52 +0100 (CET) Received: from mails.dpdk.org (localhost [127.0.0.1]) by mails.dpdk.org (Postfix) with ESMTP id 39DF940289; Wed, 5 Feb 2025 04:49:52 +0100 (CET) Received: from mail-oo1-f98.google.com (mail-oo1-f98.google.com [209.85.161.98]) by mails.dpdk.org (Postfix) with ESMTP id BA39940270 for ; Wed, 5 Feb 2025 04:49:51 +0100 (CET) Received: by mail-oo1-f98.google.com with SMTP id 006d021491bc7-5fc447b03f2so217431eaf.0 for ; Tue, 04 Feb 2025 19:49:51 -0800 (PST) DKIM-Signature: v=1; a=rsa-sha256; c=relaxed/relaxed; d=iol.unh.edu; s=unh-iol; t=1738727391; x=1739332191; darn=dpdk.org; h=cc:to:from:subject:message-id:date:from:to:cc:subject:date :message-id:reply-to; bh=b04HA65T61BJ4L+cRVDMakSqInygaR4maFKIpmdUFPo=; b=iVQZkuipIgEBZBaWH4IR+V1Y1X0yYGnbx/n0WWStMDnJ3Oqa5ovu8zw/MZcHW08j9a LmQLpGmpJqKe6/xkueaN46NqV8PXl8maSVi+MAxjdPZ6qZB8+4pRDU6s4lICB1WgJPEP cSLSdKccZx9yqYbzCwiHf8KiI/6WY5o0PLqXg= X-Google-DKIM-Signature: v=1; a=rsa-sha256; c=relaxed/relaxed; d=1e100.net; s=20230601; t=1738727391; x=1739332191; h=cc:to:from:subject:message-id:date:x-gm-message-state:from:to:cc :subject:date:message-id:reply-to; bh=b04HA65T61BJ4L+cRVDMakSqInygaR4maFKIpmdUFPo=; b=JS4qEkLS2Qy7wakeb6LHYY2NVlHa5lF8TPDrzy7JE0DNd+hr6F4aIa4CXyOd7dlZ4T IohKBv2uig8uDhMPrs9i5s08XjXn1kfw1Q479Wx687DGoJE03lr3ScEvjolGDzxYJaWK X+g0S5rsquM8SxpKdH/jxQIjiqyTSUKUd1UKR5pFcsUuWgPpgEbTrq34W9cH8gIjCGk1 U7ROlU1HYayNkPa5xquGizskHeR1gJZZxYOkoxGkXAQLvaZTc5CqSKtFxYMk511nzMLn sl0hi3oEh7HOk3WRc5XhzaOQQXV07wvvFOTPOAV4+3RCTumnU2hoadbTgO8/vVZJasw9 9GIg== X-Gm-Message-State: AOJu0YzgqiuwPlta3cb1WAnSNmwb5J2anfUYD9Nx4CcDWX2ft/zwmSy+ iSEfQaJ3iRxcIKwCWhpkqo1G/3LtB+8BMpyMqyzJGHy5/7sSSZ8GNFovSJJW0rTXW34NMT2EiTj g1njdi5cygwRqgbzfiPsQ2uGTpcu0wLlO X-Gm-Gg: ASbGncvHM0sdXytxB3XzSFzRFYOA+bzlp0GqM0r+w/Jt3dQqhuulWOfET7Nsy+OsBzp HQtJOJ/MJ6eRSvqMKW11iWYyanM92BXkZOfyOT/Mu2bVjZHvVBe5NmUu3MmuyBCmwXrAUlp/W/F 48MIgVCgm+AwyMD7saVwdBS+HVTpruCmJTSp6nMypZv2XykXrHkxhaFboulABlj6/Nf7Aei5VHT AOdx8OvebWVanXHel2b2FkTlS/3zB+Yf04U0Ms/bv8t6bRtD3M2/tv7BYaHy9J5Jxn93G3TAkAf TptJ98sDh5PBvNyxEc7iHTbh6oPBeQ== X-Google-Smtp-Source: AGHT+IHH/XlyCbBOzdiJPLUVF5RUrtwa0KYbHcdQzIxWWbHixaebKGY8doJOy38cDSEL2hW63xZhHxLTKwVN X-Received: by 2002:a05:6870:75c9:b0:29d:c832:840d with SMTP id 586e51a60fabf-2b80518fd91mr1122964fac.35.1738727390856; Tue, 04 Feb 2025 19:49:50 -0800 (PST) Received: from postal.iol.unh.edu (postal.iol.unh.edu. [132.177.123.84]) by smtp-relay.gmail.com with ESMTPS id 586e51a60fabf-2b356114976sm878086fac.2.2025.02.04.19.49.50 (version=TLS1_2 cipher=ECDHE-ECDSA-AES128-GCM-SHA256 bits=128/128); Tue, 04 Feb 2025 19:49:50 -0800 (PST) X-Relaying-Domain: iol.unh.edu Date: Tue, 04 Feb 2025 19:49:50 -0800 (PST) Message-ID: <67a2dfde.050a0220.1d0180.8da8SMTPIN_ADDED_MISSING@mx.google.com> Received: from [172.21.0.5] (unknown [172.18.0.240]) by postal.iol.unh.edu (Postfix) with ESMTP id 502796052471; Tue, 4 Feb 2025 22:49:50 -0500 (EST) Subject: |WARNING| [GIT MASTER] 7ce7d3341d7e21c2a81f2fea8e451681d7306d77 From: dpdklab@iol.unh.edu To: Test Report Cc: dpdk-test-reports@iol.unh.edu, Xueming Li , Christian Ehrhardt , Kevin Traynor , Luca Boccassi Content-Type: text/plain X-BeenThere: test-report@dpdk.org X-Mailman-Version: 2.1.29 Precedence: list List-Id: automatic DPDK test reports List-Unsubscribe: , List-Archive: List-Post: List-Help: List-Subscribe: , Errors-To: test-report-bounces@dpdk.org _Testing issues_ Branch: tags/v22.11 7ce7d3341d7e21c2a81f2fea8e451681d7306d77 --> testing issues Upstream job id: Windows-Compile-DPDK-Native#26336 Test environment and result as below: +---------------------+--------------------+----------------------+-------------------------+ | Environment | dpdk_meson_compile | dpdk_mingw64_compile | dpdk_llvm_clang_compile | +=====================+====================+======================+=========================+ | Debian Bullseye | PASS | SKIPPED | SKIPPED | +---------------------+--------------------+----------------------+-------------------------+ | CentOS Stream 9 | PASS | SKIPPED | SKIPPED | +---------------------+--------------------+----------------------+-------------------------+ | Fedora 40 (Clang) | PASS | SKIPPED | SKIPPED | +---------------------+--------------------+----------------------+-------------------------+ | Debian 12 | PASS | SKIPPED | SKIPPED | +---------------------+--------------------+----------------------+-------------------------+ | Fedora 40 | PASS | SKIPPED | SKIPPED | +---------------------+--------------------+----------------------+-------------------------+ | openSUSE Leap 15 | PASS | SKIPPED | SKIPPED | +---------------------+--------------------+----------------------+-------------------------+ | Fedora 41 (Clang) | PASS | SKIPPED | SKIPPED | +---------------------+--------------------+----------------------+-------------------------+ | RHEL8 | PASS | SKIPPED | SKIPPED | +---------------------+--------------------+----------------------+-------------------------+ | RHEL9 | PASS | SKIPPED | SKIPPED | +---------------------+--------------------+----------------------+-------------------------+ | Ubuntu 24.04 | PASS | SKIPPED | SKIPPED | +---------------------+--------------------+----------------------+-------------------------+ | Ubuntu 22.04 | PASS | SKIPPED | SKIPPED | +---------------------+--------------------+----------------------+-------------------------+ | FreeBSD 13.4 | PASS | SKIPPED | SKIPPED | +---------------------+--------------------+----------------------+-------------------------+ | FreeBSD 14.2 | PASS | SKIPPED | SKIPPED | +---------------------+--------------------+----------------------+-------------------------+ | Fedora 41 | PASS | SKIPPED | SKIPPED | +---------------------+--------------------+----------------------+-------------------------+ | Ubuntu 20.04 | PASS | SKIPPED | SKIPPED | +---------------------+--------------------+----------------------+-------------------------+ | Windows Server 2022 | SKIPPED | PASS | FAIL | +---------------------+--------------------+----------------------+-------------------------+ ==== 20 line log output for Windows Server 2022 (dpdk_llvm_clang_compile): ==== ..\lib\eal\include/rte_common.h:850:32: note: expanded from macro 'RTE_FMT_TAIL' #define RTE_FMT_TAIL(fmt, ...) __VA_ARGS__ ^~~~~~~~~~~ ..\lib\eal\include/rte_common.h:848:39: note: expanded from macro 'RTE_FMT' #define RTE_FMT(fmt, ...) fmt "%.0s", __VA_ARGS__ "" ^~~~~~~~~~~ ../drivers/crypto/mlx5/mlx5_crypto.c:463:18: note: forward declaration of 'struct mlx5_err_cqe' volatile struct mlx5_err_cqe *cqe = (volatile struct mlx5_err_cqe *) ^ 3 errors generated. [616/788] Linking static target drivers/libtmp_rte_net_octeon_ep.a [617/788] Generating rte_crypto_mlx5_mingw with a custom command [618/788] Compiling C object drivers/libtmp_rte_net_vmxnet3.a.p/net_vmxnet3_vmxnet3_ethdev.c.obj [619/788] Compiling C object drivers/libtmp_rte_crypto_mlx5.a.p/crypto_mlx5_mlx5_crypto_dek.c.obj [620/788] Compiling C object drivers/libtmp_rte_net_vmxnet3.a.p/net_vmxnet3_vmxnet3_rxtx.c.obj [621/788] Compiling C object drivers/libtmp_rte_net_mlx5.a.p/net_mlx5_mlx5_tx_nompw.c.obj [622/788] Compiling C object app/dpdk-testpmd.exe.p/test-pmd_config.c.obj [623/788] Compiling C object drivers/libtmp_rte_net_mlx5.a.p/net_mlx5_mlx5_tx_empw.c.obj [624/788] Compiling C object drivers/libtmp_rte_net_mlx5.a.p/net_mlx5_mlx5_tx_txpp.c.obj ninja: build stopped: subcommand failed. ==== End log output ==== Debian Bullseye Kernel: Depends on container host Compiler: gcc (Debian 10.2.1-6) 10.2.1 20210110 CentOS Stream 9 Kernel: Depends on container host Compiler: gcc 11.5.0 20240719 (Red Hat 11.5.0-2) Fedora 40 (Clang) Kernel: Depends on container host Compiler: clang 18.1.8 (Fedora 18.1.8-1.fc40) Debian 12 Kernel: Depends on container host Compiler: gcc (Debian 12.2.0-14) 12.2.0 Fedora 40 Kernel: Depends on container host Compiler: gcc 14.2.1 20240912 (Red Hat 14.2.1-3) openSUSE Leap 15 Kernel: Depends on container host Compiler: gcc (SUSE Linux) 7.5.0 Fedora 41 (Clang) Kernel: Depends on container host Compiler: clang 19.1.5 (Fedora 19.1.5-1.fc41) RHEL8 Kernel: Depends on container host Compiler: gcc 8.5.0 20210514 (Red Hat 8.5.0-22) RHEL9 Kernel: Depends on container host Compiler: gcc 11.5.0 20240719 (Red Hat 11.5.0-2) Ubuntu 24.04 Kernel: Depends on container host Compiler: gcc (Ubuntu 13.3.0-6ubuntu2~24.04) 13.3.0 Ubuntu 22.04 Kernel: Depends on container host Compiler: gcc (Ubuntu 11.4.0-1ubuntu1~22.04) 11.4.0 FreeBSD 13.4 Kernel: 13.4-RELEASE-p1 Compiler: clang 18.1.6 FreeBSD 14.2 Kernel: 14.2-RELEASE Compiler: clang 18.1.6 Fedora 41 Kernel: Depends on container host Compiler: gcc 14.2.1 20240912 (Red Hat 14.2.1-3) Ubuntu 20.04 Kernel: Depends on container host Compiler: gcc (Ubuntu 9.4.0-1ubuntu1~20.04.2) 9.4.0 Windows Server 2022 Kernel: 10.0.20348.2031 Compiler: clang 15.0.7, gcc 14.1.0 (MinGW), and MSVC VS 19.39.33521 To view detailed results, visit: https://lab.dpdk.org/results/dashboard/tarballs/32401/ UNH-IOL DPDK Community Lab To manage your email subscriptions, visit: https://lab.dpdk.org/results/dashboard/preferences/subscriptions/