From mboxrd@z Thu Jan 1 00:00:00 1970 Return-Path: Received: from mails.dpdk.org (mails.dpdk.org [217.70.189.124]) by inbox.dpdk.org (Postfix) with ESMTP id 40EF546195 for ; Wed, 5 Feb 2025 05:40:32 +0100 (CET) Received: from mails.dpdk.org (localhost [127.0.0.1]) by mails.dpdk.org (Postfix) with ESMTP id 32E6540289; Wed, 5 Feb 2025 05:40:32 +0100 (CET) Received: from mail-pl1-f225.google.com (mail-pl1-f225.google.com [209.85.214.225]) by mails.dpdk.org (Postfix) with ESMTP id 8984940270 for ; Wed, 5 Feb 2025 05:40:30 +0100 (CET) Received: by mail-pl1-f225.google.com with SMTP id d9443c01a7336-21f1d4111d4so622795ad.0 for ; Tue, 04 Feb 2025 20:40:30 -0800 (PST) DKIM-Signature: v=1; a=rsa-sha256; c=relaxed/relaxed; d=iol.unh.edu; s=unh-iol; t=1738730429; x=1739335229; darn=dpdk.org; h=cc:to:from:subject:message-id:date:from:to:cc:subject:date :message-id:reply-to; bh=mQs5PkpNs3djB3nst5WRxilqyI7NkCJ5WD7YO4ph8/M=; b=ZR1XvD4MztuEkfoFXwLuALBN3KcXsKLE8NJxKKa+hUBZS28XbX3aSSXqMFMTwLKWMK 8KFfekmwT4fJAzyODnM9Em7p78q3j+fcuygINIiixBt1g7PjYbpwN2hzxA3tL4czoJJ7 EcshPuNMU7whguKz356NnSCjUwE75DCzA2a5o= X-Google-DKIM-Signature: v=1; a=rsa-sha256; c=relaxed/relaxed; d=1e100.net; s=20230601; t=1738730429; x=1739335229; h=cc:to:from:subject:message-id:date:x-gm-message-state:from:to:cc :subject:date:message-id:reply-to; bh=mQs5PkpNs3djB3nst5WRxilqyI7NkCJ5WD7YO4ph8/M=; b=kpWQkwBJwI5CGTgeiohY8edkX6XJcDQSce20tTk3cCGP0ujOM8JbAoB7jXg5BLaVqw sA6AqqMXnLsME7avW1HnxIe2q2kXNsaE3hmGZSfHXJaYWxZxzg/2+GhvqMKWkOzPjdXH 8KLbrg2R6VGPduorV44VTsPg3H9pjwhIhvP+O8v837tkMxak9JTArPkXNB/PyBUuit6M OdRNgb1ckXIQaHm3D7pp7ImF8RVOlLu5YKhE2QwykE82bKidWXuJ3tzMNoSqvvgoov/L 8Gv5INLb4X0M3Pqh5q5gGHgpYdUfA5CLGyLKVZxj4Osd7ziczh689lyJT0n9RM8P3S+U 36zw== X-Gm-Message-State: AOJu0YzkOi0ffLlPD5r/6EsnrT+dh9TCW1zE/Q4gDZwojSjGU8zvt4i3 3PoLG3BW3hDZzE53ZGMJuCydChMlFptfu76XG7JmlAcs1ZqLczktg2t9xNRxFNUPmg5hCmuMg7S KDn9BOhn6jR/45TBiHQTZbu6hQnOulBv6F+mdue0/8QTffcqD X-Gm-Gg: ASbGnctFn+cwrEfqWAPEwC24bm95rQlgnLPhzlmObh2lkejflqYuJxvnPgtUU3UIFJI gjwdubYCt7cymGZqyfSB96S49fn2ICMWv5c/jxTBef0XJZlevDHSL70o9Xjx/WPlNZuYpsx11cl tfDKT4hrf7txkVcRtJYcN0kiiPySDNUqak3ii7f6A9T+eGWgR6AL6BHDgufAJvBIwIcdzcIAVtf cBVB8aF+dGSQNdTH3YSwZOtMttX3RhFSDieyaCNUZbr/wTQ3vU9wYAykFWYfNcGDCtE+JDRZqbB BnnwQ0TJ58HL1sv6haVFirfI8Mbn+isTIViM/zUY7g== X-Google-Smtp-Source: AGHT+IFNsH/usflC7OJoMmJ3Tp83H76svMgZQbrZLGt7CHVUKVapuF+vqJ6J0SNqVK2vVoI2ALWvX7428kTI X-Received: by 2002:a17:902:ce0c:b0:215:b75f:a18d with SMTP id d9443c01a7336-21f17dde036mr24630795ad.11.1738730429641; Tue, 04 Feb 2025 20:40:29 -0800 (PST) Received: from postal.iol.unh.edu (postal.iol.unh.edu. [2606:4100:3880:1234::84]) by smtp-relay.gmail.com with ESMTPS id d9443c01a7336-21de324a42esm6223755ad.46.2025.02.04.20.40.29 (version=TLS1_2 cipher=ECDHE-ECDSA-AES128-GCM-SHA256 bits=128/128); Tue, 04 Feb 2025 20:40:29 -0800 (PST) X-Relaying-Domain: iol.unh.edu Date: Tue, 04 Feb 2025 20:40:29 -0800 (PST) Message-ID: <67a2ebbd.170a0220.2aa917.cadeSMTPIN_ADDED_MISSING@mx.google.com> Received: from [172.17.0.4] (unknown [172.18.0.217]) by postal.iol.unh.edu (Postfix) with ESMTP id CD2636052471; Tue, 4 Feb 2025 23:40:28 -0500 (EST) Subject: |WARNING| [GIT MASTER] 7ce7d3341d7e21c2a81f2fea8e451681d7306d77 From: dpdklab@iol.unh.edu To: Test Report Cc: dpdk-test-reports@iol.unh.edu, Xueming Li , Christian Ehrhardt , Kevin Traynor , Luca Boccassi Content-Type: text/plain X-BeenThere: test-report@dpdk.org X-Mailman-Version: 2.1.29 Precedence: list List-Id: automatic DPDK test reports List-Unsubscribe: , List-Archive: List-Post: List-Help: List-Subscribe: , Errors-To: test-report-bounces@dpdk.org _Testing issues_ Branch: tags/v22.11 7ce7d3341d7e21c2a81f2fea8e451681d7306d77 --> testing issues Upstream job id: Windows-Compile-DPDK-Native#26346 Test environment and result as below: +---------------------+--------------------+----------------------+-------------------------+ | Environment | dpdk_meson_compile | dpdk_mingw64_compile | dpdk_llvm_clang_compile | +=====================+====================+======================+=========================+ | CentOS Stream 9 | PASS | SKIPPED | SKIPPED | +---------------------+--------------------+----------------------+-------------------------+ | Debian Bullseye | PASS | SKIPPED | SKIPPED | +---------------------+--------------------+----------------------+-------------------------+ | Fedora 40 | PASS | SKIPPED | SKIPPED | +---------------------+--------------------+----------------------+-------------------------+ | Fedora 40 (Clang) | PASS | SKIPPED | SKIPPED | +---------------------+--------------------+----------------------+-------------------------+ | Debian 12 | PASS | SKIPPED | SKIPPED | +---------------------+--------------------+----------------------+-------------------------+ | openSUSE Leap 15 | PASS | SKIPPED | SKIPPED | +---------------------+--------------------+----------------------+-------------------------+ | RHEL8 | PASS | SKIPPED | SKIPPED | +---------------------+--------------------+----------------------+-------------------------+ | RHEL9 | PASS | SKIPPED | SKIPPED | +---------------------+--------------------+----------------------+-------------------------+ | Ubuntu 20.04 | PASS | SKIPPED | SKIPPED | +---------------------+--------------------+----------------------+-------------------------+ | Fedora 41 (Clang) | PASS | SKIPPED | SKIPPED | +---------------------+--------------------+----------------------+-------------------------+ | Fedora 41 | PASS | SKIPPED | SKIPPED | +---------------------+--------------------+----------------------+-------------------------+ | Ubuntu 22.04 | PASS | SKIPPED | SKIPPED | +---------------------+--------------------+----------------------+-------------------------+ | Ubuntu 24.04 | PASS | SKIPPED | SKIPPED | +---------------------+--------------------+----------------------+-------------------------+ | FreeBSD 13.4 | PASS | SKIPPED | SKIPPED | +---------------------+--------------------+----------------------+-------------------------+ | FreeBSD 14.2 | PASS | SKIPPED | SKIPPED | +---------------------+--------------------+----------------------+-------------------------+ | Windows Server 2022 | SKIPPED | PASS | FAIL | +---------------------+--------------------+----------------------+-------------------------+ ==== 20 line log output for Windows Server 2022 (dpdk_llvm_clang_compile): ==== ..\lib\eal\include/rte_common.h:850:32: note: expanded from macro 'RTE_FMT_TAIL' #define RTE_FMT_TAIL(fmt, ...) __VA_ARGS__ ^~~~~~~~~~~ ..\lib\eal\include/rte_common.h:848:39: note: expanded from macro 'RTE_FMT' #define RTE_FMT(fmt, ...) fmt "%.0s", __VA_ARGS__ "" ^~~~~~~~~~~ ../drivers/crypto/mlx5/mlx5_crypto.c:463:18: note: forward declaration of 'struct mlx5_err_cqe' volatile struct mlx5_err_cqe *cqe = (volatile struct mlx5_err_cqe *) ^ 3 errors generated. [628/788] Compiling C object drivers/libtmp_rte_net_vmxnet3.a.p/net_vmxnet3_vmxnet3_rxtx.c.obj [629/788] Compiling C object drivers/libtmp_rte_crypto_mlx5.a.p/crypto_mlx5_mlx5_crypto_dek.c.obj [630/788] Compiling C object app/dpdk-testpmd.exe.p/test-pmd_5tswap.c.obj [631/788] Generating rte_net_octeon_ep.pmd.c with a custom command (wrapped by meson to set PATH) [632/788] Compiling C object app/dpdk-testpmd.exe.p/test-pmd_cmdline_mtr.c.obj [633/788] Compiling C object app/dpdk-testpmd.exe.p/test-pmd_cmdline_tm.c.obj [634/788] Compiling C object app/test/dpdk-test.exe.p/test_cryptodev.c.obj [635/788] Compiling C object drivers/libtmp_rte_net_mlx5.a.p/net_mlx5_mlx5_tx_empw.c.obj [636/788] Compiling C object drivers/libtmp_rte_net_mlx5.a.p/net_mlx5_mlx5_tx_txpp.c.obj ninja: build stopped: subcommand failed. ==== End log output ==== CentOS Stream 9 Kernel: Depends on container host Compiler: gcc 11.5.0 20240719 (Red Hat 11.5.0-2) Debian Bullseye Kernel: Depends on container host Compiler: gcc (Debian 10.2.1-6) 10.2.1 20210110 Fedora 40 Kernel: Depends on container host Compiler: gcc 14.2.1 20240912 (Red Hat 14.2.1-3) Fedora 40 (Clang) Kernel: Depends on container host Compiler: clang 18.1.8 (Fedora 18.1.8-1.fc40) Debian 12 Kernel: Depends on container host Compiler: gcc (Debian 12.2.0-14) 12.2.0 openSUSE Leap 15 Kernel: Depends on container host Compiler: gcc (SUSE Linux) 7.5.0 RHEL8 Kernel: Depends on container host Compiler: gcc 8.5.0 20210514 (Red Hat 8.5.0-22) RHEL9 Kernel: Depends on container host Compiler: gcc 11.5.0 20240719 (Red Hat 11.5.0-2) Ubuntu 20.04 Kernel: Depends on container host Compiler: gcc (Ubuntu 9.4.0-1ubuntu1~20.04.2) 9.4.0 Fedora 41 (Clang) Kernel: Depends on container host Compiler: clang 19.1.5 (Fedora 19.1.5-1.fc41) Fedora 41 Kernel: Depends on container host Compiler: gcc 14.2.1 20240912 (Red Hat 14.2.1-3) Ubuntu 22.04 Kernel: Depends on container host Compiler: gcc (Ubuntu 11.4.0-1ubuntu1~22.04) 11.4.0 Ubuntu 24.04 Kernel: Depends on container host Compiler: gcc (Ubuntu 13.3.0-6ubuntu2~24.04) 13.3.0 FreeBSD 13.4 Kernel: 13.4-RELEASE-p1 Compiler: clang 18.1.6 FreeBSD 14.2 Kernel: 14.2-RELEASE Compiler: clang 18.1.6 Windows Server 2022 Kernel: 10.0.20348.2031 Compiler: clang 15.0.7, gcc 14.1.0 (MinGW), and MSVC VS 19.39.33521 To view detailed results, visit: https://lab.dpdk.org/results/dashboard/tarballs/32389/ UNH-IOL DPDK Community Lab To manage your email subscriptions, visit: https://lab.dpdk.org/results/dashboard/preferences/subscriptions/