From mboxrd@z Thu Jan 1 00:00:00 1970 Return-Path: Received: from mails.dpdk.org (mails.dpdk.org [217.70.189.124]) by inbox.dpdk.org (Postfix) with ESMTP id 4B6EE46198 for ; Wed, 5 Feb 2025 08:20:51 +0100 (CET) Received: from mails.dpdk.org (localhost [127.0.0.1]) by mails.dpdk.org (Postfix) with ESMTP id 4747A40289; Wed, 5 Feb 2025 08:20:51 +0100 (CET) Received: from mail-io1-f97.google.com (mail-io1-f97.google.com [209.85.166.97]) by mails.dpdk.org (Postfix) with ESMTP id 44DCD40270 for ; Wed, 5 Feb 2025 08:20:50 +0100 (CET) Received: by mail-io1-f97.google.com with SMTP id ca18e2360f4ac-844eac51429so480769839f.2 for ; Tue, 04 Feb 2025 23:20:50 -0800 (PST) DKIM-Signature: v=1; a=rsa-sha256; c=relaxed/relaxed; d=iol.unh.edu; s=unh-iol; t=1738740049; x=1739344849; darn=dpdk.org; h=cc:to:from:subject:message-id:date:from:to:cc:subject:date :message-id:reply-to; bh=HWvpEtzMD9Em7W6eZiCZk3mxpaSvuyG5XzzvBOZVmZI=; b=NS8r9b5k3rkrisGflC7Ca6+uqwhEmpQ6FmNc3wfo6bo7LUGJ7Fw6B0t13IUQIFFDYR LZWXXvA8KoHxynUiL/Qq4SgeZmUqlQnVzJJ7NqHxmoQaFC6DWjETkIa1ECgar/1zZRb4 DCNFktE3qQe3EPCu2GDO70DeiWbQEYxshAdAU= X-Google-DKIM-Signature: v=1; a=rsa-sha256; c=relaxed/relaxed; d=1e100.net; s=20230601; t=1738740049; x=1739344849; h=cc:to:from:subject:message-id:date:x-gm-message-state:from:to:cc :subject:date:message-id:reply-to; bh=HWvpEtzMD9Em7W6eZiCZk3mxpaSvuyG5XzzvBOZVmZI=; b=htlCsUXMd+pusiARxSzLFeP1iTrnw2n7vLJRmkfOjPNMvGIkB0Qyr26oO2DXEbFFkg 7zf9IYemmchcR0hoL8FO/hWq9KYXEGzt64Qnka+tFkhnl4adHRFrg1vk5BmtO7FvMUud hCJ2AGuvM7kRoIevInqZUyASkiGHUSgxxQl34KyhUTf/hdThvyc0Dk2d4rjQwmzNyKOl bXzfhtQ62Namwa3HfYLpjfpZ/PeGGGobtbDLifY5PcYzkMO+ZaVrOqF8TP8oW8VqysdA kBx0vj/M3ziuaDE8PtAI8jdCGrwbniI3a3/w6SF5mQMdzutVCdeCDRujr59mYgODaIiL rfnA== X-Gm-Message-State: AOJu0YwJ6Tp7kl52UGTflNTUtZ3RvoIs27Ome8sup0dUwjrU8TYixs2/ RM4J2ShOL8pOJQN2SJBcdZ5PWDla+ZipPg4Mpdfo3Zintwt8jB+5d/llgKdnxQEIXyaxsFdoYXV dSqJSGS3DCwiefiSUaf8HkoPpDoSdsvuvgWBZ/++iL9+Vn9rk X-Gm-Gg: ASbGncsV7GQVreowqbcQPZOCYZ8+3pcyYm3I3cZFpHnSu2A0VdHws9bEBEp3JqwkJJy JRKDzFbUHWOh/7+Ewr0plAJKazY7w7JA4Ii3bLuXBRiKwaWOQEK+xBf5Qf5/Dpz49Km3HBCzaff CjEDgvrZlmtSHpTCSF8KCHhb/g9Sk35Edkzv8kZogBBQlVXFtFqdIsep/rgcHuqFCek3OuXzoye t09faV1YnF3VGYLBCGgt1Kf3dkMmyjeizevzX3b6mWZXsEWwWD2vXxZWZ5MlPWnR+FvvpmTQCCa h3GaLUZmhve1deqAJUp2TLkP7OaP+kREr60S88QOTA== X-Google-Smtp-Source: AGHT+IH7ucpeyp13d+I+kAGcGCUDG1+tDo7SZNdvVN5TsWZM8a6T9nX+J2W59+qeWrZ8KTeZL91BASjj6WeG X-Received: by 2002:a05:6602:36c5:b0:841:950b:386d with SMTP id ca18e2360f4ac-854ea42dd5cmr211384439f.3.1738740049651; Tue, 04 Feb 2025 23:20:49 -0800 (PST) Received: from postal.iol.unh.edu (postal.iol.unh.edu. [2606:4100:3880:1234::84]) by smtp-relay.gmail.com with ESMTPS id 8926c6da1cb9f-4ec745b6a32sm775479173.30.2025.02.04.23.20.49 (version=TLS1_2 cipher=ECDHE-ECDSA-AES128-GCM-SHA256 bits=128/128); Tue, 04 Feb 2025 23:20:49 -0800 (PST) X-Relaying-Domain: iol.unh.edu Date: Tue, 04 Feb 2025 23:20:49 -0800 (PST) Message-ID: <67a31151.050a0220.2ee86e.5225SMTPIN_ADDED_MISSING@mx.google.com> Received: from [172.21.0.7] (unknown [172.18.0.240]) by postal.iol.unh.edu (Postfix) with ESMTP id 4F7176052471; Wed, 5 Feb 2025 02:20:49 -0500 (EST) Subject: |FAILURE| [GIT MASTER] 7ce7d3341d7e21c2a81f2fea8e451681d7306d77 From: dpdklab@iol.unh.edu To: Test Report Cc: dpdk-test-reports@iol.unh.edu, Xueming Li , Christian Ehrhardt , Kevin Traynor , Luca Boccassi Content-Type: text/plain X-BeenThere: test-report@dpdk.org X-Mailman-Version: 2.1.29 Precedence: list List-Id: automatic DPDK test reports List-Unsubscribe: , List-Archive: List-Post: List-Help: List-Subscribe: , Errors-To: test-report-bounces@dpdk.org _Testing issues_ Branch: tags/v22.11 7ce7d3341d7e21c2a81f2fea8e451681d7306d77 --> testing issues Upstream job id: Generic-Unit-Test-DPDK#311706 Test environment and result as below: +---------------------+----------------+ | Environment | dpdk_unit_test | +=====================+================+ | Fedora 41 (Clang) | FAIL | +---------------------+----------------+ | Fedora 41 | FAIL | +---------------------+----------------+ | RHEL9 | FAIL | +---------------------+----------------+ | Ubuntu 22.04 | FAIL | +---------------------+----------------+ | Ubuntu 20.04 | FAIL | +---------------------+----------------+ | Windows Server 2022 | FAIL | +---------------------+----------------+ ==== Unit test summary for Windows Server 2022 (dpdk_unit_test): ==== Failed to get the unit test results. Displaying the unit test results is not supported for some environments, such as our aarch32 testing, where meson is not used to run the tests. Download the logs available on our CI site. ==== End log output ==== Fedora 41 (Clang) Kernel: Depends on container host Compiler: clang 19.1.5 (Fedora 19.1.5-1.fc41) Fedora 41 Kernel: Depends on container host Compiler: gcc 14.2.1 20240912 (Red Hat 14.2.1-3) RHEL9 Kernel: Depends on container host Compiler: gcc 11.5.0 20240719 (Red Hat 11.5.0-2) Ubuntu 22.04 Kernel: Depends on container host Compiler: gcc (Ubuntu 11.4.0-1ubuntu1~22.04) 11.4.0 Ubuntu 20.04 Kernel: Depends on container host Compiler: gcc (Ubuntu 9.4.0-1ubuntu1~20.04.2) 9.4.0 Windows Server 2022 Kernel: 10.0.20348.2031 Compiler: clang 15.0.7, gcc 14.1.0 (MinGW), and MSVC VS 19.39.33521 To view detailed results, visit: https://lab.dpdk.org/results/dashboard/tarballs/32445/ UNH-IOL DPDK Community Lab To manage your email subscriptions, visit: https://lab.dpdk.org/results/dashboard/preferences/subscriptions/