From mboxrd@z Thu Jan 1 00:00:00 1970 Return-Path: Received: from mails.dpdk.org (mails.dpdk.org [217.70.189.124]) by inbox.dpdk.org (Postfix) with ESMTP id 841B446198 for ; Wed, 5 Feb 2025 09:52:10 +0100 (CET) Received: from mails.dpdk.org (localhost [127.0.0.1]) by mails.dpdk.org (Postfix) with ESMTP id 572E140289; Wed, 5 Feb 2025 09:52:10 +0100 (CET) Received: from mail-il1-f227.google.com (mail-il1-f227.google.com [209.85.166.227]) by mails.dpdk.org (Postfix) with ESMTP id B2C5640270 for ; Wed, 5 Feb 2025 09:52:08 +0100 (CET) Received: by mail-il1-f227.google.com with SMTP id e9e14a558f8ab-3cfc8772469so22361515ab.3 for ; Wed, 05 Feb 2025 00:52:08 -0800 (PST) DKIM-Signature: v=1; a=rsa-sha256; c=relaxed/relaxed; d=iol.unh.edu; s=unh-iol; t=1738745528; x=1739350328; darn=dpdk.org; h=references:in-reply-to:cc:to:from:subject:message-id:date:from:to :cc:subject:date:message-id:reply-to; bh=GJkJMELbAojw0NU7Nbx8o4ya5/H/UAUd8AYXM9QtAcY=; b=GmGzhvnsUgnd5iJ1ZSE01rbPntSAsRfHXbDzu3glQayG9T6b0t+bdyq/aAF9UVaAKD GV0CmDu7kje0V1UdYv1/U5JC7D7CHHKXR3MIvvRWPyCllbYznMR5zk2C9CouHJgVMo3C BkkFrfUj5UB8LIGaw1dkW49dgEp9bSyQDmJHw= X-Google-DKIM-Signature: v=1; a=rsa-sha256; c=relaxed/relaxed; d=1e100.net; s=20230601; t=1738745528; x=1739350328; h=references:in-reply-to:cc:to:from:subject:message-id:date :x-gm-message-state:from:to:cc:subject:date:message-id:reply-to; bh=GJkJMELbAojw0NU7Nbx8o4ya5/H/UAUd8AYXM9QtAcY=; b=hr/NADSq14GzGSdwK5oRmkQFHxCtkIsIQwpPYheR+uVzJcBdRgjT9V+ULnql3NTq47 +ppvhXtChyNCNx0AHdrkeecwrpDDbXjgT0jEXqOcD4KXe7SZ7/kyEJIbo2iawGUFkhkU jeKXAbuxtHU+tg0+Dar/7iNqnWZ65X8COS8T2wHQRlovdmjOWFL3Zv7iVsvnbB2yQ9TU JxOR9F3TcyJMylNSLWHFTK8BvKLLfRR66u0cXybCSpU10FX7JSUqmvIIYppCd4jGAAAo qlzZrd6H2ZLA1rVxHmpC50a0btMhBFH9DYeccETAQmmhcBfa26Dt6iWvyJSLpOCBzO8r akhQ== X-Gm-Message-State: AOJu0YyUNVyuLDPGIlYghTrLX7F53X8S7pRx/jh9NFYEmHQb44nnXiKP GNu1a3amCEq09b2svQpnDK0BIxLVRnxPNUzocNmHYuLFC0ejZFz/f/7Rnd9Yo1A//0LMEv9zc7b L8dxqykhHcP3qdw/X6BronHCC54wbYb8K3pNhV56K X-Gm-Gg: ASbGncuPgdnhLpEpReGzQYGeiQGIeZ/k46SDqxztLsMyo9lB9l7Pgs4Ks2U1HAn0XNR P/kRnzLkSFsh/wk+RVgWOssxMfBbcjX7ku/KxvatbBQHjNQ/1YmRYUd8OQAWctUG0fMpqOH0UJL rFWLSHvUdbznKJ6Fuqm9ovGJentW2cRBgzqvYWSAQQVBysFWED5GY4PuB44ZJEb2/XMyVkyhwQp o7veKijlt6SHl0G4dj6q76qo90gacHlXMDL+e4MbnApX1UaJaoFgIuhGjQopm2MODc2RUU0Gygn DdR7A9ja0qPFZRfrNmKx2/CmItqAVQ== X-Google-Smtp-Source: AGHT+IHH8uMj4W+hfpbPJkjNJ/jB0cj0ZjB8lgEGuha5uB97Qn5XOUkRqbpdxavG587v08uKVgj/7iBO+nIr X-Received: by 2002:a05:6e02:1a45:b0:3cf:c8ec:d375 with SMTP id e9e14a558f8ab-3d04f2c7559mr19960905ab.0.1738745527962; Wed, 05 Feb 2025 00:52:07 -0800 (PST) Received: from postal.iol.unh.edu (postal.iol.unh.edu. [132.177.123.84]) by smtp-relay.gmail.com with ESMTPS id e9e14a558f8ab-3d00a5152b5sm9433995ab.33.2025.02.05.00.52.07 (version=TLS1_2 cipher=ECDHE-ECDSA-AES128-GCM-SHA256 bits=128/128); Wed, 05 Feb 2025 00:52:07 -0800 (PST) X-Relaying-Domain: iol.unh.edu Date: Wed, 05 Feb 2025 00:52:07 -0800 (PST) Message-ID: <67a326b7.050a0220.ecba4.db68SMTPIN_ADDED_MISSING@mx.google.com> Received: from [172.21.0.5] (unknown [172.18.0.240]) by postal.iol.unh.edu (Postfix) with ESMTP id 6C3956052471; Wed, 5 Feb 2025 03:52:07 -0500 (EST) Subject: |FAILURE| pw150556-150559 [PATCH] [4/4] net/netvsc: cache device par From: dpdklab@iol.unh.edu To: Test Report Cc: dpdk-test-reports@iol.unh.edu, Long Li In-Reply-To: <1738028106-25239-4-git-send-email-longli@linuxonhyperv.com> References: <1738028106-25239-4-git-send-email-longli@linuxonhyperv.com> Content-Type: text/plain X-BeenThere: test-report@dpdk.org X-Mailman-Version: 2.1.29 Precedence: list List-Id: automatic DPDK test reports List-Unsubscribe: , List-Archive: List-Post: List-Help: List-Subscribe: , Errors-To: test-report-bounces@dpdk.org Test-Label: iol-compile-amd64-testing Test-Status: FAILURE http://dpdk.org/patch/150559 _Testing issues_ Submitter: Long Li Date: Tuesday, January 28 2025 01:35:06 DPDK git baseline: Repo:dpdk Branch: master CommitID:3ba602522abfc4db664008b89ec7c90cfbf7173d 150556-150559 --> testing issues Upstream job id: Windows-Compile-DPDK-Native#26370 Test environment and result as below: +---------------------+--------------------+------------------+-------------------+-------------------+----------------------+-------------------------+ | Environment | dpdk_meson_compile | dpdk_compile_ovs | dpdk_compile_spdk | dpdk_msvc_compile | dpdk_mingw64_compile | dpdk_llvm_clang_compile | +=====================+====================+==================+===================+===================+======================+=========================+ | CentOS Stream 9 | FAIL | WARN | WARN | SKIPPED | SKIPPED | SKIPPED | +---------------------+--------------------+------------------+-------------------+-------------------+----------------------+-------------------------+ | Debian Bullseye | FAIL | WARN | WARN | SKIPPED | SKIPPED | SKIPPED | +---------------------+--------------------+------------------+-------------------+-------------------+----------------------+-------------------------+ | Debian 12 | PASS | PASS | PASS | SKIPPED | SKIPPED | SKIPPED | +---------------------+--------------------+------------------+-------------------+-------------------+----------------------+-------------------------+ | Fedora 40 (Clang) | FAIL | WARN | WARN | SKIPPED | SKIPPED | SKIPPED | +---------------------+--------------------+------------------+-------------------+-------------------+----------------------+-------------------------+ | Fedora 41 (Clang) | FAIL | WARN | WARN | SKIPPED | SKIPPED | SKIPPED | +---------------------+--------------------+------------------+-------------------+-------------------+----------------------+-------------------------+ | Fedora 40 | FAIL | WARN | WARN | SKIPPED | SKIPPED | SKIPPED | +---------------------+--------------------+------------------+-------------------+-------------------+----------------------+-------------------------+ | Fedora 41 | FAIL | WARN | WARN | SKIPPED | SKIPPED | SKIPPED | +---------------------+--------------------+------------------+-------------------+-------------------+----------------------+-------------------------+ | RHEL8 | FAIL | WARN | SKIPPED | SKIPPED | SKIPPED | SKIPPED | +---------------------+--------------------+------------------+-------------------+-------------------+----------------------+-------------------------+ | Ubuntu 22.04 | FAIL | WARN | WARN | SKIPPED | SKIPPED | SKIPPED | +---------------------+--------------------+------------------+-------------------+-------------------+----------------------+-------------------------+ | openSUSE Leap 15 | PASS | SKIPPED | SKIPPED | SKIPPED | SKIPPED | SKIPPED | +---------------------+--------------------+------------------+-------------------+-------------------+----------------------+-------------------------+ | Ubuntu 20.04 | FAIL | WARN | SKIPPED | SKIPPED | SKIPPED | SKIPPED | +---------------------+--------------------+------------------+-------------------+-------------------+----------------------+-------------------------+ | RHEL9 | FAIL | WARN | SKIPPED | SKIPPED | SKIPPED | SKIPPED | +---------------------+--------------------+------------------+-------------------+-------------------+----------------------+-------------------------+ | Ubuntu 24.04 | FAIL | WARN | WARN | SKIPPED | SKIPPED | SKIPPED | +---------------------+--------------------+------------------+-------------------+-------------------+----------------------+-------------------------+ | Alpine | FAIL | WARN | SKIPPED | SKIPPED | SKIPPED | SKIPPED | +---------------------+--------------------+------------------+-------------------+-------------------+----------------------+-------------------------+ | FreeBSD 13.4 | PASS | SKIPPED | SKIPPED | SKIPPED | SKIPPED | SKIPPED | +---------------------+--------------------+------------------+-------------------+-------------------+----------------------+-------------------------+ | FreeBSD 14.2 | PASS | SKIPPED | SKIPPED | SKIPPED | SKIPPED | SKIPPED | +---------------------+--------------------+------------------+-------------------+-------------------+----------------------+-------------------------+ | Windows Server 2022 | SKIPPED | SKIPPED | SKIPPED | PASS | PASS | PASS | +---------------------+--------------------+------------------+-------------------+-------------------+----------------------+-------------------------+ ==== 20 line log output for Alpine (dpdk_compile_ovs): ==== --- Failed to get log output --- ==== End log output ==== CentOS Stream 9 Kernel: Depends on container host Compiler: gcc 11.5.0 20240719 (Red Hat 11.5.0-2) Debian Bullseye Kernel: Depends on container host Compiler: gcc (Debian 10.2.1-6) 10.2.1 20210110 Debian 12 Kernel: Depends on container host Compiler: gcc (Debian 12.2.0-14) 12.2.0 Fedora 40 (Clang) Kernel: Depends on container host Compiler: clang 18.1.8 (Fedora 18.1.8-1.fc40) Fedora 41 (Clang) Kernel: Depends on container host Compiler: clang 19.1.5 (Fedora 19.1.5-1.fc41) Fedora 40 Kernel: Depends on container host Compiler: gcc 14.2.1 20240912 (Red Hat 14.2.1-3) Fedora 41 Kernel: Depends on container host Compiler: gcc 14.2.1 20240912 (Red Hat 14.2.1-3) RHEL8 Kernel: Depends on container host Compiler: gcc 8.5.0 20210514 (Red Hat 8.5.0-22) Ubuntu 22.04 Kernel: Depends on container host Compiler: gcc (Ubuntu 11.4.0-1ubuntu1~22.04) 11.4.0 openSUSE Leap 15 Kernel: Depends on container host Compiler: gcc (SUSE Linux) 7.5.0 Ubuntu 20.04 Kernel: Depends on container host Compiler: gcc (Ubuntu 9.4.0-1ubuntu1~20.04.2) 9.4.0 RHEL9 Kernel: Depends on container host Compiler: gcc 11.5.0 20240719 (Red Hat 11.5.0-2) Ubuntu 24.04 Kernel: Depends on container host Compiler: gcc (Ubuntu 13.3.0-6ubuntu2~24.04) 13.3.0 Alpine Kernel: Depends on container host Compiler: gcc (Alpine 14.2.0) 14.2.0 FreeBSD 13.4 Kernel: 13.4-RELEASE-p1 Compiler: clang 18.1.6 FreeBSD 14.2 Kernel: 14.2-RELEASE Compiler: clang 18.1.6 Windows Server 2022 Kernel: 10.0.20348.2031 Compiler: clang 15.0.7, gcc 14.1.0 (MinGW), and MSVC VS 19.39.33521 To view detailed results, visit: https://lab.dpdk.org/results/dashboard/patchsets/32437/ UNH-IOL DPDK Community Lab To manage your email subscriptions, visit: https://lab.dpdk.org/results/dashboard/preferences/subscriptions/