From mboxrd@z Thu Jan 1 00:00:00 1970 Return-Path: Received: from mails.dpdk.org (mails.dpdk.org [217.70.189.124]) by inbox.dpdk.org (Postfix) with ESMTP id 642FE4619A for ; Wed, 5 Feb 2025 11:24:15 +0100 (CET) Received: from mails.dpdk.org (localhost [127.0.0.1]) by mails.dpdk.org (Postfix) with ESMTP id 4782F402B3; Wed, 5 Feb 2025 11:24:15 +0100 (CET) Received: from mail-io1-f99.google.com (mail-io1-f99.google.com [209.85.166.99]) by mails.dpdk.org (Postfix) with ESMTP id BF82840270 for ; Wed, 5 Feb 2025 11:24:13 +0100 (CET) Received: by mail-io1-f99.google.com with SMTP id ca18e2360f4ac-844e6d1283aso20500139f.1 for ; Wed, 05 Feb 2025 02:24:13 -0800 (PST) DKIM-Signature: v=1; a=rsa-sha256; c=relaxed/relaxed; d=iol.unh.edu; s=unh-iol; t=1738751053; x=1739355853; darn=dpdk.org; h=cc:to:from:subject:message-id:date:from:to:cc:subject:date :message-id:reply-to; bh=Pd82DSp3P6FpIwmdcNwI0YPU5IiU97hrkRXYtAhdFt4=; b=eZyJ35tZTCVchGwHJSSpKqSsBlDSaYIpp/Fb1GfesC+WnzAV/uSZeh1z1c+PZfDn6R YQ2q3KmP+XVGvVovzClGLez8Dcv9He7/9c4QayypJnFJeLjFTlwHCdq3ZeZCdQTMtNcL guPl9qmyAwmyMfrPh6DLFXlwZYAr19+VneGWM= X-Google-DKIM-Signature: v=1; a=rsa-sha256; c=relaxed/relaxed; d=1e100.net; s=20230601; t=1738751053; x=1739355853; h=cc:to:from:subject:message-id:date:x-gm-message-state:from:to:cc :subject:date:message-id:reply-to; bh=Pd82DSp3P6FpIwmdcNwI0YPU5IiU97hrkRXYtAhdFt4=; b=RVFNOZy2JbsbxdnvyKNC2opGdk3f2XgwFCAHoNgLzPKCErz66ABO97iT9KOjxeqpvR hAvaTmoYLiHM/7plJw9FH/4CcvKau+UTBHyo9OK2Of60zYdZWP4yfbsJekcF9duwQy5Y FgNed5PDKfjMcC56E10Jd0D1Dxwvk2BvOj26IqOng4Yi+0g4fDz/huPfllqJNSbR0y7W nneKSgSzkpQOULlplnAvgmzy9+/iarGBpjrKWcHeDapkf3v2kVF5BSgqL7yviWbK++rS TQV0hp/x98NVC2UnnfiUXMDHZWrTDW6qUty6UAfuwxYrRMSGYv90fgS9uhCPm27zggjE bgTw== X-Gm-Message-State: AOJu0YyVdD7LXD5zgAOZOpIvPsbvCU8Ipnj0nnCo6dVxqTj9FqZU/KuL F1hzpsWzfjMIdZmaP3QTVts2uuBiWE1JgKQynigQUM3jR5Sn3Yylu9MQOckhkp4Ynf3rz8Se0iM w5jEu0yQ1CwoCb9H+HGS6xpUUHeQEHDqDQGSGqqMZq3SYQ+OR X-Gm-Gg: ASbGncsmNOkaRaIHi75nX9q8LxxoGVpZcQi9jTlnMg+4C97VcoGYVDPYQQU4TcZSU7+ DRVsG1AP9OXbDtLrECUQScvzPGSoFC8krBTICimpMxrWFua9CwXf3Sf2rCIflhGwSW93+ALJ9Ou KSsvqRsXHNd26NsJF6HYFah8KB1PxsG1ll07mu1DVUnEimqs8W7qiQlWUgypuDzdwpxc2Y1ozoE JLuixLMWnqzkFqNkOEfmvVUAa9wNfD2USkZPEl0Ma1rSWqwIcWOGvxbrRJjBm4nHp6emgOxBC1J 3f5YR0GZoKFTARkQzM94XOj6xr2ht6+LVui4piIEwQ== X-Google-Smtp-Source: AGHT+IH6ucZdKPPdSB23fUYxeuDeWP2aso5P1Xx9vuOQMhmuhhLWQycL19zCZZ1fvyEugqcHpa84GcDlecQd X-Received: by 2002:a05:6e02:1d90:b0:3cf:c7bc:4523 with SMTP id e9e14a558f8ab-3d04f95d33bmr17948605ab.6.1738751053048; Wed, 05 Feb 2025 02:24:13 -0800 (PST) Received: from postal.iol.unh.edu (postal.iol.unh.edu. [2606:4100:3880:1234::84]) by smtp-relay.gmail.com with ESMTPS id e9e14a558f8ab-3d00a4f7e3asm9436135ab.12.2025.02.05.02.24.12 (version=TLS1_2 cipher=ECDHE-ECDSA-AES128-GCM-SHA256 bits=128/128); Wed, 05 Feb 2025 02:24:13 -0800 (PST) X-Relaying-Domain: iol.unh.edu Date: Wed, 05 Feb 2025 02:24:13 -0800 (PST) Message-ID: <67a33c4d.050a0220.18270f.c37bSMTPIN_ADDED_MISSING@mx.google.com> Received: from [172.21.0.5] (unknown [172.18.0.240]) by postal.iol.unh.edu (Postfix) with ESMTP id 78A316052471; Wed, 5 Feb 2025 05:24:12 -0500 (EST) Subject: |WARNING| [GIT MASTER] 7ce7d3341d7e21c2a81f2fea8e451681d7306d77 From: dpdklab@iol.unh.edu To: Test Report Cc: dpdk-test-reports@iol.unh.edu, Xueming Li , Christian Ehrhardt , Kevin Traynor , Luca Boccassi Content-Type: text/plain X-BeenThere: test-report@dpdk.org X-Mailman-Version: 2.1.29 Precedence: list List-Id: automatic DPDK test reports List-Unsubscribe: , List-Archive: List-Post: List-Help: List-Subscribe: , Errors-To: test-report-bounces@dpdk.org _Testing issues_ Branch: tags/v22.11 7ce7d3341d7e21c2a81f2fea8e451681d7306d77 --> testing issues Upstream job id: Windows-Compile-DPDK-Native#26382 Test environment and result as below: +---------------------+--------------------+----------------------+-------------------------+ | Environment | dpdk_meson_compile | dpdk_mingw64_compile | dpdk_llvm_clang_compile | +=====================+====================+======================+=========================+ | CentOS Stream 9 | PASS | SKIPPED | SKIPPED | +---------------------+--------------------+----------------------+-------------------------+ | Debian Bullseye | PASS | SKIPPED | SKIPPED | +---------------------+--------------------+----------------------+-------------------------+ | Fedora 40 | PASS | SKIPPED | SKIPPED | +---------------------+--------------------+----------------------+-------------------------+ | Debian 12 | PASS | SKIPPED | SKIPPED | +---------------------+--------------------+----------------------+-------------------------+ | Fedora 40 (Clang) | PASS | SKIPPED | SKIPPED | +---------------------+--------------------+----------------------+-------------------------+ | openSUSE Leap 15 | PASS | SKIPPED | SKIPPED | +---------------------+--------------------+----------------------+-------------------------+ | Ubuntu 24.04 | PASS | SKIPPED | SKIPPED | +---------------------+--------------------+----------------------+-------------------------+ | RHEL9 | PASS | SKIPPED | SKIPPED | +---------------------+--------------------+----------------------+-------------------------+ | Fedora 41 | PASS | SKIPPED | SKIPPED | +---------------------+--------------------+----------------------+-------------------------+ | RHEL8 | PASS | SKIPPED | SKIPPED | +---------------------+--------------------+----------------------+-------------------------+ | Fedora 41 (Clang) | PASS | SKIPPED | SKIPPED | +---------------------+--------------------+----------------------+-------------------------+ | Ubuntu 20.04 | PASS | SKIPPED | SKIPPED | +---------------------+--------------------+----------------------+-------------------------+ | Ubuntu 22.04 | PASS | SKIPPED | SKIPPED | +---------------------+--------------------+----------------------+-------------------------+ | FreeBSD 13.4 | PASS | SKIPPED | SKIPPED | +---------------------+--------------------+----------------------+-------------------------+ | FreeBSD 14.2 | PASS | SKIPPED | SKIPPED | +---------------------+--------------------+----------------------+-------------------------+ | Windows Server 2022 | SKIPPED | PASS | FAIL | +---------------------+--------------------+----------------------+-------------------------+ ==== 20 line log output for Windows Server 2022 (dpdk_llvm_clang_compile): ==== ..\lib\eal\include/rte_common.h:850:32: note: expanded from macro 'RTE_FMT_TAIL' #define RTE_FMT_TAIL(fmt, ...) __VA_ARGS__ ^~~~~~~~~~~ ..\lib\eal\include/rte_common.h:848:39: note: expanded from macro 'RTE_FMT' #define RTE_FMT(fmt, ...) fmt "%.0s", __VA_ARGS__ "" ^~~~~~~~~~~ ../drivers/crypto/mlx5/mlx5_crypto.c:463:18: note: forward declaration of 'struct mlx5_err_cqe' volatile struct mlx5_err_cqe *cqe = (volatile struct mlx5_err_cqe *) ^ 3 errors generated. [622/788] Compiling C object app/dpdk-testpmd.exe.p/test-pmd_csumonly.c.obj [623/788] Generating rte_net_octeon_ep.pmd.c with a custom command (wrapped by meson to set PATH) [624/788] Generating rte_net_vmxnet3.pmd.c with a custom command (wrapped by meson to set PATH) [625/788] Compiling C object app/dpdk-test-gpudev.exe.p/test-gpudev_main.c.obj [626/788] Compiling C object app/dpdk-testpmd.exe.p/test-pmd_cmdline.c.obj [627/788] Compiling C object app/dpdk-testpmd.exe.p/test-pmd_cmdline_flow.c.obj [628/788] Compiling C object drivers/libtmp_rte_net_mlx5.a.p/net_mlx5_mlx5_tx_nompw.c.obj [629/788] Compiling C object drivers/libtmp_rte_net_mlx5.a.p/net_mlx5_mlx5_tx_empw.c.obj [630/788] Compiling C object drivers/libtmp_rte_net_mlx5.a.p/net_mlx5_mlx5_tx_txpp.c.obj ninja: build stopped: subcommand failed. ==== End log output ==== CentOS Stream 9 Kernel: Depends on container host Compiler: gcc 11.5.0 20240719 (Red Hat 11.5.0-2) Debian Bullseye Kernel: Depends on container host Compiler: gcc (Debian 10.2.1-6) 10.2.1 20210110 Fedora 40 Kernel: Depends on container host Compiler: gcc 14.2.1 20240912 (Red Hat 14.2.1-3) Debian 12 Kernel: Depends on container host Compiler: gcc (Debian 12.2.0-14) 12.2.0 Fedora 40 (Clang) Kernel: Depends on container host Compiler: clang 18.1.8 (Fedora 18.1.8-1.fc40) openSUSE Leap 15 Kernel: Depends on container host Compiler: gcc (SUSE Linux) 7.5.0 Ubuntu 24.04 Kernel: Depends on container host Compiler: gcc (Ubuntu 13.3.0-6ubuntu2~24.04) 13.3.0 RHEL9 Kernel: Depends on container host Compiler: gcc 11.5.0 20240719 (Red Hat 11.5.0-2) Fedora 41 Kernel: Depends on container host Compiler: gcc 14.2.1 20240912 (Red Hat 14.2.1-3) RHEL8 Kernel: Depends on container host Compiler: gcc 8.5.0 20210514 (Red Hat 8.5.0-22) Fedora 41 (Clang) Kernel: Depends on container host Compiler: clang 19.1.5 (Fedora 19.1.5-1.fc41) Ubuntu 20.04 Kernel: Depends on container host Compiler: gcc (Ubuntu 9.4.0-1ubuntu1~20.04.2) 9.4.0 Ubuntu 22.04 Kernel: Depends on container host Compiler: gcc (Ubuntu 11.4.0-1ubuntu1~22.04) 11.4.0 FreeBSD 13.4 Kernel: 13.4-RELEASE-p1 Compiler: clang 18.1.6 FreeBSD 14.2 Kernel: 14.2-RELEASE Compiler: clang 18.1.6 Windows Server 2022 Kernel: 10.0.20348.2031 Compiler: clang 15.0.7, gcc 14.1.0 (MinGW), and MSVC VS 19.39.33521 To view detailed results, visit: https://lab.dpdk.org/results/dashboard/tarballs/32352/ UNH-IOL DPDK Community Lab To manage your email subscriptions, visit: https://lab.dpdk.org/results/dashboard/preferences/subscriptions/