From mboxrd@z Thu Jan 1 00:00:00 1970 Return-Path: Received: from mails.dpdk.org (mails.dpdk.org [217.70.189.124]) by inbox.dpdk.org (Postfix) with ESMTP id 7F9084619A for ; Wed, 5 Feb 2025 11:33:48 +0100 (CET) Received: from mails.dpdk.org (localhost [127.0.0.1]) by mails.dpdk.org (Postfix) with ESMTP id 57BAD402B3; Wed, 5 Feb 2025 11:33:48 +0100 (CET) Received: from mail-qv1-f98.google.com (mail-qv1-f98.google.com [209.85.219.98]) by mails.dpdk.org (Postfix) with ESMTP id 5CE6940270 for ; Wed, 5 Feb 2025 11:33:47 +0100 (CET) Received: by mail-qv1-f98.google.com with SMTP id 6a1803df08f44-6d8f75b31bfso54050786d6.3 for ; Wed, 05 Feb 2025 02:33:47 -0800 (PST) DKIM-Signature: v=1; a=rsa-sha256; c=relaxed/relaxed; d=iol.unh.edu; s=unh-iol; t=1738751626; x=1739356426; darn=dpdk.org; h=cc:to:from:subject:message-id:date:from:to:cc:subject:date :message-id:reply-to; bh=sBXWCVpjl5FjOVTzu8EH7SsMalhrydgWNndnY9Y6gK0=; b=VmaeQwb0KHxx7pSsa9Mjujz/k6nvq5R/6giSFwuZhBd6LowuC0EiYEt/50n1EdGn0k JcS+TXH21HIpmgxWj92kxG/pG6KpXEruxet7rqn0SvPuLKRplsxUua+DKB7/V5UyFUJD fj2C5ye0XtEf8NUcY7BC18uOuotSEDe3ifw50= X-Google-DKIM-Signature: v=1; a=rsa-sha256; c=relaxed/relaxed; d=1e100.net; s=20230601; t=1738751626; x=1739356426; h=cc:to:from:subject:message-id:date:x-gm-message-state:from:to:cc :subject:date:message-id:reply-to; bh=sBXWCVpjl5FjOVTzu8EH7SsMalhrydgWNndnY9Y6gK0=; b=gaf9QJbEuSCOWi03BjpTuigllChya7ROaIu6PdTyGgXADWLTh+ZVg2l5Gr1PpSnMoI nnXsCeDahSKJjSISSD0Fjow8hVA38f/yNBkwVEWI6iSHtNuYn19q8Z7In2gdUXun8VFF oyAn6lu3jydFV80i4KTHdydosTvVlhb6Fx0+wpd0HRbtiPucVeMUjp1B7XaD3oo9F2at Dv0tTV/FGLYXXK1YdqRJ4dN7RDB1kVCuQlch/F9BnUpDshX0jxAZKfiXiBiH/Cw8jErE wqlLsS1NW0SEB+yftG1ojT85uBMOe7zF7EIcCtbE7XMfRTv9nfnqBqSdZmL/OBb3z2OU r4Og== X-Gm-Message-State: AOJu0YzvoxUU4ihJ70oD9X8QOODK+2SNLTIUltjjn55c9c/D4pVgWSjX zDJdAQrzK2oAu2HpWF4qB7ytGKY294qeVna+2byy/jO3c8riIwN35JklgY26xSdhdU1Ic9/0Pfw xDKxdPi7KbsQUDTlPhGzBg/M98WABWVRy4tod8wbYfVCs03G3 X-Gm-Gg: ASbGncuV1FyNfl6IyVI7iEJ0Vr94l4a3XXs7jAiYGUph79GbGMdFky5IODXYrJMWn0s YNYNRoZ8VI2ejh6kJDW6tGvHNOEA4rEdTCTBXCXpBJO0zS1/hHCDUsdYl7HddFnAR2N/2ppQQyV /1G2lKCtfkL/JhQyewkjskehntgOquknOHCUIyHXZkijcRUuTk1ei4vnXAQqGZ8JO50LHciQ1fC qPxTIyMX7Ay79eWrwQ+k2hbrhz2JofMMh0fMbSEN/m59xac0B1PaYZBOAjVVdHyTYgmQEoA945M qJKybZKq8lB8LZlqzZ4fGQSy6LGUH+h1UhUD9oQDeA== X-Google-Smtp-Source: AGHT+IE+5/bEUvp4kYTSlI0i+Br5Fd0fGnLMfjJN2Fu1XBmAIQ5XouYEPm3tcMQZ5ukN50/CHMeurrldBSrt X-Received: by 2002:a05:6214:21e3:b0:6e2:497f:1ec7 with SMTP id 6a1803df08f44-6e42fc9d752mr29290366d6.41.1738751626664; Wed, 05 Feb 2025 02:33:46 -0800 (PST) Received: from postal.iol.unh.edu (postal.iol.unh.edu. [2606:4100:3880:1234::84]) by smtp-relay.gmail.com with ESMTPS id 6a1803df08f44-6e42fb9472asm1131776d6.31.2025.02.05.02.33.46 (version=TLS1_2 cipher=ECDHE-ECDSA-AES128-GCM-SHA256 bits=128/128); Wed, 05 Feb 2025 02:33:46 -0800 (PST) X-Relaying-Domain: iol.unh.edu Date: Wed, 05 Feb 2025 02:33:46 -0800 (PST) Message-ID: <67a33e8a.0c0a0220.1fd248.4ee9SMTPIN_ADDED_MISSING@mx.google.com> Received: from [172.17.0.5] (unknown [172.18.0.217]) by postal.iol.unh.edu (Postfix) with ESMTP id 524006052471; Wed, 5 Feb 2025 05:33:46 -0500 (EST) Subject: |WARNING| [GIT MASTER] 7ce7d3341d7e21c2a81f2fea8e451681d7306d77 From: dpdklab@iol.unh.edu To: Test Report Cc: dpdk-test-reports@iol.unh.edu, Xueming Li , Christian Ehrhardt , Kevin Traynor , Luca Boccassi Content-Type: text/plain X-BeenThere: test-report@dpdk.org X-Mailman-Version: 2.1.29 Precedence: list List-Id: automatic DPDK test reports List-Unsubscribe: , List-Archive: List-Post: List-Help: List-Subscribe: , Errors-To: test-report-bounces@dpdk.org _Testing issues_ Branch: tags/v22.11 7ce7d3341d7e21c2a81f2fea8e451681d7306d77 --> testing issues Upstream job id: Windows-Compile-DPDK-Native#26384 Test environment and result as below: +---------------------+--------------------+----------------------+-------------------------+ | Environment | dpdk_meson_compile | dpdk_mingw64_compile | dpdk_llvm_clang_compile | +=====================+====================+======================+=========================+ | CentOS Stream 9 | PASS | SKIPPED | SKIPPED | +---------------------+--------------------+----------------------+-------------------------+ | Debian Bullseye | PASS | SKIPPED | SKIPPED | +---------------------+--------------------+----------------------+-------------------------+ | Debian 12 | PASS | SKIPPED | SKIPPED | +---------------------+--------------------+----------------------+-------------------------+ | Fedora 40 (Clang) | PASS | SKIPPED | SKIPPED | +---------------------+--------------------+----------------------+-------------------------+ | Ubuntu 24.04 | PASS | SKIPPED | SKIPPED | +---------------------+--------------------+----------------------+-------------------------+ | openSUSE Leap 15 | PASS | SKIPPED | SKIPPED | +---------------------+--------------------+----------------------+-------------------------+ | Fedora 40 | PASS | SKIPPED | SKIPPED | +---------------------+--------------------+----------------------+-------------------------+ | Fedora 41 | PASS | SKIPPED | SKIPPED | +---------------------+--------------------+----------------------+-------------------------+ | Fedora 41 (Clang) | PASS | SKIPPED | SKIPPED | +---------------------+--------------------+----------------------+-------------------------+ | RHEL8 | PASS | SKIPPED | SKIPPED | +---------------------+--------------------+----------------------+-------------------------+ | RHEL9 | PASS | SKIPPED | SKIPPED | +---------------------+--------------------+----------------------+-------------------------+ | Ubuntu 20.04 | PASS | SKIPPED | SKIPPED | +---------------------+--------------------+----------------------+-------------------------+ | Ubuntu 22.04 | PASS | SKIPPED | SKIPPED | +---------------------+--------------------+----------------------+-------------------------+ | FreeBSD 13.4 | PASS | SKIPPED | SKIPPED | +---------------------+--------------------+----------------------+-------------------------+ | FreeBSD 14.2 | PASS | SKIPPED | SKIPPED | +---------------------+--------------------+----------------------+-------------------------+ | Windows Server 2022 | SKIPPED | PASS | FAIL | +---------------------+--------------------+----------------------+-------------------------+ ==== 20 line log output for Windows Server 2022 (dpdk_llvm_clang_compile): ==== ..\lib\eal\include/rte_common.h:850:32: note: expanded from macro 'RTE_FMT_TAIL' #define RTE_FMT_TAIL(fmt, ...) __VA_ARGS__ ^~~~~~~~~~~ ..\lib\eal\include/rte_common.h:848:39: note: expanded from macro 'RTE_FMT' #define RTE_FMT(fmt, ...) fmt "%.0s", __VA_ARGS__ "" ^~~~~~~~~~~ ../drivers/crypto/mlx5/mlx5_crypto.c:463:18: note: forward declaration of 'struct mlx5_err_cqe' volatile struct mlx5_err_cqe *cqe = (volatile struct mlx5_err_cqe *) ^ 3 errors generated. [627/788] Compiling C object drivers/libtmp_rte_net_vmxnet3.a.p/net_vmxnet3_vmxnet3_ethdev.c.obj [628/788] Compiling C object drivers/libtmp_rte_crypto_mlx5.a.p/crypto_mlx5_mlx5_crypto_dek.c.obj [629/788] Generating rte_net_octeon_ep.pmd.c with a custom command (wrapped by meson to set PATH) [630/788] Compiling C object drivers/libtmp_rte_net_mlx5.a.p/net_mlx5_mlx5_tx_nompw.c.obj [631/788] Compiling C object app/dpdk-testpmd.exe.p/test-pmd_cmdline_mtr.c.obj [632/788] Compiling C object app/dpdk-testpmd.exe.p/test-pmd_cmd_flex_item.c.obj [633/788] Compiling C object drivers/libtmp_rte_net_mlx5.a.p/net_mlx5_mlx5_tx_empw.c.obj [634/788] Compiling C object drivers/libtmp_rte_net_mlx5.a.p/net_mlx5_mlx5_tx_txpp.c.obj [635/788] Compiling C object app/test/dpdk-test.exe.p/test_cryptodev.c.obj ninja: build stopped: subcommand failed. ==== End log output ==== CentOS Stream 9 Kernel: Depends on container host Compiler: gcc 11.5.0 20240719 (Red Hat 11.5.0-2) Debian Bullseye Kernel: Depends on container host Compiler: gcc (Debian 10.2.1-6) 10.2.1 20210110 Debian 12 Kernel: Depends on container host Compiler: gcc (Debian 12.2.0-14) 12.2.0 Fedora 40 (Clang) Kernel: Depends on container host Compiler: clang 18.1.8 (Fedora 18.1.8-1.fc40) Ubuntu 24.04 Kernel: Depends on container host Compiler: gcc (Ubuntu 13.3.0-6ubuntu2~24.04) 13.3.0 openSUSE Leap 15 Kernel: Depends on container host Compiler: gcc (SUSE Linux) 7.5.0 Fedora 40 Kernel: Depends on container host Compiler: gcc 14.2.1 20240912 (Red Hat 14.2.1-3) Fedora 41 Kernel: Depends on container host Compiler: gcc 14.2.1 20240912 (Red Hat 14.2.1-3) Fedora 41 (Clang) Kernel: Depends on container host Compiler: clang 19.1.5 (Fedora 19.1.5-1.fc41) RHEL8 Kernel: Depends on container host Compiler: gcc 8.5.0 20210514 (Red Hat 8.5.0-22) RHEL9 Kernel: Depends on container host Compiler: gcc 11.5.0 20240719 (Red Hat 11.5.0-2) Ubuntu 20.04 Kernel: Depends on container host Compiler: gcc (Ubuntu 9.4.0-1ubuntu1~20.04.2) 9.4.0 Ubuntu 22.04 Kernel: Depends on container host Compiler: gcc (Ubuntu 11.4.0-1ubuntu1~22.04) 11.4.0 FreeBSD 13.4 Kernel: 13.4-RELEASE-p1 Compiler: clang 18.1.6 FreeBSD 14.2 Kernel: 14.2-RELEASE Compiler: clang 18.1.6 Windows Server 2022 Kernel: 10.0.20348.2031 Compiler: clang 15.0.7, gcc 14.1.0 (MinGW), and MSVC VS 19.39.33521 To view detailed results, visit: https://lab.dpdk.org/results/dashboard/tarballs/32348/ UNH-IOL DPDK Community Lab To manage your email subscriptions, visit: https://lab.dpdk.org/results/dashboard/preferences/subscriptions/