From mboxrd@z Thu Jan 1 00:00:00 1970 Return-Path: Received: from mails.dpdk.org (mails.dpdk.org [217.70.189.124]) by inbox.dpdk.org (Postfix) with ESMTP id 0B98E4619A for ; Wed, 5 Feb 2025 11:56:13 +0100 (CET) Received: from mails.dpdk.org (localhost [127.0.0.1]) by mails.dpdk.org (Postfix) with ESMTP id 05A7340261; Wed, 5 Feb 2025 11:56:13 +0100 (CET) Received: from mail-ot1-f99.google.com (mail-ot1-f99.google.com [209.85.210.99]) by mails.dpdk.org (Postfix) with ESMTP id 573E14025F for ; Wed, 5 Feb 2025 11:56:12 +0100 (CET) Received: by mail-ot1-f99.google.com with SMTP id 46e09a7af769-71e181fb288so3744366a34.2 for ; Wed, 05 Feb 2025 02:56:12 -0800 (PST) DKIM-Signature: v=1; a=rsa-sha256; c=relaxed/relaxed; d=iol.unh.edu; s=unh-iol; t=1738752971; x=1739357771; darn=dpdk.org; h=cc:to:from:subject:message-id:date:from:to:cc:subject:date :message-id:reply-to; bh=PkN3cGNARxR9skolGoGJJ/mq57xpPBG1FOdqgbX+Jno=; b=K//EL+sdqnivuDNmLIhMG4ApTNQsAzRnlhBUQOw56Meih98hipW2ueXyEhqseaPUdS s3YdAkx9AuNs6ZZFT9WRqzorCGsq5WV7fnMLVlbh2mS9/89ycJb4kBQOwVGBRzL3SLQm SJ5lK4katiWMlrOud3gnnFFScBasWrhfIOa1c= X-Google-DKIM-Signature: v=1; a=rsa-sha256; c=relaxed/relaxed; d=1e100.net; s=20230601; t=1738752971; x=1739357771; h=cc:to:from:subject:message-id:date:x-gm-message-state:from:to:cc :subject:date:message-id:reply-to; bh=PkN3cGNARxR9skolGoGJJ/mq57xpPBG1FOdqgbX+Jno=; b=WP9A49N+gqfUaG18cxGG1wTNYcefu/o7CVGbKXFQzR5kEf8cTnhAXuICQsAXAoUMfi jU92Z0EhjIgCg2yx4PgPFtIk+c3O9U5Kg5S2OwnsBB+XD2fKES7WsECR6aGsFS3Cgmf0 7UFnwQP5H18v3l64VIkM+5qwufiKRz5lQt/9tRyXoOMxDZE6KkAycoAg+GF97YfB0ka6 I6gC5q2y+rYGX0RxLP+EoSeAcv7uRsh99a4uFxu9+KvGduw8t69apG/L78RTfT49mkfu EpGSS7WievBCaXEI2drQeaQLIvXgVPWTeCQua8dPvRx/VNNtunTifaWmuiSxS1Q0nCch X+sA== X-Gm-Message-State: AOJu0YxcE0HOv+I+RAgZi6BAcBlcx1hi+V6mCl34ioBtOCmKlXaE/O1x A5LBGNwNIL2/0qPzAh+uv7aV4krVqdQuaykFgQcx3iJCzZczJzt1tJJybqQZr+W0qZfrKngIMEI sTNGt/IyelKu1fqWwDzDqSi28o5S9S46espwDeauPWPVPuIn+ X-Gm-Gg: ASbGncvTo5WLR/KUP1p33M951dMk+6kkox0OFLd8LObEBSDP62aTCFxHQAhcXDNph8I pNLcNLfqXq9zdmsuUJYx0DFmDKtAKyBlPZAKIW7ao6OZBs3llzPaxCDRo19p5CeY8XPnc8J4RoI oUcmJut8sw1OUuRRzNHgkGTF8Yp48HVD5Xf07ZDKZn6SGpL0PzGV1xREjHd1ka6PCpK4LZx8xl5 v84faZd8E04J8IF/Hx3GeW374gNkCzJfFytja8Dv+97momoVsbV8MPZU1hocsnhR3RfEJmlK/BA 4QYfaCL6MOYc1cNapX/GpzhizytNhof65YpJ3sTL/Q== X-Google-Smtp-Source: AGHT+IHB474crMoXHuVEV5v1fgjyo8V8G5L/rtGbtbBz77/XzoUMZLRWQMN3yLLq2eqNBE9ajbwTGo8q2scP X-Received: by 2002:a05:6830:661c:b0:71e:171c:ddb9 with SMTP id 46e09a7af769-726a415117emr1483602a34.2.1738752971532; Wed, 05 Feb 2025 02:56:11 -0800 (PST) Received: from postal.iol.unh.edu (postal.iol.unh.edu. [2606:4100:3880:1234::84]) by smtp-relay.gmail.com with ESMTPS id 46e09a7af769-726616ef867sm498507a34.0.2025.02.05.02.56.11 (version=TLS1_2 cipher=ECDHE-ECDSA-AES128-GCM-SHA256 bits=128/128); Wed, 05 Feb 2025 02:56:11 -0800 (PST) X-Relaying-Domain: iol.unh.edu Date: Wed, 05 Feb 2025 02:56:11 -0800 (PST) Message-ID: <67a343cb.050a0220.311ef9.8b62SMTPIN_ADDED_MISSING@mx.google.com> Received: from [172.17.0.5] (unknown [172.18.0.217]) by postal.iol.unh.edu (Postfix) with ESMTP id 06A156052471; Wed, 5 Feb 2025 05:56:11 -0500 (EST) Subject: |WARNING| [GIT MASTER] 7ce7d3341d7e21c2a81f2fea8e451681d7306d77 From: dpdklab@iol.unh.edu To: Test Report Cc: dpdk-test-reports@iol.unh.edu, Xueming Li , Christian Ehrhardt , Kevin Traynor , Luca Boccassi Content-Type: text/plain X-BeenThere: test-report@dpdk.org X-Mailman-Version: 2.1.29 Precedence: list List-Id: automatic DPDK test reports List-Unsubscribe: , List-Archive: List-Post: List-Help: List-Subscribe: , Errors-To: test-report-bounces@dpdk.org _Testing issues_ Branch: tags/v22.11 7ce7d3341d7e21c2a81f2fea8e451681d7306d77 --> testing issues Upstream job id: Windows-Compile-DPDK-Native#26389 Test environment and result as below: +---------------------+--------------------+----------------------+-------------------------+ | Environment | dpdk_meson_compile | dpdk_mingw64_compile | dpdk_llvm_clang_compile | +=====================+====================+======================+=========================+ | FreeBSD 13.4 | PASS | SKIPPED | SKIPPED | +---------------------+--------------------+----------------------+-------------------------+ | FreeBSD 14.2 | PASS | SKIPPED | SKIPPED | +---------------------+--------------------+----------------------+-------------------------+ | CentOS Stream 9 | PASS | SKIPPED | SKIPPED | +---------------------+--------------------+----------------------+-------------------------+ | Debian Bullseye | PASS | SKIPPED | SKIPPED | +---------------------+--------------------+----------------------+-------------------------+ | Debian 12 | PASS | SKIPPED | SKIPPED | +---------------------+--------------------+----------------------+-------------------------+ | Fedora 40 (Clang) | PASS | SKIPPED | SKIPPED | +---------------------+--------------------+----------------------+-------------------------+ | Fedora 40 | PASS | SKIPPED | SKIPPED | +---------------------+--------------------+----------------------+-------------------------+ | Fedora 41 (Clang) | PASS | SKIPPED | SKIPPED | +---------------------+--------------------+----------------------+-------------------------+ | Fedora 41 | PASS | SKIPPED | SKIPPED | +---------------------+--------------------+----------------------+-------------------------+ | openSUSE Leap 15 | PASS | SKIPPED | SKIPPED | +---------------------+--------------------+----------------------+-------------------------+ | RHEL8 | PASS | SKIPPED | SKIPPED | +---------------------+--------------------+----------------------+-------------------------+ | RHEL9 | PASS | SKIPPED | SKIPPED | +---------------------+--------------------+----------------------+-------------------------+ | Ubuntu 20.04 | PASS | SKIPPED | SKIPPED | +---------------------+--------------------+----------------------+-------------------------+ | Ubuntu 22.04 | PASS | SKIPPED | SKIPPED | +---------------------+--------------------+----------------------+-------------------------+ | Ubuntu 24.04 | PASS | SKIPPED | SKIPPED | +---------------------+--------------------+----------------------+-------------------------+ | Windows Server 2022 | SKIPPED | PASS | FAIL | +---------------------+--------------------+----------------------+-------------------------+ ==== 20 line log output for Windows Server 2022 (dpdk_llvm_clang_compile): ==== ..\lib\eal\include/rte_common.h:850:32: note: expanded from macro 'RTE_FMT_TAIL' #define RTE_FMT_TAIL(fmt, ...) __VA_ARGS__ ^~~~~~~~~~~ ..\lib\eal\include/rte_common.h:848:39: note: expanded from macro 'RTE_FMT' #define RTE_FMT(fmt, ...) fmt "%.0s", __VA_ARGS__ "" ^~~~~~~~~~~ ../drivers/crypto/mlx5/mlx5_crypto.c:463:18: note: forward declaration of 'struct mlx5_err_cqe' volatile struct mlx5_err_cqe *cqe = (volatile struct mlx5_err_cqe *) ^ 3 errors generated. [625/788] Linking static target drivers/libtmp_rte_net_octeon_ep.a [626/788] Compiling C object drivers/libtmp_rte_crypto_mlx5.a.p/crypto_mlx5_mlx5_crypto_dek.c.obj [627/788] Compiling C object drivers/libtmp_rte_net_vmxnet3.a.p/net_vmxnet3_vmxnet3_ethdev.c.obj [628/788] Compiling C object drivers/libtmp_rte_net_vmxnet3.a.p/net_vmxnet3_vmxnet3_rxtx.c.obj [629/788] Compiling C object app/dpdk-testpmd.exe.p/test-pmd_5tswap.c.obj [630/788] Compiling C object drivers/libtmp_rte_net_mlx5.a.p/net_mlx5_mlx5_tx_nompw.c.obj [631/788] Compiling C object app/test/dpdk-test.exe.p/test_cryptodev.c.obj [632/788] Compiling C object drivers/libtmp_rte_net_mlx5.a.p/net_mlx5_mlx5_tx_empw.c.obj [633/788] Compiling C object drivers/libtmp_rte_net_mlx5.a.p/net_mlx5_mlx5_tx_txpp.c.obj ninja: build stopped: subcommand failed. ==== End log output ==== FreeBSD 13.4 Kernel: 13.4-RELEASE-p1 Compiler: clang 18.1.6 FreeBSD 14.2 Kernel: 14.2-RELEASE Compiler: clang 18.1.6 CentOS Stream 9 Kernel: Depends on container host Compiler: gcc 11.5.0 20240719 (Red Hat 11.5.0-2) Debian Bullseye Kernel: Depends on container host Compiler: gcc (Debian 10.2.1-6) 10.2.1 20210110 Debian 12 Kernel: Depends on container host Compiler: gcc (Debian 12.2.0-14) 12.2.0 Fedora 40 (Clang) Kernel: Depends on container host Compiler: clang 18.1.8 (Fedora 18.1.8-1.fc40) Fedora 40 Kernel: Depends on container host Compiler: gcc 14.2.1 20240912 (Red Hat 14.2.1-3) Fedora 41 (Clang) Kernel: Depends on container host Compiler: clang 19.1.5 (Fedora 19.1.5-1.fc41) Fedora 41 Kernel: Depends on container host Compiler: gcc 14.2.1 20240912 (Red Hat 14.2.1-3) openSUSE Leap 15 Kernel: Depends on container host Compiler: gcc (SUSE Linux) 7.5.0 RHEL8 Kernel: Depends on container host Compiler: gcc 8.5.0 20210514 (Red Hat 8.5.0-22) RHEL9 Kernel: Depends on container host Compiler: gcc 11.5.0 20240719 (Red Hat 11.5.0-2) Ubuntu 20.04 Kernel: Depends on container host Compiler: gcc (Ubuntu 9.4.0-1ubuntu1~20.04.2) 9.4.0 Ubuntu 22.04 Kernel: Depends on container host Compiler: gcc (Ubuntu 11.4.0-1ubuntu1~22.04) 11.4.0 Ubuntu 24.04 Kernel: Depends on container host Compiler: gcc (Ubuntu 13.3.0-6ubuntu2~24.04) 13.3.0 Windows Server 2022 Kernel: 10.0.20348.2031 Compiler: clang 15.0.7, gcc 14.1.0 (MinGW), and MSVC VS 19.39.33521 To view detailed results, visit: https://lab.dpdk.org/results/dashboard/tarballs/32342/ UNH-IOL DPDK Community Lab To manage your email subscriptions, visit: https://lab.dpdk.org/results/dashboard/preferences/subscriptions/