From mboxrd@z Thu Jan 1 00:00:00 1970 Return-Path: Received: from mails.dpdk.org (mails.dpdk.org [217.70.189.124]) by inbox.dpdk.org (Postfix) with ESMTP id EEBCB4619C for ; Wed, 5 Feb 2025 14:47:06 +0100 (CET) Received: from mails.dpdk.org (localhost [127.0.0.1]) by mails.dpdk.org (Postfix) with ESMTP id CE052402B3; Wed, 5 Feb 2025 14:47:06 +0100 (CET) Received: from mail-oi1-f228.google.com (mail-oi1-f228.google.com [209.85.167.228]) by mails.dpdk.org (Postfix) with ESMTP id 6E54C40270 for ; Wed, 5 Feb 2025 14:47:05 +0100 (CET) Received: by mail-oi1-f228.google.com with SMTP id 5614622812f47-3ebb2d8dac4so3772759b6e.0 for ; Wed, 05 Feb 2025 05:47:05 -0800 (PST) DKIM-Signature: v=1; a=rsa-sha256; c=relaxed/relaxed; d=iol.unh.edu; s=unh-iol; t=1738763224; x=1739368024; darn=dpdk.org; h=cc:to:from:subject:message-id:date:from:to:cc:subject:date :message-id:reply-to; bh=nAhz1DKDjq/IeQ5wCfdG3TQa80353zaUD8kMFrrE1s8=; b=NRLaFS7OOWlXoz3fBX6xpxbbPAkUgouWY8SbpWlmHUu3+BUl0v565u71ZKT6hOstre ducp9FJ2jYQJB/tEf6e0Q3g/yzQO/Du5i8+erH0Qfe7s+sjqQva+tPM5chjUaHeZ5B53 bNjpusvMqlXqojmj6o39azzDJMekiS9EBOLQU= X-Google-DKIM-Signature: v=1; a=rsa-sha256; c=relaxed/relaxed; d=1e100.net; s=20230601; t=1738763224; x=1739368024; h=cc:to:from:subject:message-id:date:x-gm-message-state:from:to:cc :subject:date:message-id:reply-to; bh=nAhz1DKDjq/IeQ5wCfdG3TQa80353zaUD8kMFrrE1s8=; b=ltiNUb1PC2niOMjfJcuaMCDKA+BdjinMqDX2v0M2T+uTGCoGnX9Tp2tpy0N5c0VZ78 JOkfqqQwbbWjBRUwasXVp5egDe/MWip3O3V6WAcjoCjbiTQwJgE8xPKb0ePrmwA/jB3d zk0h/jeAQK4QtM8SfEpBdjvrhWMWWQOrjg5V94G4p573oU4TaAWq43byAL04mqdBOVBI nLlSDH2SxbvdBkzpGLRZHYAUzQF//UbMefsHTDJJd2jqZDLcSTu04dzetpHVOB7HErP2 bVkGuoKTfqqiYyBqmD/RhhGupdUC1P9p3WJKXQqMkiB+2i5YCs915f5UXf+pNhvRe5ji 4CrA== X-Gm-Message-State: AOJu0Yyx76xQiVt5za77OHe0dxjCVzmrfbiWpnVa/Ib8GIPmd0tbVgis yN0hbdLrCMPfeROPNV/v9AdgtN+hcB/4FsUScETEFwM81kP1BjBI0TtozmedafgxllykSXHJ4Ni dkFjOJZfswgjPY7Roy8qhvwaxxbLliWx5 X-Gm-Gg: ASbGnctHdE2mOzy8KLKEyiihUtgdlcXTMqPP9Xi4CkWQqZ6VL/+xKkq3wLTwxGND65+ FwaZ4SMZ8h6Ry6B7d1BXZmXzipNMKh3ROR6CwnzlqRDJBRT6RlKtR+JYGiBYzdP5TGRbvlWpk3j LSchPv658MHkCG2BYLlA0gfMCJ/w5As/3jKDmu6b8UxhTgmdQA+O6Vk3KaBthBr5wcc8OxpB2HB OSZuxHcvV3D0CIy8DPjiRvOgub37ob7qUkWJKl49yiVPS14MGSVeucWhdZrZHcYjLbugdlxFziH doNWSFpsBzuCsSvd6GPbXHqTrgFf2g== X-Google-Smtp-Source: AGHT+IH5vptwD+BB0QenUgMldAVFccRDtB+WNnwQF/3N/KahbBx6g/A5hWufBhRAo+GXGBnbItNYlGoGsz6f X-Received: by 2002:a05:6871:5806:b0:29e:311c:f51a with SMTP id 586e51a60fabf-2b804bc58aemr1788864fac.0.1738763224357; Wed, 05 Feb 2025 05:47:04 -0800 (PST) Received: from postal.iol.unh.edu (postal.iol.unh.edu. [132.177.123.84]) by smtp-relay.gmail.com with ESMTPS id 586e51a60fabf-2b3565afffasm964984fac.28.2025.02.05.05.47.04 (version=TLS1_2 cipher=ECDHE-ECDSA-AES128-GCM-SHA256 bits=128/128); Wed, 05 Feb 2025 05:47:04 -0800 (PST) X-Relaying-Domain: iol.unh.edu Date: Wed, 05 Feb 2025 05:47:04 -0800 (PST) Message-ID: <67a36bd8.050a0220.255763.d8d6SMTPIN_ADDED_MISSING@mx.google.com> Received: from [172.17.0.4] (unknown [172.18.0.217]) by postal.iol.unh.edu (Postfix) with ESMTP id C0FC56052471; Wed, 5 Feb 2025 08:47:03 -0500 (EST) Subject: |WARNING| [GIT MASTER] 7ce7d3341d7e21c2a81f2fea8e451681d7306d77 From: dpdklab@iol.unh.edu To: Test Report Cc: dpdk-test-reports@iol.unh.edu, Xueming Li , Christian Ehrhardt , Kevin Traynor , Luca Boccassi Content-Type: text/plain X-BeenThere: test-report@dpdk.org X-Mailman-Version: 2.1.29 Precedence: list List-Id: automatic DPDK test reports List-Unsubscribe: , List-Archive: List-Post: List-Help: List-Subscribe: , Errors-To: test-report-bounces@dpdk.org _Testing issues_ Branch: tags/v22.11 7ce7d3341d7e21c2a81f2fea8e451681d7306d77 --> testing issues Upstream job id: Windows-Compile-DPDK-Native#26410 Test environment and result as below: +---------------------+--------------------+----------------------+-------------------------+ | Environment | dpdk_meson_compile | dpdk_mingw64_compile | dpdk_llvm_clang_compile | +=====================+====================+======================+=========================+ | Debian Bullseye | PASS | SKIPPED | SKIPPED | +---------------------+--------------------+----------------------+-------------------------+ | CentOS Stream 9 | PASS | SKIPPED | SKIPPED | +---------------------+--------------------+----------------------+-------------------------+ | Debian 12 | PASS | SKIPPED | SKIPPED | +---------------------+--------------------+----------------------+-------------------------+ | Fedora 40 (Clang) | PASS | SKIPPED | SKIPPED | +---------------------+--------------------+----------------------+-------------------------+ | Fedora 41 (Clang) | PASS | SKIPPED | SKIPPED | +---------------------+--------------------+----------------------+-------------------------+ | Fedora 41 | PASS | SKIPPED | SKIPPED | +---------------------+--------------------+----------------------+-------------------------+ | openSUSE Leap 15 | PASS | SKIPPED | SKIPPED | +---------------------+--------------------+----------------------+-------------------------+ | RHEL8 | PASS | SKIPPED | SKIPPED | +---------------------+--------------------+----------------------+-------------------------+ | Ubuntu 20.04 | PASS | SKIPPED | SKIPPED | +---------------------+--------------------+----------------------+-------------------------+ | RHEL9 | PASS | SKIPPED | SKIPPED | +---------------------+--------------------+----------------------+-------------------------+ | Ubuntu 22.04 | PASS | SKIPPED | SKIPPED | +---------------------+--------------------+----------------------+-------------------------+ | Ubuntu 24.04 | PASS | SKIPPED | SKIPPED | +---------------------+--------------------+----------------------+-------------------------+ | FreeBSD 13.4 | PASS | SKIPPED | SKIPPED | +---------------------+--------------------+----------------------+-------------------------+ | FreeBSD 14.2 | PASS | SKIPPED | SKIPPED | +---------------------+--------------------+----------------------+-------------------------+ | Fedora 40 | PASS | SKIPPED | SKIPPED | +---------------------+--------------------+----------------------+-------------------------+ | Windows Server 2022 | SKIPPED | PASS | FAIL | +---------------------+--------------------+----------------------+-------------------------+ ==== 20 line log output for Windows Server 2022 (dpdk_llvm_clang_compile): ==== ..\lib\eal\include/rte_common.h:850:32: note: expanded from macro 'RTE_FMT_TAIL' #define RTE_FMT_TAIL(fmt, ...) __VA_ARGS__ ^~~~~~~~~~~ ..\lib\eal\include/rte_common.h:848:39: note: expanded from macro 'RTE_FMT' #define RTE_FMT(fmt, ...) fmt "%.0s", __VA_ARGS__ "" ^~~~~~~~~~~ ../drivers/crypto/mlx5/mlx5_crypto.c:463:18: note: forward declaration of 'struct mlx5_err_cqe' volatile struct mlx5_err_cqe *cqe = (volatile struct mlx5_err_cqe *) ^ 3 errors generated. [626/788] Compiling C object drivers/libtmp_rte_net_mlx5.a.p/net_mlx5_mlx5_tx_nompw.c.obj [627/788] Compiling C object drivers/libtmp_rte_net_vmxnet3.a.p/net_vmxnet3_vmxnet3_ethdev.c.obj [628/788] Compiling C object drivers/libtmp_rte_crypto_mlx5.a.p/crypto_mlx5_mlx5_crypto_dek.c.obj [629/788] Compiling C object drivers/libtmp_rte_net_vmxnet3.a.p/net_vmxnet3_vmxnet3_rxtx.c.obj [630/788] Generating rte_net_octeon_ep.pmd.c with a custom command (wrapped by meson to set PATH) [631/788] Compiling C object app/dpdk-testpmd.exe.p/test-pmd_cmd_flex_item.c.obj [632/788] Compiling C object drivers/libtmp_rte_net_mlx5.a.p/net_mlx5_mlx5_tx_empw.c.obj [633/788] Compiling C object app/test/dpdk-test.exe.p/test_cryptodev.c.obj [634/788] Compiling C object drivers/libtmp_rte_net_mlx5.a.p/net_mlx5_mlx5_tx_txpp.c.obj ninja: build stopped: subcommand failed. ==== End log output ==== Debian Bullseye Kernel: Depends on container host Compiler: gcc (Debian 10.2.1-6) 10.2.1 20210110 CentOS Stream 9 Kernel: Depends on container host Compiler: gcc 11.5.0 20240719 (Red Hat 11.5.0-2) Debian 12 Kernel: Depends on container host Compiler: gcc (Debian 12.2.0-14) 12.2.0 Fedora 40 (Clang) Kernel: Depends on container host Compiler: clang 18.1.8 (Fedora 18.1.8-1.fc40) Fedora 41 (Clang) Kernel: Depends on container host Compiler: clang 19.1.5 (Fedora 19.1.5-1.fc41) Fedora 41 Kernel: Depends on container host Compiler: gcc 14.2.1 20240912 (Red Hat 14.2.1-3) openSUSE Leap 15 Kernel: Depends on container host Compiler: gcc (SUSE Linux) 7.5.0 RHEL8 Kernel: Depends on container host Compiler: gcc 8.5.0 20210514 (Red Hat 8.5.0-22) Ubuntu 20.04 Kernel: Depends on container host Compiler: gcc (Ubuntu 9.4.0-1ubuntu1~20.04.2) 9.4.0 RHEL9 Kernel: Depends on container host Compiler: gcc 11.5.0 20240719 (Red Hat 11.5.0-2) Ubuntu 22.04 Kernel: Depends on container host Compiler: gcc (Ubuntu 11.4.0-1ubuntu1~22.04) 11.4.0 Ubuntu 24.04 Kernel: Depends on container host Compiler: gcc (Ubuntu 13.3.0-6ubuntu2~24.04) 13.3.0 FreeBSD 13.4 Kernel: 13.4-RELEASE-p1 Compiler: clang 18.1.6 FreeBSD 14.2 Kernel: 14.2-RELEASE Compiler: clang 18.1.6 Fedora 40 Kernel: Depends on container host Compiler: gcc 14.2.1 20240912 (Red Hat 14.2.1-3) Windows Server 2022 Kernel: 10.0.20348.2031 Compiler: clang 15.0.7, gcc 14.1.0 (MinGW), and MSVC VS 19.39.33521 To view detailed results, visit: https://lab.dpdk.org/results/dashboard/tarballs/32320/ UNH-IOL DPDK Community Lab To manage your email subscriptions, visit: https://lab.dpdk.org/results/dashboard/preferences/subscriptions/