From mboxrd@z Thu Jan 1 00:00:00 1970 Return-Path: Received: from mails.dpdk.org (mails.dpdk.org [217.70.189.124]) by inbox.dpdk.org (Postfix) with ESMTP id AF52A4619F for ; Wed, 5 Feb 2025 16:21:17 +0100 (CET) Received: from mails.dpdk.org (localhost [127.0.0.1]) by mails.dpdk.org (Postfix) with ESMTP id ABE524029A; Wed, 5 Feb 2025 16:21:17 +0100 (CET) Received: from mail-oa1-f100.google.com (mail-oa1-f100.google.com [209.85.160.100]) by mails.dpdk.org (Postfix) with ESMTP id 00D5D40270 for ; Wed, 5 Feb 2025 16:21:16 +0100 (CET) Received: by mail-oa1-f100.google.com with SMTP id 586e51a60fabf-2a01bcd0143so4573845fac.2 for ; Wed, 05 Feb 2025 07:21:16 -0800 (PST) DKIM-Signature: v=1; a=rsa-sha256; c=relaxed/relaxed; d=iol.unh.edu; s=unh-iol; t=1738768876; x=1739373676; darn=dpdk.org; h=cc:to:from:subject:message-id:date:from:to:cc:subject:date :message-id:reply-to; bh=RCLIgVX3GP4WisxvQnmQ3ZXFY6WP39C4t7CPWzJ4QKE=; b=SKMhpLAaKDNo0oIRcsjS5Q4u2iSKz3sxXrXN4XoZ4m4klrLOnI7Pqsoo3hrNGmc+82 x6gk9NKm+xvURQfWiH+5MjiqyMitsY1hQh1iujH0xFUeq/9LrvEIkj/1doCPG9RSAt2e uAlL95pKVVvOH9lcay0zbok8RtjyqiBRo0Q+A= X-Google-DKIM-Signature: v=1; a=rsa-sha256; c=relaxed/relaxed; d=1e100.net; s=20230601; t=1738768876; x=1739373676; h=cc:to:from:subject:message-id:date:x-gm-message-state:from:to:cc :subject:date:message-id:reply-to; bh=RCLIgVX3GP4WisxvQnmQ3ZXFY6WP39C4t7CPWzJ4QKE=; b=KKE8cYJoUjmODPOUAzKmqRRDZ2kqLpgckQ5/NLX7GMIVjmNunDmKybySo1kDyopNc6 3lAWGc53WGVbTMU+04WO7fj1tLXCHUjFWq73j0QcqFjBm6PhS6xph2jjoShAcGzKIe3o QsPXKNzeqmsPbxfDDKLT/rem2wVrD+L6bptojNDHGsN/uvIJQ7hl5jWq3ifV3dSRj5rf xP0pfgu+K2hSnLknO6P1QP2FALpqc5AnyQydheW8z8k9zUARNVbMwmkGVzaSoktlDHMQ 1tKTDqXgIiSzjzuzpOGM5JGJUXggC2Am8LO5vUppM9UnxKKsD/R/arteLHnl6Hd/be7r ihIQ== X-Gm-Message-State: AOJu0YyIu3mrOskuiBF1XuuDtyEkcRHimNd86/MNQcjGQo6i6MMtBQ5W uIiAPfz6LOIo/f5iy5gGRhLLvW5wkhrbsC5HIyoGM8ex8SMPBYu+fI3xCug5lTDvTbEV/horn79 fw9htX1o1I6JJ+012KJ8nanmW9BcKqipQFqx6XLnaBGx/ZstT X-Gm-Gg: ASbGncseNZkmYh4WVXHm2t+ds7GPnu/XPCjIXrsWrylOgyUxLRHYbHOVOdapb32N7QT 0H+ErP9T3rF/bPxA/n1kGe2qfkMH7fFSntrKITEqj4Tlj1TSPFAqe0rEukCvw9mwtkvTkJbbM2m FCySGCCwpOGlBU36UTzeYAoz109ewqJpzRdESCknNrVPB7X/We3lqZ9/vtVAkpFOGnwATBD/Zcs Bi6DCrRHtlBDESrkl3htUeLGNPUQa34cu77KPv7WrARdhVyPWVvcyYSVfg7XJIjHoVBeszBqupf nsuwo6AhcCPJsuMdrBOI1xWnyDjkl2tMs8gvkL7XWQ== X-Google-Smtp-Source: AGHT+IFTfZa7kI/bX7LFvsFPuZKk7pizyZDVQ7uAiIgIijTfNOdShR0tqNMGq+S2rzHIVSsyOl8hb8/XpzBh X-Received: by 2002:a05:6870:d92:b0:2a3:d9b3:3d01 with SMTP id 586e51a60fabf-2b80514c663mr2191095fac.29.1738768876110; Wed, 05 Feb 2025 07:21:16 -0800 (PST) Received: from postal.iol.unh.edu (postal.iol.unh.edu. [2606:4100:3880:1234::84]) by smtp-relay.gmail.com with ESMTPS id 586e51a60fabf-2b3565adb11sm996724fac.26.2025.02.05.07.21.16 (version=TLS1_2 cipher=ECDHE-ECDSA-AES128-GCM-SHA256 bits=128/128); Wed, 05 Feb 2025 07:21:16 -0800 (PST) X-Relaying-Domain: iol.unh.edu Date: Wed, 05 Feb 2025 07:21:16 -0800 (PST) Message-ID: <67a381ec.050a0220.1040ed.f253SMTPIN_ADDED_MISSING@mx.google.com> Received: from [172.17.0.4] (unknown [172.18.0.217]) by postal.iol.unh.edu (Postfix) with ESMTP id 924136052471; Wed, 5 Feb 2025 10:21:15 -0500 (EST) Subject: |WARNING| [GIT MASTER] 7ce7d3341d7e21c2a81f2fea8e451681d7306d77 From: dpdklab@iol.unh.edu To: Test Report Cc: dpdk-test-reports@iol.unh.edu, Xueming Li , Christian Ehrhardt , Kevin Traynor , Luca Boccassi Content-Type: text/plain X-BeenThere: test-report@dpdk.org X-Mailman-Version: 2.1.29 Precedence: list List-Id: automatic DPDK test reports List-Unsubscribe: , List-Archive: List-Post: List-Help: List-Subscribe: , Errors-To: test-report-bounces@dpdk.org _Testing issues_ Branch: tags/v22.11 7ce7d3341d7e21c2a81f2fea8e451681d7306d77 --> testing issues Upstream job id: Windows-Compile-DPDK-Native#26433 Test environment and result as below: +---------------------+--------------------+-------------------------+ | Environment | dpdk_meson_compile | dpdk_llvm_clang_compile | +=====================+====================+=========================+ | FreeBSD 13.4 | PASS | SKIPPED | +---------------------+--------------------+-------------------------+ | FreeBSD 14.2 | PASS | SKIPPED | +---------------------+--------------------+-------------------------+ | CentOS Stream 9 | PASS | SKIPPED | +---------------------+--------------------+-------------------------+ | Debian Bullseye | PASS | SKIPPED | +---------------------+--------------------+-------------------------+ | Debian 12 | PASS | SKIPPED | +---------------------+--------------------+-------------------------+ | Fedora 40 | PASS | SKIPPED | +---------------------+--------------------+-------------------------+ | Fedora 41 | PASS | SKIPPED | +---------------------+--------------------+-------------------------+ | openSUSE Leap 15 | PASS | SKIPPED | +---------------------+--------------------+-------------------------+ | RHEL8 | PASS | SKIPPED | +---------------------+--------------------+-------------------------+ | RHEL9 | PASS | SKIPPED | +---------------------+--------------------+-------------------------+ | Ubuntu 20.04 | PASS | SKIPPED | +---------------------+--------------------+-------------------------+ | Ubuntu 22.04 | PASS | SKIPPED | +---------------------+--------------------+-------------------------+ | Ubuntu 24.04 | PASS | SKIPPED | +---------------------+--------------------+-------------------------+ | Fedora 41 (Clang) | PASS | SKIPPED | +---------------------+--------------------+-------------------------+ | Fedora 40 (Clang) | PASS | SKIPPED | +---------------------+--------------------+-------------------------+ | Windows Server 2022 | SKIPPED | FAIL | +---------------------+--------------------+-------------------------+ ==== 20 line log output for Windows Server 2022 (dpdk_llvm_clang_compile): ==== ..\lib\eal\include/rte_common.h:850:32: note: expanded from macro 'RTE_FMT_TAIL' #define RTE_FMT_TAIL(fmt, ...) __VA_ARGS__ ^~~~~~~~~~~ ..\lib\eal\include/rte_common.h:848:39: note: expanded from macro 'RTE_FMT' #define RTE_FMT(fmt, ...) fmt "%.0s", __VA_ARGS__ "" ^~~~~~~~~~~ ../drivers/crypto/mlx5/mlx5_crypto.c:463:18: note: forward declaration of 'struct mlx5_err_cqe' volatile struct mlx5_err_cqe *cqe = (volatile struct mlx5_err_cqe *) ^ 3 errors generated. [627/788] Compiling C object drivers/libtmp_rte_crypto_mlx5.a.p/crypto_mlx5_mlx5_crypto_dek.c.obj [628/788] Compiling C object drivers/libtmp_rte_net_vmxnet3.a.p/net_vmxnet3_vmxnet3_ethdev.c.obj [629/788] Compiling C object drivers/libtmp_rte_net_vmxnet3.a.p/net_vmxnet3_vmxnet3_rxtx.c.obj [630/788] Generating rte_net_octeon_ep.pmd.c with a custom command (wrapped by meson to set PATH) [631/788] Compiling C object app/dpdk-testpmd.exe.p/test-pmd_cmdline_mtr.c.obj [632/788] Compiling C object drivers/libtmp_rte_net_mlx5.a.p/net_mlx5_mlx5_tx_empw.c.obj [633/788] Compiling C object app/dpdk-testpmd.exe.p/test-pmd_cmdline.c.obj [634/788] Compiling C object app/test/dpdk-test.exe.p/test_cryptodev.c.obj [635/788] Compiling C object drivers/libtmp_rte_net_mlx5.a.p/net_mlx5_mlx5_tx_txpp.c.obj ninja: build stopped: subcommand failed. ==== End log output ==== FreeBSD 13.4 Kernel: 13.4-RELEASE-p1 Compiler: clang 18.1.6 FreeBSD 14.2 Kernel: 14.2-RELEASE Compiler: clang 18.1.6 CentOS Stream 9 Kernel: Depends on container host Compiler: gcc 11.5.0 20240719 (Red Hat 11.5.0-2) Debian Bullseye Kernel: Depends on container host Compiler: gcc (Debian 10.2.1-6) 10.2.1 20210110 Debian 12 Kernel: Depends on container host Compiler: gcc (Debian 12.2.0-14) 12.2.0 Fedora 40 Kernel: Depends on container host Compiler: gcc 14.2.1 20240912 (Red Hat 14.2.1-3) Fedora 41 Kernel: Depends on container host Compiler: gcc 14.2.1 20240912 (Red Hat 14.2.1-3) openSUSE Leap 15 Kernel: Depends on container host Compiler: gcc (SUSE Linux) 7.5.0 RHEL8 Kernel: Depends on container host Compiler: gcc 8.5.0 20210514 (Red Hat 8.5.0-22) RHEL9 Kernel: Depends on container host Compiler: gcc 11.5.0 20240719 (Red Hat 11.5.0-2) Ubuntu 20.04 Kernel: Depends on container host Compiler: gcc (Ubuntu 9.4.0-1ubuntu1~20.04.2) 9.4.0 Ubuntu 22.04 Kernel: Depends on container host Compiler: gcc (Ubuntu 11.4.0-1ubuntu1~22.04) 11.4.0 Ubuntu 24.04 Kernel: Depends on container host Compiler: gcc (Ubuntu 13.3.0-6ubuntu2~24.04) 13.3.0 Fedora 41 (Clang) Kernel: Depends on container host Compiler: clang 19.1.5 (Fedora 19.1.5-1.fc41) Fedora 40 (Clang) Kernel: Depends on container host Compiler: clang 18.1.8 (Fedora 18.1.8-1.fc40) Windows Server 2022 Kernel: 10.0.20348.2031 Compiler: clang 15.0.7, gcc 14.1.0 (MinGW), and MSVC VS 19.39.33521 To view detailed results, visit: https://lab.dpdk.org/results/dashboard/tarballs/32445/ UNH-IOL DPDK Community Lab To manage your email subscriptions, visit: https://lab.dpdk.org/results/dashboard/preferences/subscriptions/