From mboxrd@z Thu Jan 1 00:00:00 1970 Return-Path: Received: from mails.dpdk.org (mails.dpdk.org [217.70.189.124]) by inbox.dpdk.org (Postfix) with ESMTP id 18E3E4619F for ; Wed, 5 Feb 2025 16:23:58 +0100 (CET) Received: from mails.dpdk.org (localhost [127.0.0.1]) by mails.dpdk.org (Postfix) with ESMTP id 0E6504029A; Wed, 5 Feb 2025 16:23:58 +0100 (CET) Received: from mail-yb1-f228.google.com (mail-yb1-f228.google.com [209.85.219.228]) by mails.dpdk.org (Postfix) with ESMTP id 286B840270 for ; Wed, 5 Feb 2025 16:23:57 +0100 (CET) Received: by mail-yb1-f228.google.com with SMTP id 3f1490d57ef6-e3c8ae3a3b2so6100513276.0 for ; Wed, 05 Feb 2025 07:23:57 -0800 (PST) DKIM-Signature: v=1; a=rsa-sha256; c=relaxed/relaxed; d=iol.unh.edu; s=unh-iol; t=1738769036; x=1739373836; darn=dpdk.org; h=cc:to:from:subject:message-id:date:from:to:cc:subject:date :message-id:reply-to; bh=U64Q2FFM0DBj0Byjs6cKUp62UfVbCOCFN0qgqlH6Gjc=; b=ZqF2nCVASSJOKuvjHnCKmy4V2ysTEsK+q6rfVg6DOo//HNYdhoWticbRU4LvGn7Ns/ cZaAyWvA8wnndcbcC7sxsT1uMG6hghOMy2enx3Ngx8/Azazth+06tpxfSL8l0a7nwvcE Z1fIe58lfTyU2xax2oPeFtz/9lWZeWLQ2eenU= X-Google-DKIM-Signature: v=1; a=rsa-sha256; c=relaxed/relaxed; d=1e100.net; s=20230601; t=1738769036; x=1739373836; h=cc:to:from:subject:message-id:date:x-gm-message-state:from:to:cc :subject:date:message-id:reply-to; bh=U64Q2FFM0DBj0Byjs6cKUp62UfVbCOCFN0qgqlH6Gjc=; b=YyUWeYddCIXcDM8D+nkM8ouHovOVzDbq3fd1xCYL3bIhEftcWQj66Yemqcfw0JhveH 5Mms/f3jl/TH+0qfx68fmiJYAQW5zu3wdYDTb2PLmSa4D50C6VHwzXJLoqC9aW7VLaxP eA4nNZ4/WV0OQEf1wJ/WoaFjA76o0oedS5/oH3OSX8NLYiB45d0Ad6aG+Dix6p6VJMtr Xs84J35XyBovqyp1X1oEJ8RaS8vVz7CDVxpu6P1DRkuumfqfAFCoknpzYTVhE2C64pyf LqCzJQV2nqqPo27FgBqhcYGCwo0FHxjiq4QWP8xr8r4w1Aqb0t/0YC9ysGNqol8uz8CG 8Q/A== X-Gm-Message-State: AOJu0Yz1LUacb9MyXUofD50DJJQmLxF3JS5dziYjf87OPF24qSk7Mu+U dupjkPjfSVf6ymZOJxJuEC/ypB/+MCiJs3lY/ZcaB4u2mpCfCmbIDmQQzEWfIc/pSGSVSxhoxB3 GjtHLYsJx11kmJXoB6mDC10FOzuJxmeKXWxCXBDksdN9IeqSu X-Gm-Gg: ASbGncurMayKs2vkZq8xuKDj+LavrIWWg0beDwLsWt8xuELNMP0t1oTOIDyrq/GyqZs QisP7EtBmezClT/aCzGJGQOt6sY44GTFFdwiIImjoQZf6GF1As4ZafdmO25ooMyf3OGsYcPZeoH Unxrvhmbt/A73ETNTMBU66LFPiip5k/J4NfysOVaBETBjD45X2O88n8nm2XOT3AiHOVnM6FFZHV 6RyXr2M+fJN1PIJ/ThHsFznX+ZseTqH0+h7ORoB5lfTwGXj3BSJQnhjK4V4fmpzp9WVN6NA4leZ JSP6zfWGMU6Pvmkz4qCwiqT5wmFtk/RjmL8izwi1JQ== X-Google-Smtp-Source: AGHT+IEl8Z4wxVTG04VVUhgy7GSkbNMnmpX4D2/3SmeanVf4piQtnB1ygXhVPKxhvdpxhwR2uOT0DTJnp4iX X-Received: by 2002:a05:690c:4b07:b0:6f7:5388:8dbc with SMTP id 00721157ae682-6f989e559d0mr31398897b3.15.1738769036549; Wed, 05 Feb 2025 07:23:56 -0800 (PST) Received: from postal.iol.unh.edu (postal.iol.unh.edu. [2606:4100:3880:1234::84]) by smtp-relay.gmail.com with ESMTPS id 00721157ae682-6f8c4648de6sm7244307b3.28.2025.02.05.07.23.56 (version=TLS1_2 cipher=ECDHE-ECDSA-AES128-GCM-SHA256 bits=128/128); Wed, 05 Feb 2025 07:23:56 -0800 (PST) X-Relaying-Domain: iol.unh.edu Date: Wed, 05 Feb 2025 07:23:56 -0800 (PST) Message-ID: <67a3828c.050a0220.2b4a73.1433SMTPIN_ADDED_MISSING@mx.google.com> Received: from [172.17.0.4] (unknown [172.18.0.217]) by postal.iol.unh.edu (Postfix) with ESMTP id 2A0456052471; Wed, 5 Feb 2025 10:23:56 -0500 (EST) Subject: |WARNING| [GIT MASTER] 7ce7d3341d7e21c2a81f2fea8e451681d7306d77 From: dpdklab@iol.unh.edu To: Test Report Cc: dpdk-test-reports@iol.unh.edu, Xueming Li , Christian Ehrhardt , Kevin Traynor , Luca Boccassi Content-Type: text/plain X-BeenThere: test-report@dpdk.org X-Mailman-Version: 2.1.29 Precedence: list List-Id: automatic DPDK test reports List-Unsubscribe: , List-Archive: List-Post: List-Help: List-Subscribe: , Errors-To: test-report-bounces@dpdk.org _Testing issues_ Branch: tags/v22.11 7ce7d3341d7e21c2a81f2fea8e451681d7306d77 --> testing issues Upstream job id: Windows-Compile-DPDK-Native#26434 Test environment and result as below: +---------------------+--------------------+-------------------------+----------------------+ | Environment | dpdk_meson_compile | dpdk_llvm_clang_compile | dpdk_mingw64_compile | +=====================+====================+=========================+======================+ | FreeBSD 13.4 | PASS | SKIPPED | SKIPPED | +---------------------+--------------------+-------------------------+----------------------+ | FreeBSD 14.2 | PASS | SKIPPED | SKIPPED | +---------------------+--------------------+-------------------------+----------------------+ | CentOS Stream 9 | PASS | SKIPPED | SKIPPED | +---------------------+--------------------+-------------------------+----------------------+ | Debian Bullseye | PASS | SKIPPED | SKIPPED | +---------------------+--------------------+-------------------------+----------------------+ | Debian 12 | PASS | SKIPPED | SKIPPED | +---------------------+--------------------+-------------------------+----------------------+ | Fedora 40 | PASS | SKIPPED | SKIPPED | +---------------------+--------------------+-------------------------+----------------------+ | Fedora 41 | PASS | SKIPPED | SKIPPED | +---------------------+--------------------+-------------------------+----------------------+ | openSUSE Leap 15 | PASS | SKIPPED | SKIPPED | +---------------------+--------------------+-------------------------+----------------------+ | RHEL8 | PASS | SKIPPED | SKIPPED | +---------------------+--------------------+-------------------------+----------------------+ | RHEL9 | PASS | SKIPPED | SKIPPED | +---------------------+--------------------+-------------------------+----------------------+ | Ubuntu 20.04 | PASS | SKIPPED | SKIPPED | +---------------------+--------------------+-------------------------+----------------------+ | Ubuntu 22.04 | PASS | SKIPPED | SKIPPED | +---------------------+--------------------+-------------------------+----------------------+ | Ubuntu 24.04 | PASS | SKIPPED | SKIPPED | +---------------------+--------------------+-------------------------+----------------------+ | Fedora 41 (Clang) | PASS | SKIPPED | SKIPPED | +---------------------+--------------------+-------------------------+----------------------+ | Fedora 40 (Clang) | PASS | SKIPPED | SKIPPED | +---------------------+--------------------+-------------------------+----------------------+ | Windows Server 2022 | SKIPPED | FAIL | PASS | +---------------------+--------------------+-------------------------+----------------------+ ==== 20 line log output for Windows Server 2022 (dpdk_llvm_clang_compile): ==== ..\lib\eal\include/rte_common.h:850:32: note: expanded from macro 'RTE_FMT_TAIL' #define RTE_FMT_TAIL(fmt, ...) __VA_ARGS__ ^~~~~~~~~~~ ..\lib\eal\include/rte_common.h:848:39: note: expanded from macro 'RTE_FMT' #define RTE_FMT(fmt, ...) fmt "%.0s", __VA_ARGS__ "" ^~~~~~~~~~~ ../drivers/crypto/mlx5/mlx5_crypto.c:463:18: note: forward declaration of 'struct mlx5_err_cqe' volatile struct mlx5_err_cqe *cqe = (volatile struct mlx5_err_cqe *) ^ 3 errors generated. [627/788] Compiling C object drivers/libtmp_rte_crypto_mlx5.a.p/crypto_mlx5_mlx5_crypto_dek.c.obj [628/788] Compiling C object drivers/libtmp_rte_net_vmxnet3.a.p/net_vmxnet3_vmxnet3_ethdev.c.obj [629/788] Compiling C object drivers/libtmp_rte_net_vmxnet3.a.p/net_vmxnet3_vmxnet3_rxtx.c.obj [630/788] Generating rte_net_octeon_ep.pmd.c with a custom command (wrapped by meson to set PATH) [631/788] Compiling C object app/dpdk-testpmd.exe.p/test-pmd_cmdline_mtr.c.obj [632/788] Compiling C object drivers/libtmp_rte_net_mlx5.a.p/net_mlx5_mlx5_tx_empw.c.obj [633/788] Compiling C object app/dpdk-testpmd.exe.p/test-pmd_cmdline.c.obj [634/788] Compiling C object app/test/dpdk-test.exe.p/test_cryptodev.c.obj [635/788] Compiling C object drivers/libtmp_rte_net_mlx5.a.p/net_mlx5_mlx5_tx_txpp.c.obj ninja: build stopped: subcommand failed. ==== End log output ==== FreeBSD 13.4 Kernel: 13.4-RELEASE-p1 Compiler: clang 18.1.6 FreeBSD 14.2 Kernel: 14.2-RELEASE Compiler: clang 18.1.6 CentOS Stream 9 Kernel: Depends on container host Compiler: gcc 11.5.0 20240719 (Red Hat 11.5.0-2) Debian Bullseye Kernel: Depends on container host Compiler: gcc (Debian 10.2.1-6) 10.2.1 20210110 Debian 12 Kernel: Depends on container host Compiler: gcc (Debian 12.2.0-14) 12.2.0 Fedora 40 Kernel: Depends on container host Compiler: gcc 14.2.1 20240912 (Red Hat 14.2.1-3) Fedora 41 Kernel: Depends on container host Compiler: gcc 14.2.1 20240912 (Red Hat 14.2.1-3) openSUSE Leap 15 Kernel: Depends on container host Compiler: gcc (SUSE Linux) 7.5.0 RHEL8 Kernel: Depends on container host Compiler: gcc 8.5.0 20210514 (Red Hat 8.5.0-22) RHEL9 Kernel: Depends on container host Compiler: gcc 11.5.0 20240719 (Red Hat 11.5.0-2) Ubuntu 20.04 Kernel: Depends on container host Compiler: gcc (Ubuntu 9.4.0-1ubuntu1~20.04.2) 9.4.0 Ubuntu 22.04 Kernel: Depends on container host Compiler: gcc (Ubuntu 11.4.0-1ubuntu1~22.04) 11.4.0 Ubuntu 24.04 Kernel: Depends on container host Compiler: gcc (Ubuntu 13.3.0-6ubuntu2~24.04) 13.3.0 Fedora 41 (Clang) Kernel: Depends on container host Compiler: clang 19.1.5 (Fedora 19.1.5-1.fc41) Fedora 40 (Clang) Kernel: Depends on container host Compiler: clang 18.1.8 (Fedora 18.1.8-1.fc40) Windows Server 2022 Kernel: 10.0.20348.2031 Compiler: clang 15.0.7, gcc 14.1.0 (MinGW), and MSVC VS 19.39.33521 To view detailed results, visit: https://lab.dpdk.org/results/dashboard/tarballs/32445/ UNH-IOL DPDK Community Lab To manage your email subscriptions, visit: https://lab.dpdk.org/results/dashboard/preferences/subscriptions/