From mboxrd@z Thu Jan 1 00:00:00 1970 Return-Path: Received: from mails.dpdk.org (mails.dpdk.org [217.70.189.124]) by inbox.dpdk.org (Postfix) with ESMTP id A7301461A0 for ; Wed, 5 Feb 2025 18:12:36 +0100 (CET) Received: from mails.dpdk.org (localhost [127.0.0.1]) by mails.dpdk.org (Postfix) with ESMTP id A395F4064C; Wed, 5 Feb 2025 18:12:36 +0100 (CET) Received: from mail-pj1-f97.google.com (mail-pj1-f97.google.com [209.85.216.97]) by mails.dpdk.org (Postfix) with ESMTP id 9F5DF40647 for ; Wed, 5 Feb 2025 18:12:34 +0100 (CET) Received: by mail-pj1-f97.google.com with SMTP id 98e67ed59e1d1-2f9d5e0e365so2673396a91.2 for ; Wed, 05 Feb 2025 09:12:34 -0800 (PST) DKIM-Signature: v=1; a=rsa-sha256; c=relaxed/relaxed; d=iol.unh.edu; s=unh-iol; t=1738775554; x=1739380354; darn=dpdk.org; h=references:in-reply-to:cc:to:from:subject:message-id:date:from:to :cc:subject:date:message-id:reply-to; bh=226ZGLfsh4zmflhl9BYLAsZjqjEXtoGtfHiePCJs4TA=; b=PGMRzeW0jCCNHvmc9C3XU/q5Wf82hfZZxiFhmaDdPw+hCznvQA/tuK3ySYWT1gxeiD /tBTO5CV7/BTnDf6rdtcHzV73p/Vdt8G+u8Qpfh7tX4CEadAfH/bl89/T2jkvAG6kAxZ 0xg90AVQf0nrJ3ydKkXc/SRZWw0ayc9LIkDzw= X-Google-DKIM-Signature: v=1; a=rsa-sha256; c=relaxed/relaxed; d=1e100.net; s=20230601; t=1738775554; x=1739380354; h=references:in-reply-to:cc:to:from:subject:message-id:date :x-gm-message-state:from:to:cc:subject:date:message-id:reply-to; bh=226ZGLfsh4zmflhl9BYLAsZjqjEXtoGtfHiePCJs4TA=; b=lOlAfm84oihSQXAbacyueBVJjCq26yP2o1fi7Rjk4+LwWAxSv/czdWHwpXq/tB9TlF CkHdd75YUSBt5UQMZ4TIjgqsaneeyMyLd7o6mFj+rRhxnzCqnxVCNtadPS6cLXczcCdY aBgMUsAmLhnU8ThsCEbP1HhGIChlT7vVJfauur02ug61dzo/XhIqz3bNSPw7NqdFka2/ wNixnxLgX+cXl0ED22sAjPd1SIdz8D1EzHQtLF89t8eEKQDriLqTky5Nei7oV0+cmDEk w0hz7/l+K13MygmrWcH1u7jfDLlFN1DYBM3whYrxq213d1TToRBes/RPBaA1f6ptEuXP aa5Q== X-Gm-Message-State: AOJu0YzJf1B0rmmRlg9Rb82H6pmIcFGwo1iheGSorfX0eil058L0Rhat E40cd9XDhX40wgMTbiql6a3GgQBy/Y9OaGxMV1euJoemHfqBCLtU9InNuxTr1PA6IOLX0h7ihpS teZbRG9IVjqrxyLZEotaoDfIWXpEq8gFtGNL86ZJD X-Gm-Gg: ASbGncvjeWMMVGOTjP1IRPBWRmPTJF2i45nBS9MDMoWlVWQSpJ5uuwWNQx4djpSFIvo 7gQwe6Oi2CmHYo6OZIJek7IQlD9Meb2rq2Vn8zG3ahxoQHcOuqlUTabL+PsQLn79GBmVQe4fHqN yTi89Ku2ipRU3s6sboF20X4+m0+bx62e28nLiWoCvX+G7uiYvF3W/MEw+MCX4jZf4SFQ1N+V+SL eI70mT3Nz1mvGA+TEmY/bsvmEeFx4PvtNJdrl1NoNsmAgCCK4Cos7+TuKYRr4dtocpXb6EWDQu8 k/DXwf9zFfWQv61I3g2njMWvPwk+2A== X-Google-Smtp-Source: AGHT+IF5tYsWLMrjtTa4uL6zF81Y3DhVj4yqHLIUq/BJ/prfUJwwPR0xel7x13VLMe9A2wHQV/CPwv3DP1nf X-Received: by 2002:a05:6a00:124a:b0:725:e405:6df7 with SMTP id d2e1a72fcca58-7303510b78cmr4684588b3a.10.1738775553869; Wed, 05 Feb 2025 09:12:33 -0800 (PST) Received: from postal.iol.unh.edu (postal.iol.unh.edu. [132.177.123.84]) by smtp-relay.gmail.com with ESMTPS id d2e1a72fcca58-72fe69fefd7sm1055304b3a.19.2025.02.05.09.12.33 (version=TLS1_2 cipher=ECDHE-ECDSA-AES128-GCM-SHA256 bits=128/128); Wed, 05 Feb 2025 09:12:33 -0800 (PST) X-Relaying-Domain: iol.unh.edu Date: Wed, 05 Feb 2025 09:12:33 -0800 (PST) Message-ID: <67a39c01.050a0220.2bbe33.0962SMTPIN_ADDED_MISSING@mx.google.com> Received: from [172.21.0.8] (unknown [172.18.0.240]) by postal.iol.unh.edu (Postfix) with ESMTP id C37586052471; Wed, 5 Feb 2025 12:12:32 -0500 (EST) Subject: |FAILURE| pw150556-150559 [PATCH] [4/4] net/netvsc: cache device par From: dpdklab@iol.unh.edu To: Test Report Cc: dpdk-test-reports@iol.unh.edu, Long Li In-Reply-To: <1738028106-25239-4-git-send-email-longli@linuxonhyperv.com> References: <1738028106-25239-4-git-send-email-longli@linuxonhyperv.com> Content-Type: text/plain X-BeenThere: test-report@dpdk.org X-Mailman-Version: 2.1.29 Precedence: list List-Id: automatic DPDK test reports List-Unsubscribe: , List-Archive: List-Post: List-Help: List-Subscribe: , Errors-To: test-report-bounces@dpdk.org Test-Label: iol-compile-amd64-testing Test-Status: FAILURE http://dpdk.org/patch/150559 _Testing issues_ Submitter: Long Li Date: Tuesday, January 28 2025 01:35:06 DPDK git baseline: Repo:dpdk Branch: master CommitID:3ba602522abfc4db664008b89ec7c90cfbf7173d 150556-150559 --> testing issues Test environment and result as below: +---------------------+--------------------+------------------+-------------------+-------------------+----------------------+-------------------------+ | Environment | dpdk_meson_compile | dpdk_compile_ovs | dpdk_compile_spdk | dpdk_msvc_compile | dpdk_mingw64_compile | dpdk_llvm_clang_compile | +=====================+====================+==================+===================+===================+======================+=========================+ | CentOS Stream 9 | FAIL | WARN | WARN | SKIPPED | SKIPPED | SKIPPED | +---------------------+--------------------+------------------+-------------------+-------------------+----------------------+-------------------------+ | Debian Bullseye | FAIL | WARN | WARN | SKIPPED | SKIPPED | SKIPPED | +---------------------+--------------------+------------------+-------------------+-------------------+----------------------+-------------------------+ | Debian 12 | PASS | PASS | PASS | SKIPPED | SKIPPED | SKIPPED | +---------------------+--------------------+------------------+-------------------+-------------------+----------------------+-------------------------+ | Fedora 40 (Clang) | FAIL | WARN | WARN | SKIPPED | SKIPPED | SKIPPED | +---------------------+--------------------+------------------+-------------------+-------------------+----------------------+-------------------------+ | Fedora 41 (Clang) | FAIL | WARN | WARN | SKIPPED | SKIPPED | SKIPPED | +---------------------+--------------------+------------------+-------------------+-------------------+----------------------+-------------------------+ | Fedora 40 | FAIL | WARN | WARN | SKIPPED | SKIPPED | SKIPPED | +---------------------+--------------------+------------------+-------------------+-------------------+----------------------+-------------------------+ | Fedora 41 | FAIL | WARN | WARN | SKIPPED | SKIPPED | SKIPPED | +---------------------+--------------------+------------------+-------------------+-------------------+----------------------+-------------------------+ | RHEL8 | FAIL | WARN | SKIPPED | SKIPPED | SKIPPED | SKIPPED | +---------------------+--------------------+------------------+-------------------+-------------------+----------------------+-------------------------+ | Ubuntu 22.04 | FAIL | WARN | WARN | SKIPPED | SKIPPED | SKIPPED | +---------------------+--------------------+------------------+-------------------+-------------------+----------------------+-------------------------+ | openSUSE Leap 15 | PASS | SKIPPED | SKIPPED | SKIPPED | SKIPPED | SKIPPED | +---------------------+--------------------+------------------+-------------------+-------------------+----------------------+-------------------------+ | Ubuntu 20.04 | FAIL | SKIPPED | SKIPPED | SKIPPED | SKIPPED | SKIPPED | +---------------------+--------------------+------------------+-------------------+-------------------+----------------------+-------------------------+ | RHEL9 | FAIL | WARN | SKIPPED | SKIPPED | SKIPPED | SKIPPED | +---------------------+--------------------+------------------+-------------------+-------------------+----------------------+-------------------------+ | Ubuntu 24.04 | FAIL | WARN | WARN | SKIPPED | SKIPPED | SKIPPED | +---------------------+--------------------+------------------+-------------------+-------------------+----------------------+-------------------------+ | Alpine | FAIL | WARN | SKIPPED | SKIPPED | SKIPPED | SKIPPED | +---------------------+--------------------+------------------+-------------------+-------------------+----------------------+-------------------------+ | FreeBSD 13.4 | PASS | SKIPPED | SKIPPED | SKIPPED | SKIPPED | SKIPPED | +---------------------+--------------------+------------------+-------------------+-------------------+----------------------+-------------------------+ | FreeBSD 14.2 | PASS | SKIPPED | SKIPPED | SKIPPED | SKIPPED | SKIPPED | +---------------------+--------------------+------------------+-------------------+-------------------+----------------------+-------------------------+ | Windows Server 2022 | SKIPPED | SKIPPED | SKIPPED | PASS | PASS | PASS | +---------------------+--------------------+------------------+-------------------+-------------------+----------------------+-------------------------+ ==== 20 line log output for Alpine (dpdk_compile_ovs): ==== --- Failed to get log output --- ==== End log output ==== CentOS Stream 9 Kernel: Depends on container host Compiler: gcc 11.5.0 20240719 (Red Hat 11.5.0-2) Debian Bullseye Kernel: Depends on container host Compiler: gcc (Debian 10.2.1-6) 10.2.1 20210110 Debian 12 Kernel: Depends on container host Compiler: gcc (Debian 12.2.0-14) 12.2.0 Fedora 40 (Clang) Kernel: Depends on container host Compiler: clang 18.1.8 (Fedora 18.1.8-1.fc40) Fedora 41 (Clang) Kernel: Depends on container host Compiler: clang 19.1.5 (Fedora 19.1.5-1.fc41) Fedora 40 Kernel: Depends on container host Compiler: gcc 14.2.1 20240912 (Red Hat 14.2.1-3) Fedora 41 Kernel: Depends on container host Compiler: gcc 14.2.1 20240912 (Red Hat 14.2.1-3) RHEL8 Kernel: Depends on container host Compiler: gcc 8.5.0 20210514 (Red Hat 8.5.0-22) Ubuntu 22.04 Kernel: Depends on container host Compiler: gcc (Ubuntu 11.4.0-1ubuntu1~22.04) 11.4.0 openSUSE Leap 15 Kernel: Depends on container host Compiler: gcc (SUSE Linux) 7.5.0 Ubuntu 20.04 Kernel: Depends on container host Compiler: gcc (Ubuntu 9.4.0-1ubuntu1~20.04.2) 9.4.0 RHEL9 Kernel: Depends on container host Compiler: gcc 11.5.0 20240719 (Red Hat 11.5.0-2) Ubuntu 24.04 Kernel: Depends on container host Compiler: gcc (Ubuntu 13.3.0-6ubuntu2~24.04) 13.3.0 Alpine Kernel: Depends on container host Compiler: gcc (Alpine 14.2.0) 14.2.0 FreeBSD 13.4 Kernel: 13.4-RELEASE-p1 Compiler: clang 18.1.6 FreeBSD 14.2 Kernel: 14.2-RELEASE Compiler: clang 18.1.6 Windows Server 2022 Kernel: 10.0.20348.2031 Compiler: clang 15.0.7, gcc 14.1.0 (MinGW), and MSVC VS 19.39.33521 To view detailed results, visit: https://lab.dpdk.org/results/dashboard/patchsets/32437/ UNH-IOL DPDK Community Lab To manage your email subscriptions, visit: https://lab.dpdk.org/results/dashboard/preferences/subscriptions/