From mboxrd@z Thu Jan 1 00:00:00 1970 Return-Path: Received: from mails.dpdk.org (mails.dpdk.org [217.70.189.124]) by inbox.dpdk.org (Postfix) with ESMTP id DC830461A0 for ; Wed, 5 Feb 2025 18:18:58 +0100 (CET) Received: from mails.dpdk.org (localhost [127.0.0.1]) by mails.dpdk.org (Postfix) with ESMTP id D4F0040270; Wed, 5 Feb 2025 18:18:58 +0100 (CET) Received: from mail-pl1-f227.google.com (mail-pl1-f227.google.com [209.85.214.227]) by mails.dpdk.org (Postfix) with ESMTP id 8B2B940261 for ; Wed, 5 Feb 2025 18:18:57 +0100 (CET) Received: by mail-pl1-f227.google.com with SMTP id d9443c01a7336-21f200014f1so796225ad.2 for ; Wed, 05 Feb 2025 09:18:57 -0800 (PST) DKIM-Signature: v=1; a=rsa-sha256; c=relaxed/relaxed; d=iol.unh.edu; s=unh-iol; t=1738775937; x=1739380737; darn=dpdk.org; h=references:in-reply-to:cc:to:from:subject:message-id:date:from:to :cc:subject:date:message-id:reply-to; bh=jmkfEdQGa0YMWbkJxEXfPiCJg2pNCpdY/Kbl4XTljlY=; b=K/TYKk2K4DvXZRXwheg/zKWZm99Dtt35zBRoKqtmDs/o3B9CR/F4V+KCpKjm85hENI kOwCQoNKrnYjeVvov+iJAgSQdFW+cpQI9UruPt076VDv5lYmhOGIUN+veKNYoyQd5JjH 3rzstuL8JpXf1KLwiLOCDZZTe/nd3s57BPql8= X-Google-DKIM-Signature: v=1; a=rsa-sha256; c=relaxed/relaxed; d=1e100.net; s=20230601; t=1738775937; x=1739380737; h=references:in-reply-to:cc:to:from:subject:message-id:date :x-gm-message-state:from:to:cc:subject:date:message-id:reply-to; bh=jmkfEdQGa0YMWbkJxEXfPiCJg2pNCpdY/Kbl4XTljlY=; b=oqjglapm1W7HeEoGFHDyZOlSOfi9hExV+R2EQhP/6M9dt21IOTW3f6bCLSN1pzqoUv 9L0Z6AQuBWhGSRtlfI2MM2C1/eIkps855u6JE7Fp0UC4Lo47yjpZVmTjlKUSRjzZYG4/ 7rLUHX/079ySeai5MFeFSJJDvrnjHnSZsJutDCNA873gOfdxYbZ2qXX0CQpJr3Ed6zQr nsvz+DxCPmV+vNSDjeoXy/yWJ5vEUvSfziiBuYiypxq+4F6YOaQrWu8Sengt/K/6FqeD JPhPjB00jFvOo50lf0D5HnLT9wO/ESzGgTrrxaQ9jLaypV0czW6rU8/JvTUD812ci2ym a42Q== X-Gm-Message-State: AOJu0Yw7tGDTStJ20c+XenaqJgYzIYCwWmIFAIL5f1Hg2ERuwuujpLdu Dxo93O1eQm7cx2Sx4BeJyje9EIjcNxPWH8iE5xEQXMsOJh5hoPH53aqQ0kLwcrIlfVxjKRgn3/W nPemrE9DoZ/UuZukN6sR+k8qHF5TO7uLt+KgA3Yb4 X-Gm-Gg: ASbGnctIE6CTqymL1cJ19b4o2Kl1mJP5RIKNHtJ11UYZdpqbDyNraz9pJwkwhgTepWR 6tAcAcSejvfq96AruEchdYLYyTi0Ymh3CDDjZuGP+DngAYnDqcZgna5w816pqzowPokWlshEofG nLs2YnjFAQDpBkeNmwo+fzs2aWRPjrRdoDwpzb9UKecOZtK7XvIshbuqiZp6PTZcdgIzWhQUhK8 /tfIxS+5BtMO/7rHy6rl9ajQudTXBX1HxOxbNGkgR6ayScQyCUdouC9bFAwZxTpMdKVq5See4NG 0s46R4EMtI93kBmFQuf0ojKqSQfQSA== X-Google-Smtp-Source: AGHT+IFJ89RVa0MAQdy89NmgkFHvFDohoNTuI/3zJyiDveNeQmqoScjvrr0GwK0kxOgoPAhWvxbxEv6179tv X-Received: by 2002:a17:902:cf12:b0:215:8847:435c with SMTP id d9443c01a7336-21f17df09demr69138475ad.12.1738775935235; Wed, 05 Feb 2025 09:18:55 -0800 (PST) Received: from postal.iol.unh.edu (postal.iol.unh.edu. [132.177.123.84]) by smtp-relay.gmail.com with ESMTPS id d9443c01a7336-21de321aa62sm6827635ad.23.2025.02.05.09.18.55 (version=TLS1_2 cipher=ECDHE-ECDSA-AES128-GCM-SHA256 bits=128/128); Wed, 05 Feb 2025 09:18:55 -0800 (PST) X-Relaying-Domain: iol.unh.edu Date: Wed, 05 Feb 2025 09:18:55 -0800 (PST) Message-ID: <67a39d7f.170a0220.3a36c3.f4d5SMTPIN_ADDED_MISSING@mx.google.com> Received: from [172.21.0.11] (unknown [172.18.0.240]) by postal.iol.unh.edu (Postfix) with ESMTP id 49F5C6052471; Wed, 5 Feb 2025 12:18:54 -0500 (EST) Subject: |SUCCESS| pw150538 [PATCH] net/virtio: add virtio hash report featur From: dpdklab@iol.unh.edu To: Test Report Cc: dpdk-test-reports@iol.unh.edu In-Reply-To: <20250126193404.3431544-1-kshankar@marvell.com> References: <20250126193404.3431544-1-kshankar@marvell.com> Content-Type: text/plain X-BeenThere: test-report@dpdk.org X-Mailman-Version: 2.1.29 Precedence: list List-Id: automatic DPDK test reports List-Unsubscribe: , List-Archive: List-Post: List-Help: List-Subscribe: , Errors-To: test-report-bounces@dpdk.org Test-Label: iol-compile-amd64-testing Test-Status: SUCCESS http://dpdk.org/patch/150538 _Testing PASS_ Submitter: Kommula Shiva Shankar Date: Sunday, January 26 2025 19:34:04 DPDK git baseline: Repo:dpdk Branch: master CommitID:d92688baedcfc963b7539899347012a09c45a15b 150538 --> testing pass Test environment and result as below: +---------------------+--------------------+------------------+-------------------+-------------------+----------------------+-------------------------+ | Environment | dpdk_meson_compile | dpdk_compile_ovs | dpdk_compile_spdk | dpdk_msvc_compile | dpdk_mingw64_compile | dpdk_llvm_clang_compile | +=====================+====================+==================+===================+===================+======================+=========================+ | CentOS Stream 9 | PASS | PASS | PASS | SKIPPED | SKIPPED | SKIPPED | +---------------------+--------------------+------------------+-------------------+-------------------+----------------------+-------------------------+ | Debian 12 | PASS | PASS | PASS | SKIPPED | SKIPPED | SKIPPED | +---------------------+--------------------+------------------+-------------------+-------------------+----------------------+-------------------------+ | Fedora 40 (Clang) | PASS | PASS | PASS | SKIPPED | SKIPPED | SKIPPED | +---------------------+--------------------+------------------+-------------------+-------------------+----------------------+-------------------------+ | Debian Bullseye | PASS | PASS | PASS | SKIPPED | SKIPPED | SKIPPED | +---------------------+--------------------+------------------+-------------------+-------------------+----------------------+-------------------------+ | RHEL9 | PASS | PASS | SKIPPED | SKIPPED | SKIPPED | SKIPPED | +---------------------+--------------------+------------------+-------------------+-------------------+----------------------+-------------------------+ | RHEL8 | PASS | PASS | SKIPPED | SKIPPED | SKIPPED | SKIPPED | +---------------------+--------------------+------------------+-------------------+-------------------+----------------------+-------------------------+ | Fedora 40 | PASS | PASS | PASS | SKIPPED | SKIPPED | SKIPPED | +---------------------+--------------------+------------------+-------------------+-------------------+----------------------+-------------------------+ | Fedora 41 | PASS | PASS | PASS | SKIPPED | SKIPPED | SKIPPED | +---------------------+--------------------+------------------+-------------------+-------------------+----------------------+-------------------------+ | openSUSE Leap 15 | PASS | SKIPPED | SKIPPED | SKIPPED | SKIPPED | SKIPPED | +---------------------+--------------------+------------------+-------------------+-------------------+----------------------+-------------------------+ | Fedora 41 (Clang) | PASS | PASS | PASS | SKIPPED | SKIPPED | SKIPPED | +---------------------+--------------------+------------------+-------------------+-------------------+----------------------+-------------------------+ | Ubuntu 20.04 | PASS | SKIPPED | SKIPPED | SKIPPED | SKIPPED | SKIPPED | +---------------------+--------------------+------------------+-------------------+-------------------+----------------------+-------------------------+ | Ubuntu 24.04 | PASS | PASS | PASS | SKIPPED | SKIPPED | SKIPPED | +---------------------+--------------------+------------------+-------------------+-------------------+----------------------+-------------------------+ | Alpine | PASS | PASS | SKIPPED | SKIPPED | SKIPPED | SKIPPED | +---------------------+--------------------+------------------+-------------------+-------------------+----------------------+-------------------------+ | FreeBSD 13.4 | PASS | SKIPPED | SKIPPED | SKIPPED | SKIPPED | SKIPPED | +---------------------+--------------------+------------------+-------------------+-------------------+----------------------+-------------------------+ | Ubuntu 22.04 | PASS | PASS | PASS | SKIPPED | SKIPPED | SKIPPED | +---------------------+--------------------+------------------+-------------------+-------------------+----------------------+-------------------------+ | FreeBSD 14.2 | PASS | SKIPPED | SKIPPED | SKIPPED | SKIPPED | SKIPPED | +---------------------+--------------------+------------------+-------------------+-------------------+----------------------+-------------------------+ | Windows Server 2022 | SKIPPED | SKIPPED | SKIPPED | PASS | PASS | PASS | +---------------------+--------------------+------------------+-------------------+-------------------+----------------------+-------------------------+ CentOS Stream 9 Kernel: Depends on container host Compiler: gcc 11.5.0 20240719 (Red Hat 11.5.0-2) Debian 12 Kernel: Depends on container host Compiler: gcc (Debian 12.2.0-14) 12.2.0 Fedora 40 (Clang) Kernel: Depends on container host Compiler: clang 18.1.8 (Fedora 18.1.8-1.fc40) Debian Bullseye Kernel: Depends on container host Compiler: gcc (Debian 10.2.1-6) 10.2.1 20210110 RHEL9 Kernel: Depends on container host Compiler: gcc 11.5.0 20240719 (Red Hat 11.5.0-2) RHEL8 Kernel: Depends on container host Compiler: gcc 8.5.0 20210514 (Red Hat 8.5.0-22) Fedora 40 Kernel: Depends on container host Compiler: gcc 14.2.1 20240912 (Red Hat 14.2.1-3) Fedora 41 Kernel: Depends on container host Compiler: gcc 14.2.1 20240912 (Red Hat 14.2.1-3) openSUSE Leap 15 Kernel: Depends on container host Compiler: gcc (SUSE Linux) 7.5.0 Fedora 41 (Clang) Kernel: Depends on container host Compiler: clang 19.1.5 (Fedora 19.1.5-1.fc41) Ubuntu 20.04 Kernel: Depends on container host Compiler: gcc (Ubuntu 9.4.0-1ubuntu1~20.04.2) 9.4.0 Ubuntu 24.04 Kernel: Depends on container host Compiler: gcc (Ubuntu 13.3.0-6ubuntu2~24.04) 13.3.0 Alpine Kernel: Depends on container host Compiler: gcc (Alpine 14.2.0) 14.2.0 FreeBSD 13.4 Kernel: 13.4-RELEASE-p1 Compiler: clang 18.1.6 Ubuntu 22.04 Kernel: Depends on container host Compiler: gcc (Ubuntu 11.4.0-1ubuntu1~22.04) 11.4.0 FreeBSD 14.2 Kernel: 14.2-RELEASE Compiler: clang 18.1.6 Windows Server 2022 Kernel: 10.0.20348.2031 Compiler: clang 15.0.7, gcc 14.1.0 (MinGW), and MSVC VS 19.39.33521 To view detailed results, visit: https://lab.dpdk.org/results/dashboard/patchsets/32428/ UNH-IOL DPDK Community Lab To manage your email subscriptions, visit: https://lab.dpdk.org/results/dashboard/preferences/subscriptions/