From mboxrd@z Thu Jan 1 00:00:00 1970 Return-Path: Received: from mails.dpdk.org (mails.dpdk.org [217.70.189.124]) by inbox.dpdk.org (Postfix) with ESMTP id 618FE461A0 for ; Wed, 5 Feb 2025 18:23:57 +0100 (CET) Received: from mails.dpdk.org (localhost [127.0.0.1]) by mails.dpdk.org (Postfix) with ESMTP id 5E9BF402E6; Wed, 5 Feb 2025 18:23:57 +0100 (CET) Received: from mail-qv1-f97.google.com (mail-qv1-f97.google.com [209.85.219.97]) by mails.dpdk.org (Postfix) with ESMTP id 70915402E4 for ; Wed, 5 Feb 2025 18:23:56 +0100 (CET) Received: by mail-qv1-f97.google.com with SMTP id 6a1803df08f44-6e436c59113so156606d6.3 for ; Wed, 05 Feb 2025 09:23:56 -0800 (PST) DKIM-Signature: v=1; a=rsa-sha256; c=relaxed/relaxed; d=iol.unh.edu; s=unh-iol; t=1738776236; x=1739381036; darn=dpdk.org; h=references:in-reply-to:cc:to:from:subject:message-id:date:from:to :cc:subject:date:message-id:reply-to; bh=aIQ0p33oC1LnQR5bNsQ1jbPLE0uq0TxNMkzkqT5UtmE=; b=FPEhe/pGEYTqVAqjtpNOMB0vUFajPPVZNAsf3U+zef2ou0I1UXPsouws5LV1ZOVigy kgRhoWzv8Qs/ZA7v+ZYGFEeUBMFk4J1Ai8TgaPEFOhRtUyqWCdSxIWmVIgXXUGrovp4o Fw9oKdY3egCr0+zmeJRmIRh4lXgt+u4XiqIFg= X-Google-DKIM-Signature: v=1; a=rsa-sha256; c=relaxed/relaxed; d=1e100.net; s=20230601; t=1738776236; x=1739381036; h=references:in-reply-to:cc:to:from:subject:message-id:date :x-gm-message-state:from:to:cc:subject:date:message-id:reply-to; bh=aIQ0p33oC1LnQR5bNsQ1jbPLE0uq0TxNMkzkqT5UtmE=; b=Bo7qGepv68QN9l0TNHpIe2iV+3ZS8jDNT0M5LQqm7uXzmNLu2RXFPnpQcc5dsi4Mn/ D7Zegh0t3jolRG252BSIVq/j8A60q19N0pbiKNCLGKSxFBt8TqQEXvL4lBetZG6qoyXq vSlHOLhVUvavardaxaP3qurYYjGga5TwEAlXSZosWw/fWCWVCsMIygXcfpIRuITpe+FC KafY0UHj4LYQIpjajxJTe3Me0qsYAj9jAHDLRA3gyY3IIoGpbxpGJtOtVgx+xGHDcQxV dBNnk+dct+3JXSQOLQo0bEabW+zaSsA7Ce09lPSpqKsfg0ZuaUFgJ4IZvfkcD2w+j9Vr z1Yw== X-Gm-Message-State: AOJu0YwKPr0FOIHa2+cO2hqSCx4czNPSI4utpurmXlBXrch8jraU+Eur TNYWkjYuo9Du1K8UxtyiFBsjprT3XkGKI+NU/DFnr7fT25u3bf7LPGF5IpQrsinL6FssMP9hLy7 A4JqTinYYT14qRjGpsHDajqMXUddRp5GGGQ1CoqDt X-Gm-Gg: ASbGncuGmP/gq2tXctk4eauUc+tCsGSOHb0y9x4x3wUFnKj6XF81SmZKCR9XLC0LwLz QVoksOqnEpmGAqyKQDIgRRJi7jmNamK4LE0jiIYVJVvfZUxujhkL+Qvm1KWaK+RWAqJ9yPKkc32 9CiN8SrVnp0NctFTTwQhV67B8n4thxUFl8uQ0itlSVs8zQUNq81N9aaQplIvU5IuqHtWu7SNFkX a+SdgSnQogH01vh5Jd/ZKXdy6Up9TvWokihHooMEuxWrgKCe7u0/4QrFr2wWEVJksPpGLsCUw0O poHZFAvVJ7wBXiDVoblnzaD4dJz6hw== X-Google-Smtp-Source: AGHT+IHTwOfbvwUJFOnjkIOE9Ji314mfOum2HDjb3qzmzWnU+MsLnZVojF7SWapmMedFezz6kNoJ5o4a8mM9 X-Received: by 2002:a05:6214:e6a:b0:6cb:edd7:ac32 with SMTP id 6a1803df08f44-6e42fb3c2admr38975266d6.12.1738776235876; Wed, 05 Feb 2025 09:23:55 -0800 (PST) Received: from postal.iol.unh.edu (postal.iol.unh.edu. [132.177.123.84]) by smtp-relay.gmail.com with ESMTPS id 6a1803df08f44-6e254830a26sm10266926d6.39.2025.02.05.09.23.55 (version=TLS1_2 cipher=ECDHE-ECDSA-AES128-GCM-SHA256 bits=128/128); Wed, 05 Feb 2025 09:23:55 -0800 (PST) X-Relaying-Domain: iol.unh.edu Date: Wed, 05 Feb 2025 09:23:55 -0800 (PST) Message-ID: <67a39eab.050a0220.3b25b.fe69SMTPIN_ADDED_MISSING@mx.google.com> Received: from [172.21.0.5] (unknown [172.18.0.240]) by postal.iol.unh.edu (Postfix) with ESMTP id 959446052471; Wed, 5 Feb 2025 12:23:55 -0500 (EST) Subject: |FAILURE| pw150165-150179 [PATCH] [v2,15/15] net/ngbe: add some ops From: dpdklab@iol.unh.edu To: Test Report Cc: dpdk-test-reports@iol.unh.edu, Zaiyu Wang In-Reply-To: <20250117104115.16528-16-zaiyuwang@trustnetic.com> References: <20250117104115.16528-16-zaiyuwang@trustnetic.com> Content-Type: text/plain X-BeenThere: test-report@dpdk.org X-Mailman-Version: 2.1.29 Precedence: list List-Id: automatic DPDK test reports List-Unsubscribe: , List-Archive: List-Post: List-Help: List-Subscribe: , Errors-To: test-report-bounces@dpdk.org Test-Label: iol-compile-amd64-testing Test-Status: FAILURE http://dpdk.org/patch/150179 _Testing issues_ Submitter: Zaiyu Wang Date: Friday, January 17 2025 10:41:14 DPDK git baseline: Repo:dpdk Branch: master CommitID:34ea86164bf17a431ec5ef78d7e51e2e9b3fd75e 150165-150179 --> testing issues Test environment and result as below: +---------------------+--------------------+------------------+-------------------+-------------------+-------------------------+----------------------+ | Environment | dpdk_meson_compile | dpdk_compile_ovs | dpdk_compile_spdk | dpdk_msvc_compile | dpdk_llvm_clang_compile | dpdk_mingw64_compile | +=====================+====================+==================+===================+===================+=========================+======================+ | CentOS Stream 9 | PASS | PASS | PASS | SKIPPED | SKIPPED | SKIPPED | +---------------------+--------------------+------------------+-------------------+-------------------+-------------------------+----------------------+ | Debian Bullseye | PASS | PASS | PASS | SKIPPED | SKIPPED | SKIPPED | +---------------------+--------------------+------------------+-------------------+-------------------+-------------------------+----------------------+ | Debian 12 | PASS | PASS | PASS | SKIPPED | SKIPPED | SKIPPED | +---------------------+--------------------+------------------+-------------------+-------------------+-------------------------+----------------------+ | Fedora 40 (Clang) | FAIL | WARN | WARN | SKIPPED | SKIPPED | SKIPPED | +---------------------+--------------------+------------------+-------------------+-------------------+-------------------------+----------------------+ | Fedora 40 | PASS | PASS | PASS | SKIPPED | SKIPPED | SKIPPED | +---------------------+--------------------+------------------+-------------------+-------------------+-------------------------+----------------------+ | Fedora 41 (Clang) | FAIL | WARN | WARN | SKIPPED | SKIPPED | SKIPPED | +---------------------+--------------------+------------------+-------------------+-------------------+-------------------------+----------------------+ | openSUSE Leap 15 | PASS | SKIPPED | SKIPPED | SKIPPED | SKIPPED | SKIPPED | +---------------------+--------------------+------------------+-------------------+-------------------+-------------------------+----------------------+ | Fedora 41 | PASS | PASS | PASS | SKIPPED | SKIPPED | SKIPPED | +---------------------+--------------------+------------------+-------------------+-------------------+-------------------------+----------------------+ | Ubuntu 20.04 | PASS | SKIPPED | SKIPPED | SKIPPED | SKIPPED | SKIPPED | +---------------------+--------------------+------------------+-------------------+-------------------+-------------------------+----------------------+ | RHEL9 | PASS | PASS | SKIPPED | SKIPPED | SKIPPED | SKIPPED | +---------------------+--------------------+------------------+-------------------+-------------------+-------------------------+----------------------+ | RHEL8 | PASS | PASS | SKIPPED | SKIPPED | SKIPPED | SKIPPED | +---------------------+--------------------+------------------+-------------------+-------------------+-------------------------+----------------------+ | Ubuntu 22.04 | PASS | PASS | PASS | SKIPPED | SKIPPED | SKIPPED | +---------------------+--------------------+------------------+-------------------+-------------------+-------------------------+----------------------+ | Ubuntu 24.04 | PASS | PASS | PASS | SKIPPED | SKIPPED | SKIPPED | +---------------------+--------------------+------------------+-------------------+-------------------+-------------------------+----------------------+ | Alpine | PASS | PASS | SKIPPED | SKIPPED | SKIPPED | SKIPPED | +---------------------+--------------------+------------------+-------------------+-------------------+-------------------------+----------------------+ | FreeBSD 13.4 | FAIL | SKIPPED | SKIPPED | SKIPPED | SKIPPED | SKIPPED | +---------------------+--------------------+------------------+-------------------+-------------------+-------------------------+----------------------+ | FreeBSD 14.2 | FAIL | SKIPPED | SKIPPED | SKIPPED | SKIPPED | SKIPPED | +---------------------+--------------------+------------------+-------------------+-------------------+-------------------------+----------------------+ | Windows Server 2022 | SKIPPED | SKIPPED | SKIPPED | PASS | PASS | PASS | +---------------------+--------------------+------------------+-------------------+-------------------+-------------------------+----------------------+ ==== 20 line log output for FreeBSD 14.2 (dpdk_meson_compile): ==== [1247/1935] Linking static target drivers/librte_net_ixgbe.a [1248/1935] Compiling C object drivers/net/ngbe/base/libngbe_base.a.p/ngbe_phy_mvl.c.o [1249/1935] Compiling C object drivers/net/ngbe/base/libngbe_base.a.p/ngbe_vf.c.o [1250/1935] Linking static target drivers/net/ngbe/base/libngbe_base.a [1251/1935] Compiling C object drivers/libtmp_rte_net_ngbe.a.p/net_ngbe_ngbe_ptypes.c.o [1252/1935] Compiling C object drivers/libtmp_rte_net_ngbe.a.p/net_ngbe_ngbe_pf.c.o [1253/1935] Compiling C object drivers/libtmp_rte_net_ngbe.a.p/net_ngbe_ngbe_ethdev.c.o [1254/1935] Compiling C object drivers/libtmp_rte_net_ngbe.a.p/net_ngbe_ngbe_ethdev_vf.c.o FAILED: drivers/libtmp_rte_net_ngbe.a.p/net_ngbe_ngbe_ethdev_vf.c.o cc -Idrivers/libtmp_rte_net_ngbe.a.p -Idrivers -I../drivers -Idrivers/net/ngbe -I../drivers/net/ngbe -Idrivers/net/ngbe/base -I../drivers/net/ngbe/base -Ilib/ethdev -I../lib/ethdev -I. -I.. -Iconfig -I../config -Ilib/eal/include -I../lib/eal/include -Ilib/eal/freebsd/include -I../lib/eal/freebsd/include -Ilib/eal/x86/include -I../lib/eal/x86/include -Ilib/eal/common -I../lib/eal/common -Ilib/eal -I../lib/eal -Ilib/kvargs -I../lib/kvargs -Ilib/log -I../lib/log -Ilib/metrics -I../lib/metrics -Ilib/telemetry -I../lib/telemetry -Ilib/net -I../lib/net -Ilib/mbuf -I../lib/mbuf -Ilib/mempool -I../lib/mempool -Ilib/ring -I../lib/ring -Ilib/meter -I../lib/meter -Idrivers/bus/pci -I../drivers/bus/pci -I../drivers/bus/pci/bsd -Ilib/pci -I../lib/pci -Idrivers/bus/vdev -I../drivers/bus/vdev -Ilib/hash -I../lib/hash -Ilib/rcu -I../lib/rcu -fdiagnostics-color=always -D_FILE_OFFSET_BITS=64 -Wall -Winvalid-pch -Wextra -Werror -std=c11 -O3 -include rte_config.h -Wcast-qual -Wdeprecated -Wformat -Wform at-nonliteral -Wformat-security -Wmissing-declarations -Wmissing-prototypes -Wnested-externs -Wold-style-definition -Wpointer-arith -Wsign-compare -Wstrict-prototypes -Wundef -Wwrite-strings -Wno-missing-field-initializers -D_GNU_SOURCE -D__BSD_VISIBLE -fPIC -march=native -mrtm -DALLOW_EXPERIMENTAL_API -DALLOW_INTERNAL_API -Wno-format-truncation -Wno-address-of-packed-member -DRTE_LOG_DEFAULT_LOGTYPE=pmd.net.ngbe -DRTE_ANNOTATE_LOCKS -Wthread-safety -MD -MQ drivers/libtmp_rte_net_ngbe.a.p/net_ngbe_ngbe_ethdev_vf.c.o -MF drivers/libtmp_rte_net_ngbe.a.p/net_ngbe_ngbe_ethdev_vf.c.o.d -o drivers/libtmp_rte_net_ngbe.a.p/net_ngbe_ngbe_ethdev_vf.c.o -c ../drivers/net/ngbe/ngbe_ethdev_vf.c ../drivers/net/ngbe/ngbe_ethdev_vf.c:1264:11: error: variable 'eicr' set but not used [-Werror,-Wunused-but-set-variable] 1264 | uint32_t eicr; | ^ 1 error generated. [1255/1935] Compiling C object drivers/libtmp_rte_net_ngbe.a.p/net_ngbe_ngbe_rxtx_vec_sse.c.o [1256/1935] Generating drivers/rte_net_ixgbe.sym_chk with a custom command (wrapped by meson to capture output) [1257/1935] Compiling C object drivers/libtmp_rte_net_null.a.p/net_null_rte_eth_null.c.o [1258/1935] Compiling C object drivers/libtmp_rte_net_ngbe.a.p/net_ngbe_ngbe_rxtx.c.o [1259/1935] Generating drivers/rte_common_sfc_efx.sym_chk with a custom command (wrapped by meson to capture output) ninja: build stopped: subcommand failed. ==== End log output ==== CentOS Stream 9 Kernel: Depends on container host Compiler: gcc 11.5.0 20240719 (Red Hat 11.5.0-2) Debian Bullseye Kernel: Depends on container host Compiler: gcc (Debian 10.2.1-6) 10.2.1 20210110 Debian 12 Kernel: Depends on container host Compiler: gcc (Debian 12.2.0-14) 12.2.0 Fedora 40 (Clang) Kernel: Depends on container host Compiler: clang 18.1.8 (Fedora 18.1.8-1.fc40) Fedora 40 Kernel: Depends on container host Compiler: gcc 14.2.1 20240912 (Red Hat 14.2.1-3) Fedora 41 (Clang) Kernel: Depends on container host Compiler: clang 19.1.5 (Fedora 19.1.5-1.fc41) openSUSE Leap 15 Kernel: Depends on container host Compiler: gcc (SUSE Linux) 7.5.0 Fedora 41 Kernel: Depends on container host Compiler: gcc 14.2.1 20240912 (Red Hat 14.2.1-3) Ubuntu 20.04 Kernel: Depends on container host Compiler: gcc (Ubuntu 9.4.0-1ubuntu1~20.04.2) 9.4.0 RHEL9 Kernel: Depends on container host Compiler: gcc 11.5.0 20240719 (Red Hat 11.5.0-2) RHEL8 Kernel: Depends on container host Compiler: gcc 8.5.0 20210514 (Red Hat 8.5.0-22) Ubuntu 22.04 Kernel: Depends on container host Compiler: gcc (Ubuntu 11.4.0-1ubuntu1~22.04) 11.4.0 Ubuntu 24.04 Kernel: Depends on container host Compiler: gcc (Ubuntu 13.3.0-6ubuntu2~24.04) 13.3.0 Alpine Kernel: Depends on container host Compiler: gcc (Alpine 14.2.0) 14.2.0 FreeBSD 13.4 Kernel: 13.4-RELEASE-p1 Compiler: clang 18.1.6 FreeBSD 14.2 Kernel: 14.2-RELEASE Compiler: clang 18.1.6 Windows Server 2022 Kernel: 10.0.20348.2031 Compiler: clang 15.0.7, gcc 14.1.0 (MinGW), and MSVC VS 19.39.33521 To view detailed results, visit: https://lab.dpdk.org/results/dashboard/patchsets/32355/ UNH-IOL DPDK Community Lab To manage your email subscriptions, visit: https://lab.dpdk.org/results/dashboard/preferences/subscriptions/