From mboxrd@z Thu Jan 1 00:00:00 1970 Return-Path: Received: from mails.dpdk.org (mails.dpdk.org [217.70.189.124]) by inbox.dpdk.org (Postfix) with ESMTP id C116B461A0 for ; Wed, 5 Feb 2025 18:26:08 +0100 (CET) Received: from mails.dpdk.org (localhost [127.0.0.1]) by mails.dpdk.org (Postfix) with ESMTP id BD87A402E6; Wed, 5 Feb 2025 18:26:08 +0100 (CET) Received: from mail-pj1-f98.google.com (mail-pj1-f98.google.com [209.85.216.98]) by mails.dpdk.org (Postfix) with ESMTP id B33BD402E4 for ; Wed, 5 Feb 2025 18:26:06 +0100 (CET) Received: by mail-pj1-f98.google.com with SMTP id 98e67ed59e1d1-2f9ef7a3c3cso1060816a91.1 for ; Wed, 05 Feb 2025 09:26:06 -0800 (PST) DKIM-Signature: v=1; a=rsa-sha256; c=relaxed/relaxed; d=iol.unh.edu; s=unh-iol; t=1738776366; x=1739381166; darn=dpdk.org; h=references:in-reply-to:cc:to:from:subject:message-id:date:from:to :cc:subject:date:message-id:reply-to; bh=jQqZKXPE2zUUgYsbMGRasoFV6L0CS38LCeBtxGwuYfU=; b=VFodPtHcVGRtxFPDKr5Zb2/N4RMbp+rdPej1y89Pn7Hy6lQ1VPOE5vu/P67V898JCg Sb5EVAubdex/qSiMTuE72Gpsp5F2f0y18yTZEQRqJnKwxjnvLdpIAsI+17ugLNh05p+U kKomvU44lsRVszDMvkGhMCHX7u5l2GSt15CjE= X-Google-DKIM-Signature: v=1; a=rsa-sha256; c=relaxed/relaxed; d=1e100.net; s=20230601; t=1738776366; x=1739381166; h=references:in-reply-to:cc:to:from:subject:message-id:date :x-gm-message-state:from:to:cc:subject:date:message-id:reply-to; bh=jQqZKXPE2zUUgYsbMGRasoFV6L0CS38LCeBtxGwuYfU=; b=fEQXB8ChzkMmOtV/mzFatwasjpxhOt8uLLsBMBzzevXeJ+yGAsF/gUxKRilGPXn4b6 yDFc3EmPHGdUDhju0GVIswAQCxT53XYgSK0CiYGKitxuf+pi6r/gxSP5CI6R6bM6lEuc udi0CA2b37lEhFy3O/k1utEe1xyv9ih5zAM8ct6JPr8sCGMeN2y7ghvwMPAWXTtdhF7j H6i6E+QdueU/qIaQcg+r7oXGowg5HzVEhxjgu2dmemhkeJdRSVwoUlYG6aZIcQNPVEMF R3bHCMXPT2VIfrN6mqH1K/ouxi7zTRL96w2plxmt+9TvVM6TNb18BvR8MultSLt5d819 DiMA== X-Gm-Message-State: AOJu0YzCSw3wyIDovajUZv6yh6ZiW+3XGYD0RtEMPqJ34mg+rOsdoL5G xkgLX3YCwDq/GLyraRIqf9C3sGvS1TTx2cT5LZbB4JlIE39AKjAO0PO4ErFY6qozL29+BE/rN0J Mr1vKZ/TGqu4sH58GHdkziKE36FOkYy2RWVvmQyaE X-Gm-Gg: ASbGncs6NnRhNQPlg4vxQ0IK0WrgW0omvVdc8a4HAgs6xrDZaTEoMOxKJzFNabIbPy8 rJAf38ynuV6uPmCWPHgJ8n2xm1qECLIixczRe7bsMudVbXRH0dbIzdJGZX+YIJA6W2mCbB8T+rp /h1DYw49hVMaGCe78XLbOoigidKmpCWHWSZsWNOnWAqt0loZ+b/Iu0KegtQVEQtecGqtAjkpv9M b/a5RcTT/z5ZtXbKyib4B3jOj2YNBL1yECtamIQDAQr6H0e97TOa1TW20KKwlvfcawxbRrDKzzm sQso0ioVoeWjMYWuHcuW0VrTKTXndQ== X-Google-Smtp-Source: AGHT+IHTV9X7G0BmBBQZ722HiewhPyL1HcR3x42RZBZmLTAnRsbZhVE9C/U1AGbKcBfozfRa9rD1hyjBTjuT X-Received: by 2002:a17:90a:d44d:b0:2ee:8253:9a9f with SMTP id 98e67ed59e1d1-2f9ffb38478mr192890a91.11.1738776365809; Wed, 05 Feb 2025 09:26:05 -0800 (PST) Received: from postal.iol.unh.edu (postal.iol.unh.edu. [132.177.123.84]) by smtp-relay.gmail.com with ESMTPS id d9443c01a7336-21de3325790sm6659555ad.89.2025.02.05.09.26.05 (version=TLS1_2 cipher=ECDHE-ECDSA-AES128-GCM-SHA256 bits=128/128); Wed, 05 Feb 2025 09:26:05 -0800 (PST) X-Relaying-Domain: iol.unh.edu Date: Wed, 05 Feb 2025 09:26:05 -0800 (PST) Message-ID: <67a39f2d.170a0220.9c2c6.d789SMTPIN_ADDED_MISSING@mx.google.com> Received: from [172.17.0.4] (unknown [172.18.0.213]) by postal.iol.unh.edu (Postfix) with ESMTP id EA21B6052471; Wed, 5 Feb 2025 12:26:04 -0500 (EST) Subject: |WARNING| pw150197 [PATCH] test: improve resiliency of malloc autote From: dpdklab@iol.unh.edu To: Test Report Cc: dpdk-test-reports@iol.unh.edu In-Reply-To: <20250117125912.985475-1-bruce.richardson@intel.com> References: <20250117125912.985475-1-bruce.richardson@intel.com> Content-Type: text/plain X-BeenThere: test-report@dpdk.org X-Mailman-Version: 2.1.29 Precedence: list List-Id: automatic DPDK test reports List-Unsubscribe: , List-Archive: List-Post: List-Help: List-Subscribe: , Errors-To: test-report-bounces@dpdk.org Test-Label: iol-compile-amd64-testing Test-Status: WARNING http://dpdk.org/patch/150197 _Testing issues_ Submitter: Bruce Richardson Date: Friday, January 17 2025 12:59:12 DPDK git baseline: Repo:dpdk Branch: master CommitID:06e2856620a70000b2a28f0ea715fc247b85fd8d 150197 --> testing issues Test environment and result as below: +---------------------+--------------------+------------------+-------------------+-------------------+-------------------------+----------------------+ | Environment | dpdk_meson_compile | dpdk_compile_ovs | dpdk_compile_spdk | dpdk_msvc_compile | dpdk_llvm_clang_compile | dpdk_mingw64_compile | +=====================+====================+==================+===================+===================+=========================+======================+ | Debian Bullseye | PASS | PASS | PASS | SKIPPED | SKIPPED | SKIPPED | +---------------------+--------------------+------------------+-------------------+-------------------+-------------------------+----------------------+ | CentOS Stream 9 | PASS | PASS | PASS | SKIPPED | SKIPPED | SKIPPED | +---------------------+--------------------+------------------+-------------------+-------------------+-------------------------+----------------------+ | Fedora 41 (Clang) | PASS | PASS | PASS | SKIPPED | SKIPPED | SKIPPED | +---------------------+--------------------+------------------+-------------------+-------------------+-------------------------+----------------------+ | Debian 12 | PASS | PASS | PASS | SKIPPED | SKIPPED | SKIPPED | +---------------------+--------------------+------------------+-------------------+-------------------+-------------------------+----------------------+ | openSUSE Leap 15 | PASS | SKIPPED | SKIPPED | SKIPPED | SKIPPED | SKIPPED | +---------------------+--------------------+------------------+-------------------+-------------------+-------------------------+----------------------+ | Fedora 40 | PASS | PASS | PASS | SKIPPED | SKIPPED | SKIPPED | +---------------------+--------------------+------------------+-------------------+-------------------+-------------------------+----------------------+ | Fedora 41 | PASS | PASS | PASS | SKIPPED | SKIPPED | SKIPPED | +---------------------+--------------------+------------------+-------------------+-------------------+-------------------------+----------------------+ | RHEL8 | PASS | PASS | SKIPPED | SKIPPED | SKIPPED | SKIPPED | +---------------------+--------------------+------------------+-------------------+-------------------+-------------------------+----------------------+ | RHEL9 | PASS | PASS | SKIPPED | SKIPPED | SKIPPED | SKIPPED | +---------------------+--------------------+------------------+-------------------+-------------------+-------------------------+----------------------+ | Ubuntu 22.04 | PASS | PASS | PASS | SKIPPED | SKIPPED | SKIPPED | +---------------------+--------------------+------------------+-------------------+-------------------+-------------------------+----------------------+ | Ubuntu 20.04 | PASS | SKIPPED | SKIPPED | SKIPPED | SKIPPED | SKIPPED | +---------------------+--------------------+------------------+-------------------+-------------------+-------------------------+----------------------+ | Ubuntu 24.04 | PASS | PASS | PASS | SKIPPED | SKIPPED | SKIPPED | +---------------------+--------------------+------------------+-------------------+-------------------+-------------------------+----------------------+ | Alpine | PASS | PASS | SKIPPED | SKIPPED | SKIPPED | SKIPPED | +---------------------+--------------------+------------------+-------------------+-------------------+-------------------------+----------------------+ | FreeBSD 13.4 | PASS | SKIPPED | SKIPPED | SKIPPED | SKIPPED | SKIPPED | +---------------------+--------------------+------------------+-------------------+-------------------+-------------------------+----------------------+ | FreeBSD 14.2 | PASS | SKIPPED | SKIPPED | SKIPPED | SKIPPED | SKIPPED | +---------------------+--------------------+------------------+-------------------+-------------------+-------------------------+----------------------+ | Fedora 40 (Clang) | PASS | PASS | PASS | SKIPPED | SKIPPED | SKIPPED | +---------------------+--------------------+------------------+-------------------+-------------------+-------------------------+----------------------+ | Windows Server 2022 | SKIPPED | SKIPPED | SKIPPED | PASS | FAIL | FAIL | +---------------------+--------------------+------------------+-------------------+-------------------+-------------------------+----------------------+ ==== 20 line log output for Windows Server 2022 (dpdk_mingw64_compile): ==== | RTE_MAP_ANONYMOUS ../app/test/test_malloc.c:285:23: error: 'MAP_FAILED' undeclared (first use in this function); did you mean 'WAIT_FAILED'? 285 | if (memory == MAP_FAILED) { | ^~~~~~~~~~ | WAIT_FAILED ../app/test/test_malloc.c:401:9: error: implicit declaration of function 'munmap' [-Wimplicit-function-declaration] 401 | munmap(memory, heap_size); | ^~~~~~ ../app/test/test_malloc.c:401:9: error: nested extern declaration of 'munmap' [-Werror=nested-externs] cc1.exe: all warnings being treated as errors [778/800] Linking target drivers/librte_dma_idxd-25.dll [779/800] Linking static target drivers/net/i40e/base/libi40e_base.a [780/800] Linking target drivers/librte_dma_skeleton-25.dll [781/800] Linking static target drivers/net/iavf/libiavf_avx2_lib.a [782/800] Linking target drivers/librte_net_e1000-25.dll [783/800] Linking static target drivers/net/iavf/libiavf_avx512_lib.a [784/800] Linking static target drivers/net/ice/base/libice_base.a [785/800] Linking target drivers/librte_net_i40e-25.dll [786/800] Linking target drivers/librte_net_iavf-25.dll ninja: build stopped: subcommand failed. ==== End log output ==== Debian Bullseye Kernel: Depends on container host Compiler: gcc (Debian 10.2.1-6) 10.2.1 20210110 CentOS Stream 9 Kernel: Depends on container host Compiler: gcc 11.5.0 20240719 (Red Hat 11.5.0-2) Fedora 41 (Clang) Kernel: Depends on container host Compiler: clang 19.1.5 (Fedora 19.1.5-1.fc41) Debian 12 Kernel: Depends on container host Compiler: gcc (Debian 12.2.0-14) 12.2.0 openSUSE Leap 15 Kernel: Depends on container host Compiler: gcc (SUSE Linux) 7.5.0 Fedora 40 Kernel: Depends on container host Compiler: gcc 14.2.1 20240912 (Red Hat 14.2.1-3) Fedora 41 Kernel: Depends on container host Compiler: gcc 14.2.1 20240912 (Red Hat 14.2.1-3) RHEL8 Kernel: Depends on container host Compiler: gcc 8.5.0 20210514 (Red Hat 8.5.0-22) RHEL9 Kernel: Depends on container host Compiler: gcc 11.5.0 20240719 (Red Hat 11.5.0-2) Ubuntu 22.04 Kernel: Depends on container host Compiler: gcc (Ubuntu 11.4.0-1ubuntu1~22.04) 11.4.0 Ubuntu 20.04 Kernel: Depends on container host Compiler: gcc (Ubuntu 9.4.0-1ubuntu1~20.04.2) 9.4.0 Ubuntu 24.04 Kernel: Depends on container host Compiler: gcc (Ubuntu 13.3.0-6ubuntu2~24.04) 13.3.0 Alpine Kernel: Depends on container host Compiler: gcc (Alpine 14.2.0) 14.2.0 FreeBSD 13.4 Kernel: 13.4-RELEASE-p1 Compiler: clang 18.1.6 FreeBSD 14.2 Kernel: 14.2-RELEASE Compiler: clang 18.1.6 Fedora 40 (Clang) Kernel: Depends on container host Compiler: clang 18.1.8 (Fedora 18.1.8-1.fc40) Windows Server 2022 Kernel: 10.0.20348.2031 Compiler: clang 15.0.7, gcc 14.1.0 (MinGW), and MSVC VS 19.39.33521 To view detailed results, visit: https://lab.dpdk.org/results/dashboard/patchsets/32358/ UNH-IOL DPDK Community Lab To manage your email subscriptions, visit: https://lab.dpdk.org/results/dashboard/preferences/subscriptions/