From mboxrd@z Thu Jan 1 00:00:00 1970 Return-Path: Received: from mails.dpdk.org (mails.dpdk.org [217.70.189.124]) by inbox.dpdk.org (Postfix) with ESMTP id 99ED3461A0 for ; Wed, 5 Feb 2025 18:32:21 +0100 (CET) Received: from mails.dpdk.org (localhost [127.0.0.1]) by mails.dpdk.org (Postfix) with ESMTP id 96F7F40649; Wed, 5 Feb 2025 18:32:21 +0100 (CET) Received: from mail-pj1-f97.google.com (mail-pj1-f97.google.com [209.85.216.97]) by mails.dpdk.org (Postfix) with ESMTP id AA1F4402EF for ; Wed, 5 Feb 2025 18:32:18 +0100 (CET) Received: by mail-pj1-f97.google.com with SMTP id 98e67ed59e1d1-2f9d5e0e365so2706108a91.2 for ; Wed, 05 Feb 2025 09:32:18 -0800 (PST) DKIM-Signature: v=1; a=rsa-sha256; c=relaxed/relaxed; d=iol.unh.edu; s=unh-iol; t=1738776738; x=1739381538; darn=dpdk.org; h=references:in-reply-to:cc:to:from:subject:message-id:date:from:to :cc:subject:date:message-id:reply-to; bh=jSt/jUfUKQxfGNTaHKly26qXIN9rJ/qbkUqXtBWRVYE=; b=HM4iji69WJF5uJwxw/0aLgJ2ADEacC5KO2mL7F5TytOify5qjn4r632uuvUiAFaeLx PttlM+ccAoYM8u4omiGTOm4GzpyaWGJ631PzihHQhXnYe1lt5l0wlc8cqU4IHibWMt/W yIAh7hf1zVCUZVY1SnNkW9PrCkawl3qiQnZT0= X-Google-DKIM-Signature: v=1; a=rsa-sha256; c=relaxed/relaxed; d=1e100.net; s=20230601; t=1738776738; x=1739381538; h=references:in-reply-to:cc:to:from:subject:message-id:date :x-gm-message-state:from:to:cc:subject:date:message-id:reply-to; bh=jSt/jUfUKQxfGNTaHKly26qXIN9rJ/qbkUqXtBWRVYE=; b=fzMX9SyiiaMNRobE4mdNZ6SCdaDVYa/P0jyMPW2l6JZU3wkzuivmiXPljBf8dtumRI 7SML04p7CcDA/mfvC0EMxy0jSptlSQldh/UVGARrT46cp1R2butK05vJQtFYYM9IXqOc f0vp8qCn+z/VOVa8ZJuV7z2BYM/sDOU13OXUKGI1JeBTLspQQrYfNDqqYvcpwTOx2GkH pyFPjZTELsB0H1nQn+O2BjKvifbG6/1rwekgOheGnyGKVRN1f7eoe7dP1VUP+gUlqou2 +lm3k5PoGsAtti9Oa7w0bd4we/9NqZz1/TteG2va03rwXDWzasovFkTY/4AGSo/Bwr+b YJyg== X-Gm-Message-State: AOJu0YxRap3FlJN9xTkZvvxzusBIrTWpHxzZvwuGDL1xrqFapkdC2QzG vuK+IR3lsruz3egUINjW1EBqQ2iUIMKBcn6BB5xbue2C0ExJnIIAzEzlChVcs+2YW6jD26gGVjv MQ8nLnGZrKsv3DwtXhusZfadsWpAT7ygw4+3lxGavCVE0TYo5oMCjYVAt X-Gm-Gg: ASbGnctK9MHBLVZMAD6hrpynr3Obe6v6kKb9P0ZiRVV+HjIHjYmtOibZF469MDKOMWd B06GJfwoWp17EzcFGoTBJjpTw7vvUbAeWe+i6JGaadt4SETfsD4FDr25/AC3dBHIHToad7SI6Nj uKFri2jiG0oE0bMOep2snN5dCt1TsW/Q6j72MLSf+IsmFX4bmuMdx7TcZ/m3JHocgl2IzkpiBLl wQyw9YlmlWk3eM00St5V9poBYsftxyL47tm2+ogZ3baoMLfgX0h+GoeCr2t4MpuARjWyczri/eX iPl+rY2G5qRbeGWCuiezCUFtpGyUoOa55asuQv40FA== X-Google-Smtp-Source: AGHT+IHhKzbI9vRPRQB19cMfYXgk5yJPN3afDGrvxakocWdehCl2QhDqDQeIG5zxDbkq4tTd5V58Hkmn9Bo5 X-Received: by 2002:a17:90b:3a4f:b0:2ee:8e75:4aeb with SMTP id 98e67ed59e1d1-2f9e07891d7mr6344892a91.17.1738776737778; Wed, 05 Feb 2025 09:32:17 -0800 (PST) Received: from postal.iol.unh.edu (postal.iol.unh.edu. [2606:4100:3880:1234::84]) by smtp-relay.gmail.com with ESMTPS id d9443c01a7336-21f04465df7sm2217285ad.50.2025.02.05.09.32.17 (version=TLS1_2 cipher=ECDHE-ECDSA-AES128-GCM-SHA256 bits=128/128); Wed, 05 Feb 2025 09:32:17 -0800 (PST) X-Relaying-Domain: iol.unh.edu Date: Wed, 05 Feb 2025 09:32:17 -0800 (PST) Message-ID: <67a3a0a1.170a0220.e4222.a6dcSMTPIN_ADDED_MISSING@mx.google.com> Received: from [172.17.0.4] (unknown [172.18.0.214]) by postal.iol.unh.edu (Postfix) with ESMTP id EA4D16052477; Wed, 5 Feb 2025 12:32:16 -0500 (EST) Subject: |FAILURE| pw149932 [PATCH] [RFC,v3,1/1] eventdev: add atomic queue t From: dpdklab@iol.unh.edu To: Test Report Cc: dpdk-test-reports@iol.unh.edu, Luka Jankovic In-Reply-To: <20250113090451.2180161-1-luka.jankovic@ericsson.com> References: <20250113090451.2180161-1-luka.jankovic@ericsson.com> Content-Type: text/plain X-BeenThere: test-report@dpdk.org X-Mailman-Version: 2.1.29 Precedence: list List-Id: automatic DPDK test reports List-Unsubscribe: , List-Archive: List-Post: List-Help: List-Subscribe: , Errors-To: test-report-bounces@dpdk.org Test-Label: iol-compile-amd64-testing Test-Status: FAILURE http://dpdk.org/patch/149932 _Testing issues_ Submitter: Luka Jankovic Date: Monday, January 13 2025 09:04:51 DPDK git baseline: Repo:dpdk Branch: master CommitID:fd51012de5369679e807be1d6a81d63ef15015ce 149932 --> testing issues Test environment and result as below: +---------------------+--------------------+------------------+-------------------+-------------------------+-------------------+----------------------+ | Environment | dpdk_meson_compile | dpdk_compile_ovs | dpdk_compile_spdk | dpdk_llvm_clang_compile | dpdk_msvc_compile | dpdk_mingw64_compile | +=====================+====================+==================+===================+=========================+===================+======================+ | CentOS Stream 9 | PASS | PASS | PASS | SKIPPED | SKIPPED | SKIPPED | +---------------------+--------------------+------------------+-------------------+-------------------------+-------------------+----------------------+ | Fedora 40 (Clang) | FAIL | WARN | WARN | SKIPPED | SKIPPED | SKIPPED | +---------------------+--------------------+------------------+-------------------+-------------------------+-------------------+----------------------+ | Debian 12 | PASS | PASS | PASS | SKIPPED | SKIPPED | SKIPPED | +---------------------+--------------------+------------------+-------------------+-------------------------+-------------------+----------------------+ | Debian Bullseye | PASS | PASS | PASS | SKIPPED | SKIPPED | SKIPPED | +---------------------+--------------------+------------------+-------------------+-------------------------+-------------------+----------------------+ | Fedora 41 | PASS | PASS | PASS | SKIPPED | SKIPPED | SKIPPED | +---------------------+--------------------+------------------+-------------------+-------------------------+-------------------+----------------------+ | Fedora 41 (Clang) | FAIL | WARN | WARN | SKIPPED | SKIPPED | SKIPPED | +---------------------+--------------------+------------------+-------------------+-------------------------+-------------------+----------------------+ | Fedora 40 | PASS | PASS | PASS | SKIPPED | SKIPPED | SKIPPED | +---------------------+--------------------+------------------+-------------------+-------------------------+-------------------+----------------------+ | openSUSE Leap 15 | PASS | SKIPPED | SKIPPED | SKIPPED | SKIPPED | SKIPPED | +---------------------+--------------------+------------------+-------------------+-------------------------+-------------------+----------------------+ | RHEL8 | PASS | PASS | SKIPPED | SKIPPED | SKIPPED | SKIPPED | +---------------------+--------------------+------------------+-------------------+-------------------------+-------------------+----------------------+ | RHEL9 | PASS | PASS | SKIPPED | SKIPPED | SKIPPED | SKIPPED | +---------------------+--------------------+------------------+-------------------+-------------------------+-------------------+----------------------+ | Ubuntu 22.04 | PASS | PASS | PASS | SKIPPED | SKIPPED | SKIPPED | +---------------------+--------------------+------------------+-------------------+-------------------------+-------------------+----------------------+ | Ubuntu 20.04 | PASS | SKIPPED | SKIPPED | SKIPPED | SKIPPED | SKIPPED | +---------------------+--------------------+------------------+-------------------+-------------------------+-------------------+----------------------+ | Ubuntu 24.04 | PASS | PASS | PASS | SKIPPED | SKIPPED | SKIPPED | +---------------------+--------------------+------------------+-------------------+-------------------------+-------------------+----------------------+ | Alpine | PASS | PASS | SKIPPED | SKIPPED | SKIPPED | SKIPPED | +---------------------+--------------------+------------------+-------------------+-------------------------+-------------------+----------------------+ | FreeBSD 13.4 | FAIL | SKIPPED | SKIPPED | SKIPPED | SKIPPED | SKIPPED | +---------------------+--------------------+------------------+-------------------+-------------------------+-------------------+----------------------+ | FreeBSD 14.2 | FAIL | SKIPPED | SKIPPED | SKIPPED | SKIPPED | SKIPPED | +---------------------+--------------------+------------------+-------------------+-------------------------+-------------------+----------------------+ | Windows Server 2022 | SKIPPED | SKIPPED | SKIPPED | PASS | PASS | PASS | +---------------------+--------------------+------------------+-------------------+-------------------------+-------------------+----------------------+ ==== 20 line log output for FreeBSD 14.2 (dpdk_meson_compile): ==== [1663/1929] Compiling C object app/dpdk-test-eventdev.p/test-eventdev_evt_main.c.o [1664/1929] Linking target app/dpdk-test-crypto-perf [1665/1929] Compiling C object app/dpdk-test-eventdev.p/test-eventdev_evt_options.c.o [1666/1929] Linking target app/dpdk-test-dma-perf [1667/1929] Compiling C object app/dpdk-test-eventdev.p/test-eventdev_test_order_atq.c.o [1668/1929] Compiling C object app/dpdk-test-eventdev.p/test-eventdev_test_order_common.c.o [1669/1929] Compiling C object app/dpdk-test-eventdev.p/test-eventdev_test_atomic_queue.c.o FAILED: app/dpdk-test-eventdev.p/test-eventdev_test_atomic_queue.c.o cc -Iapp/dpdk-test-eventdev.p -Iapp -I../app -Ilib/eventdev -I../lib/eventdev -I. -I.. -Iconfig -I../config -Ilib/eal/include -I../lib/eal/include -Ilib/eal/freebsd/include -I../lib/eal/freebsd/include -Ilib/eal/x86/include -I../lib/eal/x86/include -Ilib/eal/common -I../lib/eal/common -Ilib/eal -I../lib/eal -Ilib/kvargs -I../lib/kvargs -Ilib/log -I../lib/log -Ilib/metrics -I../lib/metrics -Ilib/telemetry -I../lib/telemetry -Ilib/ring -I../lib/ring -Ilib/ethdev -I../lib/ethdev -Ilib/net -I../lib/net -Ilib/mbuf -I../lib/mbuf -Ilib/mempool -I../lib/mempool -Ilib/meter -I../lib/meter -Ilib/hash -I../lib/hash -Ilib/rcu -I../lib/rcu -Ilib/timer -I../lib/timer -Ilib/cryptodev -I../lib/cryptodev -Ilib/dmadev -I../lib/dmadev -fdiagnostics-color=always -D_FILE_OFFSET_BITS=64 -Wall -Winvalid-pch -Wextra -Werror -std=c11 -O3 -include rte_config.h -Wcast-qual -Wdeprecated -Wformat -Wformat-nonliteral -Wformat-security -Wmissing-declarations -Wmissing-prototypes -Wnested-externs -Wold-style-defini tion -Wpointer-arith -Wsign-compare -Wstrict-prototypes -Wundef -Wwrite-strings -Wno-missing-field-initializers -D_GNU_SOURCE -D__BSD_VISIBLE -march=native -mrtm -DALLOW_EXPERIMENTAL_API -MD -MQ app/dpdk-test-eventdev.p/test-eventdev_test_atomic_queue.c.o -MF app/dpdk-test-eventdev.p/test-eventdev_test_atomic_queue.c.o.d -o app/dpdk-test-eventdev.p/test-eventdev_test_atomic_queue.c.o -c ../app/test-eventdev/test_atomic_queue.c error: initializer overrides prior initialization of this subobject [-Werror,-Winitializer-overrides] ../app/test-eventdev/test_atomic_queue.c:88:12: note: previous initialization is here 88 | .event = 0, | ^ 1 error generated. [1670/1929] Compiling C object app/dpdk-test-eventdev.p/test-eventdev_test_order_queue.c.o [1671/1929] Compiling C object app/dpdk-test-eventdev.p/test-eventdev_test_perf_atq.c.o [1672/1929] Compiling C object app/dpdk-test-eventdev.p/test-eventdev_test_pipeline_atq.c.o [1673/1929] Compiling C object app/dpdk-test-eventdev.p/test-eventdev_test_perf_queue.c.o [1674/1929] Compiling C object app/dpdk-test-eventdev.p/test-eventdev_test_perf_common.c.o ninja: build stopped: subcommand failed. ==== End log output ==== CentOS Stream 9 Kernel: Depends on container host Compiler: gcc 11.5.0 20240719 (Red Hat 11.5.0-2) Fedora 40 (Clang) Kernel: Depends on container host Compiler: clang 18.1.8 (Fedora 18.1.8-1.fc40) Debian 12 Kernel: Depends on container host Compiler: gcc (Debian 12.2.0-14) 12.2.0 Debian Bullseye Kernel: Depends on container host Compiler: gcc (Debian 10.2.1-6) 10.2.1 20210110 Fedora 41 Kernel: Depends on container host Compiler: gcc 14.2.1 20240912 (Red Hat 14.2.1-3) Fedora 41 (Clang) Kernel: Depends on container host Compiler: clang 19.1.5 (Fedora 19.1.5-1.fc41) Fedora 40 Kernel: Depends on container host Compiler: gcc 14.2.1 20240912 (Red Hat 14.2.1-3) openSUSE Leap 15 Kernel: Depends on container host Compiler: gcc (SUSE Linux) 7.5.0 RHEL8 Kernel: Depends on container host Compiler: gcc 8.5.0 20210514 (Red Hat 8.5.0-22) RHEL9 Kernel: Depends on container host Compiler: gcc 11.5.0 20240719 (Red Hat 11.5.0-2) Ubuntu 22.04 Kernel: Depends on container host Compiler: gcc (Ubuntu 11.4.0-1ubuntu1~22.04) 11.4.0 Ubuntu 20.04 Kernel: Depends on container host Compiler: gcc (Ubuntu 9.4.0-1ubuntu1~20.04.2) 9.4.0 Ubuntu 24.04 Kernel: Depends on container host Compiler: gcc (Ubuntu 13.3.0-6ubuntu2~24.04) 13.3.0 Alpine Kernel: Depends on container host Compiler: gcc (Alpine 14.2.0) 14.2.0 FreeBSD 13.4 Kernel: 13.4-RELEASE-p1 Compiler: clang 18.1.6 FreeBSD 14.2 Kernel: 14.2-RELEASE Compiler: clang 18.1.6 Windows Server 2022 Kernel: 10.0.20348.2031 Compiler: clang 15.0.7, gcc 14.1.0 (MinGW), and MSVC VS 19.39.33521 To view detailed results, visit: https://lab.dpdk.org/results/dashboard/patchsets/32304/ UNH-IOL DPDK Community Lab To manage your email subscriptions, visit: https://lab.dpdk.org/results/dashboard/preferences/subscriptions/