automatic DPDK test reports
 help / color / mirror / Atom feed
* |SUCCESS| pw150972 [PATCH] build: remove support for icc compiler
       [not found] <20250205161823.2849595-1-bruce.richardson@intel.com>
@ 2025-02-05 15:59 ` qemudev
  2025-02-05 16:03 ` qemudev
                   ` (9 subsequent siblings)
  10 siblings, 0 replies; 11+ messages in thread
From: qemudev @ 2025-02-05 15:59 UTC (permalink / raw)
  To: test-report

Test-Label: loongarch-compilation
Test-Status: SUCCESS
http://dpdk.org/patch/150972

_Compilation OK_

Submitter: Bruce Richardson <bruce.richardson@intel.com>
Date: Wed,  5 Feb 2025 16:18:19 +0000
DPDK git baseline: Repo:dpdk
  Branch: main
  CommitID: 32c18e7364e30a8e43cc7cc6709a7ce606fa285e

150972 --> meson & ninja build successfully

Test environment and result as below:

+---------------------+----------------+
|     Environment     | compilation    |
+---------------------+----------------+
| Loongnix-Server 8.3 | PASS           |
+---------------------+----------------+

Loongnix-Server 8.3
    Kernel: 4.19.190+
    Compiler: gcc 8.3


^ permalink raw reply	[flat|nested] 11+ messages in thread

* |SUCCESS| pw150972 [PATCH] build: remove support for icc compiler
       [not found] <20250205161823.2849595-1-bruce.richardson@intel.com>
  2025-02-05 15:59 ` |SUCCESS| pw150972 [PATCH] build: remove support for icc compiler qemudev
@ 2025-02-05 16:03 ` qemudev
  2025-02-05 16:18 ` checkpatch
                   ` (8 subsequent siblings)
  10 siblings, 0 replies; 11+ messages in thread
From: qemudev @ 2025-02-05 16:03 UTC (permalink / raw)
  To: test-report

Test-Label: loongarch-unit-testing
Test-Status: SUCCESS
http://dpdk.org/patch/150972

_Unit Testing PASS_

Submitter: Bruce Richardson <bruce.richardson@intel.com>
Date: Wed,  5 Feb 2025 16:18:19 +0000
DPDK git baseline: Repo:dpdk
  Branch: main
  CommitID: 32c18e7364e30a8e43cc7cc6709a7ce606fa285e

150972 --> testing pass

Test environment and result as below:

+---------------------+----------------+
|     Environment     | dpdk_unit_test |
+---------------------+----------------+
| Loongnix-Server 8.3 | PASS           |
+---------------------+----------------+

Loongnix-Server 8.3
    Kernel: 4.19.190+
    Compiler: gcc 8.3


Test result details:
  1/119 DPDK:fast-tests / acl_autotest                            OK              3.24s
  2/119 DPDK:fast-tests / alarm_autotest                          OK              1.41s
  3/119 DPDK:fast-tests / argparse_autotest                       OK              0.40s
  4/119 DPDK:fast-tests / atomic_autotest                         OK              7.26s
  5/119 DPDK:fast-tests / bitcount_autotest                       OK              0.31s
  6/119 DPDK:fast-tests / bitmap_autotest                         OK              0.31s
  7/119 DPDK:fast-tests / bitops_autotest                         OK              1.81s
  8/119 DPDK:fast-tests / bitratestats_autotest                   OK              0.31s
  9/119 DPDK:fast-tests / bitset_autotest                         OK              2.89s
 10/119 DPDK:fast-tests / bpf_autotest                            OK              0.31s
 11/119 DPDK:fast-tests / bpf_convert_autotest                    OK              0.31s
 12/119 DPDK:fast-tests / byteorder_autotest                      OK              0.31s
 13/119 DPDK:fast-tests / cfgfile_autotest                        OK              0.31s
 14/119 DPDK:fast-tests / cksum_autotest                          OK              0.31s
 15/119 DPDK:fast-tests / cmdline_autotest                        OK              0.32s
 16/119 DPDK:fast-tests / common_autotest                         OK              1.19s
 17/119 DPDK:fast-tests / compressdev_autotest                    SKIP            0.06s   exit status 77
 18/119 DPDK:fast-tests / cpuflags_autotest                       OK              0.31s
 19/119 DPDK:fast-tests / crc_autotest                            OK              0.31s
 20/119 DPDK:fast-tests / user_delay_us                           OK              0.31s
 21/119 DPDK:fast-tests / debug_autotest                          OK             11.76s
 22/119 DPDK:fast-tests / devargs_autotest                        OK              0.30s
 23/119 DPDK:fast-tests / dispatcher_autotest                     OK              2.53s
 24/119 DPDK:fast-tests / distributor_autotest                    OK              1.20s
 25/119 DPDK:fast-tests / eal_flags_c_opt_autotest                OK              0.79s
 26/119 DPDK:fast-tests / eal_flags_main_opt_autotest             OK              0.22s
 27/119 DPDK:fast-tests / eal_flags_n_opt_autotest                OK              0.20s
 28/119 DPDK:fast-tests / eal_flags_hpet_autotest                 OK              0.13s
 29/119 DPDK:fast-tests / eal_flags_no_huge_autotest              OK              0.22s
 30/119 DPDK:fast-tests / eal_flags_a_opt_autotest                OK              0.29s
 31/119 DPDK:fast-tests / eal_flags_b_opt_autotest                OK              0.24s
 32/119 DPDK:fast-tests / eal_flags_vdev_opt_autotest             OK              0.19s
 33/119 DPDK:fast-tests / eal_flags_r_opt_autotest                OK              0.18s
 34/119 DPDK:fast-tests / eal_flags_mem_autotest                  OK              0.59s
 35/119 DPDK:fast-tests / eal_flags_file_prefix_autotest          OK             22.39s
 36/119 DPDK:fast-tests / eal_flags_misc_autotest                 OK              1.05s
 37/119 DPDK:fast-tests / eal_fs_autotest                         OK              0.30s
 38/119 DPDK:fast-tests / errno_autotest                          OK              0.31s
 39/119 DPDK:fast-tests / ethdev_link_status                      OK              0.31s
 40/119 DPDK:fast-tests / event_eth_tx_adapter_autotest           OK              1.68s
 41/119 DPDK:fast-tests / event_ring_autotest                     OK              0.31s
 42/119 DPDK:fast-tests / eventdev_common_autotest                OK              0.31s
 43/119 DPDK:fast-tests / eventdev_selftest_sw                    OK              7.18s
 44/119 DPDK:fast-tests / fbarray_autotest                        OK              0.31s
 45/119 DPDK:fast-tests / fib_autotest                            OK              1.20s
 46/119 DPDK:fast-tests / fib6_autotest                           OK              0.98s
 47/119 DPDK:fast-tests / func_reentrancy_autotest                OK              2.23s
 48/119 DPDK:fast-tests / graph_autotest                          OK              0.31s
 49/119 DPDK:fast-tests / node_list_dump                          OK              0.31s
 50/119 DPDK:fast-tests / hash_autotest                           OK              0.93s
 51/119 DPDK:fast-tests / hash_readwrite_func_autotest            OK              6.41s
 52/119 DPDK:fast-tests / interrupt_autotest                      OK              1.61s
 53/119 DPDK:fast-tests / ipfrag_autotest                         OK              0.07s
 54/119 DPDK:fast-tests / ipsec_autotest                          SKIP            0.31s   exit status 77
 55/119 DPDK:fast-tests / kvargs_autotest                         OK              0.31s
 56/119 DPDK:fast-tests / latencystats_autotest                   OK              0.31s
 57/119 DPDK:fast-tests / lcore_var_autotest                      OK              0.45s
 58/119 DPDK:fast-tests / lcores_autotest                         OK              5.12s
 59/119 DPDK:fast-tests / logs_autotest                           OK              0.31s
 60/119 DPDK:fast-tests / lpm_autotest                            OK              2.36s
 61/119 DPDK:fast-tests / lpm6_autotest                           OK              5.46s
 62/119 DPDK:fast-tests / malloc_autotest                         OK             60.09s
 63/119 DPDK:fast-tests / mbuf_autotest                           OK              5.16s
 64/119 DPDK:fast-tests / mcslock_autotest                        OK              2.85s
 65/119 DPDK:fast-tests / member_autotest                         OK              1.54s
 66/119 DPDK:fast-tests / memcpy_autotest                         OK              6.61s
 67/119 DPDK:fast-tests / memory_autotest                         OK              0.08s
 68/119 DPDK:fast-tests / mempool_autotest                        OK              0.43s
 69/119 DPDK:fast-tests / memzone_autotest                        OK              0.14s
 70/119 DPDK:fast-tests / meter_autotest                          OK              0.30s
 71/119 DPDK:fast-tests / metrics_autotest                        OK              0.31s
 72/119 DPDK:fast-tests / multiprocess_autotest                   OK              0.18s
 73/119 DPDK:fast-tests / net_ether_autotest                      OK              0.97s
 74/119 DPDK:fast-tests / net_ipv6_autotest                       OK              0.31s
 75/119 DPDK:fast-tests / pcapng_autotest                         OK              6.75s
 76/119 DPDK:fast-tests / pdcp_autotest                           SKIP            0.06s   exit status 77
 77/119 DPDK:fast-tests / pdump_autotest                          OK              0.42s
 78/119 DPDK:fast-tests / per_lcore_autotest                      OK              0.41s
 79/119 DPDK:fast-tests / pflock_autotest                         OK              1.12s
 80/119 DPDK:fast-tests / pie_autotest                            OK              0.31s
 81/119 DPDK:fast-tests / ring_pmd_autotest                       OK              0.31s
 82/119 DPDK:fast-tests / power_autotest                          OK              0.31s
 83/119 DPDK:fast-tests / power_cpufreq_autotest                  SKIP            0.06s   exit status 77
 84/119 DPDK:fast-tests / power_intel_uncore_autotest             SKIP            0.31s   exit status 77
 85/119 DPDK:fast-tests / power_kvm_vm_autotest                   SKIP            0.06s   exit status 77
 86/119 DPDK:fast-tests / prefetch_autotest                       OK              0.30s
 87/119 DPDK:fast-tests / ptr_compress_autotest                   OK              0.31s
 88/119 DPDK:fast-tests / rawdev_autotest                         OK              0.31s
 89/119 DPDK:fast-tests / rcu_qsbr_autotest                       OK              0.83s
 90/119 DPDK:fast-tests / reorder_autotest                        OK              0.36s
 91/119 DPDK:fast-tests / rib_autotest                            OK              8.95s
 92/119 DPDK:fast-tests / rib6_autotest                           OK              8.94s
 93/119 DPDK:fast-tests / ring_autotest                           OK              0.34s
 94/119 DPDK:fast-tests / rwlock_test1_autotest                   OK              1.05s
 95/119 DPDK:fast-tests / rwlock_rda_autotest                     OK              5.31s
 96/119 DPDK:fast-tests / rwlock_rds_wrm_autotest                 OK              5.31s
 97/119 DPDK:fast-tests / rwlock_rde_wro_autotest                 OK              5.31s
 98/119 DPDK:fast-tests / sched_autotest                          OK              0.31s
 99/119 DPDK:fast-tests / security_autotest                       OK              0.06s
100/119 DPDK:fast-tests / seqlock_autotest                        OK              2.31s
101/119 DPDK:fast-tests / service_autotest                        OK              3.01s
102/119 DPDK:fast-tests / soring_autotest                         OK              0.31s
103/119 DPDK:fast-tests / spinlock_autotest                       OK              0.39s
104/119 DPDK:fast-tests / stack_autotest                          OK              0.86s
105/119 DPDK:fast-tests / stack_lf_autotest                       SKIP            0.05s   exit status 77
106/119 DPDK:fast-tests / string_autotest                         OK              0.30s
107/119 DPDK:fast-tests / table_autotest                          OK              7.73s
108/119 DPDK:fast-tests / tailq_autotest                          OK              0.30s
109/119 DPDK:fast-tests / telemetry_data_autotest                 OK              0.31s
110/119 DPDK:fast-tests / telemetry_json_autotest                 OK              0.31s
111/119 DPDK:fast-tests / thash_autotest                          OK              0.32s
112/119 DPDK:fast-tests / threads_autotest                        OK              0.48s
113/119 DPDK:fast-tests / ticketlock_autotest                     OK              0.45s
114/119 DPDK:fast-tests / timer_autotest                          OK              3.87s
115/119 DPDK:fast-tests / trace_autotest                          OK              0.30s
116/119 DPDK:fast-tests / trace_autotest_with_traces              OK              0.31s
117/119 DPDK:fast-tests / vdev_autotest                           OK              0.30s
118/119 DPDK:fast-tests / version_autotest                        OK              0.31s
119/119 DPDK:fast-tests / telemetry_all                           OK              1.28s


Ok:                 112
Expected Fail:      0
Fail:               0
Unexpected Pass:    0
Skipped:            7
Timeout:            0


^ permalink raw reply	[flat|nested] 11+ messages in thread

* |SUCCESS| pw150972 [PATCH] build: remove support for icc compiler
       [not found] <20250205161823.2849595-1-bruce.richardson@intel.com>
  2025-02-05 15:59 ` |SUCCESS| pw150972 [PATCH] build: remove support for icc compiler qemudev
  2025-02-05 16:03 ` qemudev
@ 2025-02-05 16:18 ` checkpatch
  2025-02-05 17:45 ` 0-day Robot
                   ` (7 subsequent siblings)
  10 siblings, 0 replies; 11+ messages in thread
From: checkpatch @ 2025-02-05 16:18 UTC (permalink / raw)
  To: test-report

Test-Label: checkpatch
Test-Status: SUCCESS
http://dpdk.org/patch/150972

_coding style OK_



^ permalink raw reply	[flat|nested] 11+ messages in thread

* |SUCCESS| pw150972 [PATCH] build: remove support for icc compiler
       [not found] <20250205161823.2849595-1-bruce.richardson@intel.com>
                   ` (2 preceding siblings ...)
  2025-02-05 16:18 ` checkpatch
@ 2025-02-05 17:45 ` 0-day Robot
  2025-02-05 18:15 ` |FAILURE| " dpdklab
                   ` (6 subsequent siblings)
  10 siblings, 0 replies; 11+ messages in thread
From: 0-day Robot @ 2025-02-05 17:45 UTC (permalink / raw)
  To: test-report; +Cc: robot

From: robot@bytheb.org

Test-Label: github-robot: build
Test-Status: SUCCESS
http://patchwork.dpdk.org/patch/150972/

_github build: passed_
Build URL: https://github.com/ovsrobot/dpdk/actions/runs/13161999248

^ permalink raw reply	[flat|nested] 11+ messages in thread

* |FAILURE| pw150972 [PATCH] build: remove support for icc compiler
       [not found] <20250205161823.2849595-1-bruce.richardson@intel.com>
                   ` (3 preceding siblings ...)
  2025-02-05 17:45 ` 0-day Robot
@ 2025-02-05 18:15 ` dpdklab
  2025-02-05 18:18 ` |SUCCESS| " dpdklab
                   ` (5 subsequent siblings)
  10 siblings, 0 replies; 11+ messages in thread
From: dpdklab @ 2025-02-05 18:15 UTC (permalink / raw)
  To: Georgii Tkachuk, Qian Xu, Lijuan Tu, Test Report, Ferruh Yigit
  Cc: dpdk-test-reports, Bruce Richardson

Test-Label: iol-intel-Performance
Test-Status: FAILURE
http://dpdk.org/patch/150972

_Performance Testing issues_

Submitter: Bruce Richardson <bruce.richardson@intel.com>
Date: Wednesday, February 05 2025 16:18:19 
DPDK git baseline: Repo:dpdk
  Branch: master
  CommitID:32c18e7364e30a8e43cc7cc6709a7ce606fa285e

150972 --> performance testing issues

Upstream job id: Template-DTS-Pipeline#210857

Test environment and result as below:

Ubuntu 20.04
Kernel: 5.4.0-122-generic
Compiler: gcc 9.4.0
NIC: Intel Corporation Ethernet Converged Network Adapter XL710-QDA2 40000 Mbps
Fail/Total: 0/1

Detail performance results: 
The measurement deltas are not ready yet! Please check back later.

22.04
Kernel: 5.15.0-94-generic
Compiler: gcc 11.4.0
NIC: Intel E810 100000 Mbps
Fail/Total: 1/4
Failed cases list:
      - DTS https://dpdklab.iol.unh.edu/results/testcases/1/

Detail performance results: 
+------------+---------+----------+-------------+------------------------------+
| frame_size | txd/rxd | num_cpus | num_threads |  throughput difference from  |
|            |         |          |             |           expected           |
+============+=========+==========+=============+==============================+
| 64         | 512     | 1        | 2           | -5.5%                        |
+------------+---------+----------+-------------+------------------------------+
| 64         | 2048    | 1        | 2           | -8.9%                        |
+------------+---------+----------+-------------+------------------------------+
| 64         | 512     | 1        | 1           | 1.0%                         |
+------------+---------+----------+-------------+------------------------------+
| 64         | 2048    | 1        | 1           | 11.7%                        |
+------------+---------+----------+-------------+------------------------------+

To view detailed results, visit:
https://lab.dpdk.org/results/dashboard/patchsets/32500/

UNH-IOL DPDK Community Lab

To manage your email subscriptions, visit: 
https://lab.dpdk.org/results/dashboard/preferences/subscriptions/

^ permalink raw reply	[flat|nested] 11+ messages in thread

* |SUCCESS| pw150972 [PATCH] build: remove support for icc compiler
       [not found] <20250205161823.2849595-1-bruce.richardson@intel.com>
                   ` (4 preceding siblings ...)
  2025-02-05 18:15 ` |FAILURE| " dpdklab
@ 2025-02-05 18:18 ` dpdklab
  2025-02-05 18:39 ` dpdklab
                   ` (4 subsequent siblings)
  10 siblings, 0 replies; 11+ messages in thread
From: dpdklab @ 2025-02-05 18:18 UTC (permalink / raw)
  To: Test Report; +Cc: dpdk-test-reports

Test-Label: iol-intel-Functional
Test-Status: SUCCESS
http://dpdk.org/patch/150972

_Functional Testing PASS_

Submitter: Bruce Richardson <bruce.richardson@intel.com>
Date: Wednesday, February 05 2025 16:18:19 
DPDK git baseline: Repo:dpdk
  Branch: master
  CommitID:32c18e7364e30a8e43cc7cc6709a7ce606fa285e

150972 --> functional testing pass

Upstream job id: Template-DTS-Pipeline#210863

Test environment and result as below:

Ubuntu 20.04
Kernel: 5.4.0-122-generic
Compiler: gcc 9.4.0
NIC: Intel Corporation Ethernet Converged Network Adapter 82599ES 10000 Mbps

Aggregate Results by Test Suite
+-----------------------------+--------+
|         Test Suite          | Result |
+=============================+========+
| unit_tests_mbuf             |  PASS  |
+-----------------------------+--------+
| vhost_virtio_user_interrupt |  PASS  |
+-----------------------------+--------+
| virtio_smoke                |  PASS  |
+-----------------------------+--------+


To view detailed results, visit:
https://lab.dpdk.org/results/dashboard/patchsets/32500/

UNH-IOL DPDK Community Lab

To manage your email subscriptions, visit: 
https://lab.dpdk.org/results/dashboard/preferences/subscriptions/

^ permalink raw reply	[flat|nested] 11+ messages in thread

* |SUCCESS| pw150972 [PATCH] build: remove support for icc compiler
       [not found] <20250205161823.2849595-1-bruce.richardson@intel.com>
                   ` (5 preceding siblings ...)
  2025-02-05 18:18 ` |SUCCESS| " dpdklab
@ 2025-02-05 18:39 ` dpdklab
  2025-02-05 18:50 ` |PENDING| " dpdklab
                   ` (3 subsequent siblings)
  10 siblings, 0 replies; 11+ messages in thread
From: dpdklab @ 2025-02-05 18:39 UTC (permalink / raw)
  To: Test Report; +Cc: dpdk-test-reports

Test-Label: iol-marvell-Functional
Test-Status: SUCCESS
http://dpdk.org/patch/150972

_Functional Testing PASS_

Submitter: Bruce Richardson <bruce.richardson@intel.com>
Date: Wednesday, February 05 2025 16:18:19 
DPDK git baseline: Repo:dpdk
  Branch: master
  CommitID:32c18e7364e30a8e43cc7cc6709a7ce606fa285e

150972 --> functional testing pass

Upstream job id: Template-DTS-Pipeline#210866

Test environment and result as below:

Ubuntu 20.04.6
Kernel: 5.4.105
Compiler: gcc 9.4
NIC: Marvell CN106XX 50000 Mbps
Target: arm64-native-linuxapp-gcc

Aggregate Results by Test Suite
+-----------------+--------+
|   Test Suite    | Result |
+=================+========+
| cmdline         |  PASS  |
+-----------------+--------+
| ipv4_reassembly |  PASS  |
+-----------------+--------+
| rxtx_callbacks  |  PASS  |
+-----------------+--------+
| tso             |  PASS  |
+-----------------+--------+


To view detailed results, visit:
https://lab.dpdk.org/results/dashboard/patchsets/32500/

UNH-IOL DPDK Community Lab

To manage your email subscriptions, visit: 
https://lab.dpdk.org/results/dashboard/preferences/subscriptions/

^ permalink raw reply	[flat|nested] 11+ messages in thread

* |PENDING| pw150972 [PATCH] build: remove support for icc compiler
       [not found] <20250205161823.2849595-1-bruce.richardson@intel.com>
                   ` (6 preceding siblings ...)
  2025-02-05 18:39 ` dpdklab
@ 2025-02-05 18:50 ` dpdklab
  2025-02-05 19:07 ` |SUCCESS| " dpdklab
                   ` (2 subsequent siblings)
  10 siblings, 0 replies; 11+ messages in thread
From: dpdklab @ 2025-02-05 18:50 UTC (permalink / raw)
  To: Test Report; +Cc: dpdk-test-reports

Test-Label: iol-abi-testing
Test-Status: PENDING
http://dpdk.org/patch/150972

_Testing pending_

Submitter: Bruce Richardson <bruce.richardson@intel.com>
Date: Wednesday, February 05 2025 16:18:19 
DPDK git baseline: Repo:dpdk
  Branch: master
  CommitID:32c18e7364e30a8e43cc7cc6709a7ce606fa285e

150972 --> testing pending

Upstream job id: Generic-DPDK-Compile-ABI#114885

Test environment and result as below:

+-------------------+----------+
|    Environment    | abi_test |
+===================+==========+
| Ubuntu 22.04      | PASS     |
+-------------------+----------+
| Fedora 40 (Clang) | PEND     |
+-------------------+----------+
| RHEL9             | PEND     |
+-------------------+----------+
| CentOS Stream 9   | PEND     |
+-------------------+----------+
| Fedora 41         | PEND     |
+-------------------+----------+
| Debian 12         | PEND     |
+-------------------+----------+
| RHEL8             | PEND     |
+-------------------+----------+


Ubuntu 22.04
	Kernel: Depends on container host
	Compiler: gcc (Ubuntu 11.4.0-1ubuntu1~22.04) 11.4.0

Fedora 40 (Clang)
	Kernel: Depends on container host
	Compiler: clang 18.1.8 (Fedora 18.1.8-1.fc40)

RHEL9
	Kernel: Depends on container host
	Compiler: gcc 11.5.0 20240719 (Red Hat 11.5.0-2)

CentOS Stream 9
	Kernel: Depends on container host
	Compiler: gcc 11.5.0 20240719 (Red Hat 11.5.0-2)

Fedora 41
	Kernel: Depends on container host
	Compiler: gcc 14.2.1 20240912 (Red Hat 14.2.1-3)

Debian 12
	Kernel: Depends on container host
	Compiler: gcc (Debian 12.2.0-14) 12.2.0

RHEL8
	Kernel: Depends on container host
	Compiler: gcc 8.5.0 20210514 (Red Hat 8.5.0-22)

To view detailed results, visit:
https://lab.dpdk.org/results/dashboard/patchsets/32500/

UNH-IOL DPDK Community Lab

To manage your email subscriptions, visit: 
https://lab.dpdk.org/results/dashboard/preferences/subscriptions/

^ permalink raw reply	[flat|nested] 11+ messages in thread

* |SUCCESS| pw150972 [PATCH] build: remove support for icc compiler
       [not found] <20250205161823.2849595-1-bruce.richardson@intel.com>
                   ` (7 preceding siblings ...)
  2025-02-05 18:50 ` |PENDING| " dpdklab
@ 2025-02-05 19:07 ` dpdklab
  2025-02-05 19:27 ` dpdklab
  2025-02-05 20:28 ` dpdklab
  10 siblings, 0 replies; 11+ messages in thread
From: dpdklab @ 2025-02-05 19:07 UTC (permalink / raw)
  To: Test Report; +Cc: dpdk-test-reports

Test-Label: iol-abi-testing
Test-Status: SUCCESS
http://dpdk.org/patch/150972

_Testing PASS_

Submitter: Bruce Richardson <bruce.richardson@intel.com>
Date: Wednesday, February 05 2025 16:18:19 
DPDK git baseline: Repo:dpdk
  Branch: master
  CommitID:32c18e7364e30a8e43cc7cc6709a7ce606fa285e

150972 --> testing pass

Upstream job id: Generic-DPDK-Compile-ABI#114877

Test environment and result as below:

+-------------------+----------+
|    Environment    | abi_test |
+===================+==========+
| Ubuntu 22.04      | PASS     |
+-------------------+----------+
| Fedora 40 (Clang) | PASS     |
+-------------------+----------+
| RHEL9             | PASS     |
+-------------------+----------+
| CentOS Stream 9   | PASS     |
+-------------------+----------+
| Fedora 41         | PASS     |
+-------------------+----------+
| Debian 12         | PASS     |
+-------------------+----------+
| RHEL8             | PASS     |
+-------------------+----------+


Ubuntu 22.04
	Kernel: Depends on container host
	Compiler: gcc (Ubuntu 11.4.0-1ubuntu1~22.04) 11.4.0

Fedora 40 (Clang)
	Kernel: Depends on container host
	Compiler: clang 18.1.8 (Fedora 18.1.8-1.fc40)

RHEL9
	Kernel: Depends on container host
	Compiler: gcc 11.5.0 20240719 (Red Hat 11.5.0-2)

CentOS Stream 9
	Kernel: Depends on container host
	Compiler: gcc 11.5.0 20240719 (Red Hat 11.5.0-2)

Fedora 41
	Kernel: Depends on container host
	Compiler: gcc 14.2.1 20240912 (Red Hat 14.2.1-3)

Debian 12
	Kernel: Depends on container host
	Compiler: gcc (Debian 12.2.0-14) 12.2.0

RHEL8
	Kernel: Depends on container host
	Compiler: gcc 8.5.0 20210514 (Red Hat 8.5.0-22)

To view detailed results, visit:
https://lab.dpdk.org/results/dashboard/patchsets/32500/

UNH-IOL DPDK Community Lab

To manage your email subscriptions, visit: 
https://lab.dpdk.org/results/dashboard/preferences/subscriptions/

^ permalink raw reply	[flat|nested] 11+ messages in thread

* |SUCCESS| pw150972 [PATCH] build: remove support for icc compiler
       [not found] <20250205161823.2849595-1-bruce.richardson@intel.com>
                   ` (8 preceding siblings ...)
  2025-02-05 19:07 ` |SUCCESS| " dpdklab
@ 2025-02-05 19:27 ` dpdklab
  2025-02-05 20:28 ` dpdklab
  10 siblings, 0 replies; 11+ messages in thread
From: dpdklab @ 2025-02-05 19:27 UTC (permalink / raw)
  To: Test Report; +Cc: dpdk-test-reports

Test-Label: iol-sample-apps-testing
Test-Status: SUCCESS
http://dpdk.org/patch/150972

_Testing PASS_

Submitter: Bruce Richardson <bruce.richardson@intel.com>
Date: Wednesday, February 05 2025 16:18:19 
DPDK git baseline: Repo:dpdk
  Branch: master
  CommitID:32c18e7364e30a8e43cc7cc6709a7ce606fa285e

150972 --> testing pass

Upstream job id: Template-DTS-Pipeline#210867

Test environment and result as below:

+--------------+----------------------+
| Environment  | compressdev_zlib_pmd |
+==============+======================+
| Ubuntu 22.04 | PASS                 |
+--------------+----------------------+


Ubuntu 22.04
	Kernel: 5.15.0-100-generic
	Compiler: gcc gcc (Ubuntu 11.4.0-1ubuntu1~22.04) 11.4.0

To view detailed results, visit:
https://lab.dpdk.org/results/dashboard/patchsets/32500/

UNH-IOL DPDK Community Lab

To manage your email subscriptions, visit: 
https://lab.dpdk.org/results/dashboard/preferences/subscriptions/

^ permalink raw reply	[flat|nested] 11+ messages in thread

* |SUCCESS| pw150972 [PATCH] build: remove support for icc compiler
       [not found] <20250205161823.2849595-1-bruce.richardson@intel.com>
                   ` (9 preceding siblings ...)
  2025-02-05 19:27 ` dpdklab
@ 2025-02-05 20:28 ` dpdklab
  10 siblings, 0 replies; 11+ messages in thread
From: dpdklab @ 2025-02-05 20:28 UTC (permalink / raw)
  To: Ali Alnubani, Test Report; +Cc: dpdk-test-reports

Test-Label: iol-mellanox-Performance
Test-Status: SUCCESS
http://dpdk.org/patch/150972

_Performance Testing PASS_

Submitter: Bruce Richardson <bruce.richardson@intel.com>
Date: Wednesday, February 05 2025 16:18:19 
DPDK git baseline: Repo:dpdk
  Branch: master
  CommitID:32c18e7364e30a8e43cc7cc6709a7ce606fa285e

150972 --> performance testing pass

Upstream job id: Template-DTS-Pipeline#210856

Test environment and result as below:

Ubuntu 24.04
Kernel: 6.8.0-45-generic
Compiler: gcc 13.2.0
NIC: NVIDIA Mellanox ConnectX-7 100000 Mbps
Fail/Total: 0/6

Detail performance results: 
+------------+---------+----------+-------------+------------------------------+
| frame_size | txd/rxd | num_cpus | num_threads |  throughput difference from  |
|            |         |          |             |           expected           |
+============+=========+==========+=============+==============================+
| 64         | 1024    | 1        | 1           | -1.3%                        |
+------------+---------+----------+-------------+------------------------------+
| 128        | 1024    | 1        | 1           | -1.1%                        |
+------------+---------+----------+-------------+------------------------------+
| 256        | 1024    | 1        | 1           | 0.7%                         |
+------------+---------+----------+-------------+------------------------------+
| 512        | 1024    | 1        | 1           | -0.2%                        |
+------------+---------+----------+-------------+------------------------------+
| 1024       | 1024    | 1        | 1           | -0.0%                        |
+------------+---------+----------+-------------+------------------------------+
| 1518       | 1024    | 1        | 1           | -0.1%                        |
+------------+---------+----------+-------------+------------------------------+

Ubuntu 24.04
Kernel: 6.8.0-45-generic
Compiler: gcc 13.2.0
NIC: Mellanox ConnectX-6 Lx 25000 Mbps
Fail/Total: 0/6

Detail performance results: 
+------------+---------+----------+-------------+------------------------------+
| frame_size | txd/rxd | num_cpus | num_threads |  throughput difference from  |
|            |         |          |             |           expected           |
+============+=========+==========+=============+==============================+
| 64         | 1024    | 1        | 1           | 0.0%                         |
+------------+---------+----------+-------------+------------------------------+
| 128        | 1024    | 1        | 1           | -0.2%                        |
+------------+---------+----------+-------------+------------------------------+
| 256        | 1024    | 1        | 1           | -0.2%                        |
+------------+---------+----------+-------------+------------------------------+
| 512        | 1024    | 1        | 1           | 0.1%                         |
+------------+---------+----------+-------------+------------------------------+
| 1024       | 1024    | 1        | 1           | 0.0%                         |
+------------+---------+----------+-------------+------------------------------+
| 1518       | 1024    | 1        | 1           | 0.1%                         |
+------------+---------+----------+-------------+------------------------------+

To view detailed results, visit:
https://lab.dpdk.org/results/dashboard/patchsets/32500/

UNH-IOL DPDK Community Lab

To manage your email subscriptions, visit: 
https://lab.dpdk.org/results/dashboard/preferences/subscriptions/

^ permalink raw reply	[flat|nested] 11+ messages in thread

end of thread, other threads:[~2025-02-05 20:28 UTC | newest]

Thread overview: 11+ messages (download: mbox.gz / follow: Atom feed)
-- links below jump to the message on this page --
     [not found] <20250205161823.2849595-1-bruce.richardson@intel.com>
2025-02-05 15:59 ` |SUCCESS| pw150972 [PATCH] build: remove support for icc compiler qemudev
2025-02-05 16:03 ` qemudev
2025-02-05 16:18 ` checkpatch
2025-02-05 17:45 ` 0-day Robot
2025-02-05 18:15 ` |FAILURE| " dpdklab
2025-02-05 18:18 ` |SUCCESS| " dpdklab
2025-02-05 18:39 ` dpdklab
2025-02-05 18:50 ` |PENDING| " dpdklab
2025-02-05 19:07 ` |SUCCESS| " dpdklab
2025-02-05 19:27 ` dpdklab
2025-02-05 20:28 ` dpdklab

This is a public inbox, see mirroring instructions
for how to clone and mirror all data and code used for this inbox;
as well as URLs for NNTP newsgroup(s).