automatic DPDK test reports
 help / color / mirror / Atom feed
From: dpdklab@iol.unh.edu
To: Test Report <test-report@dpdk.org>
Cc: dpdk-test-reports@iol.unh.edu
Subject: |SUCCESS| pw150974-150991 [PATCH] [v3,19/19] common/cnxk: fix null p
Date: Wed, 05 Feb 2025 15:36:42 -0800 (PST)	[thread overview]
Message-ID: <67a3f60a.050a0220.5b6cf.a20eSMTPIN_ADDED_MISSING@mx.google.com> (raw)
In-Reply-To: <20250205162448.161161-20-stephen@networkplumber.org>

Test-Label: iol-compile-amd64-testing
Test-Status: SUCCESS
http://dpdk.org/patch/150991

_Testing PASS_

Submitter: Stephen Hemminger <stephen@networkplumber.org>
Date: Wednesday, February 05 2025 16:23:20 
DPDK git baseline: Repo:dpdk
  Branch: master
  CommitID:32c18e7364e30a8e43cc7cc6709a7ce606fa285e

150974-150991 --> testing pass

Upstream job id: Windows-Compile-DPDK-Native#26453

Test environment and result as below:

+---------------------+--------------------+-------------------+-------------------------+----------------------+
|     Environment     | dpdk_meson_compile | dpdk_msvc_compile | dpdk_llvm_clang_compile | dpdk_mingw64_compile |
+=====================+====================+===================+=========================+======================+
| FreeBSD 13.4        | PASS               | SKIPPED           | SKIPPED                 | SKIPPED              |
+---------------------+--------------------+-------------------+-------------------------+----------------------+
| FreeBSD 14.2        | PASS               | SKIPPED           | SKIPPED                 | SKIPPED              |
+---------------------+--------------------+-------------------+-------------------------+----------------------+
| Windows Server 2022 | SKIPPED            | PASS              | PASS                    | PASS                 |
+---------------------+--------------------+-------------------+-------------------------+----------------------+


FreeBSD 13.4
	Kernel: 13.4-RELEASE-p1
	Compiler: clang 18.1.6

FreeBSD 14.2
	Kernel: 14.2-RELEASE
	Compiler: clang 18.1.6

Windows Server 2022
	Kernel: 10.0.20348.2031
	Compiler: clang 15.0.7, gcc 14.1.0 (MinGW), and MSVC VS 19.39.33521

To view detailed results, visit:
https://lab.dpdk.org/results/dashboard/patchsets/32501/

UNH-IOL DPDK Community Lab

To manage your email subscriptions, visit: 
https://lab.dpdk.org/results/dashboard/preferences/subscriptions/

  parent reply	other threads:[~2025-02-05 23:36 UTC|newest]

Thread overview: 20+ messages / expand[flat|nested]  mbox.gz  Atom feed  top
     [not found] <20250205162448.161161-20-stephen@networkplumber.org>
2025-02-05 15:53 ` |SUCCESS| pw150974-150991 [PATCH v3 19/19] common/cnxk: fix null ptr check qemudev
2025-02-05 15:58 ` qemudev
2025-02-05 16:28 ` |SUCCESS| pw150991 " checkpatch
2025-02-05 18:45 ` 0-day Robot
2025-02-05 21:43 ` |FAILURE| pw150974-150991 [PATCH] [v3,19/19] common/cnxk: fix null p dpdklab
2025-02-05 21:55 ` |SUCCESS| " dpdklab
2025-02-05 22:00 ` dpdklab
2025-02-05 22:10 ` dpdklab
2025-02-05 22:15 ` dpdklab
2025-02-05 22:17 ` dpdklab
2025-02-05 22:17 ` dpdklab
2025-02-05 22:21 ` dpdklab
2025-02-05 22:22 ` dpdklab
2025-02-05 22:33 ` |PENDING| " dpdklab
2025-02-05 22:58 ` dpdklab
2025-02-05 23:08 ` |SUCCESS| " dpdklab
2025-02-05 23:36 ` dpdklab [this message]
2025-02-06  0:09 ` dpdklab
2025-02-06  0:33 ` dpdklab
2025-02-06  2:04 ` |PENDING| " dpdklab

Reply instructions:

You may reply publicly to this message via plain-text email
using any one of the following methods:

* Save the following mbox file, import it into your mail client,
  and reply-to-all from there: mbox

  Avoid top-posting and favor interleaved quoting:
  https://en.wikipedia.org/wiki/Posting_style#Interleaved_style

* Reply using the --to, --cc, and --in-reply-to
  switches of git-send-email(1):

  git send-email \
    --in-reply-to=67a3f60a.050a0220.5b6cf.a20eSMTPIN_ADDED_MISSING@mx.google.com \
    --to=dpdklab@iol.unh.edu \
    --cc=dpdk-test-reports@iol.unh.edu \
    --cc=test-report@dpdk.org \
    /path/to/YOUR_REPLY

  https://kernel.org/pub/software/scm/git/docs/git-send-email.html

* If your mail client supports setting the In-Reply-To header
  via mailto: links, try the mailto: link
Be sure your reply has a Subject: header at the top and a blank line before the message body.
This is a public inbox, see mirroring instructions
for how to clone and mirror all data and code used for this inbox;
as well as URLs for NNTP newsgroup(s).