automatic DPDK test reports
 help / color / mirror / Atom feed
From: dpdklab@iol.unh.edu
To: Test Report <test-report@dpdk.org>
Cc: dpdk-test-reports@iol.unh.edu
Subject: |SUCCESS| pw151039 [PATCH] [v7,1/1] graph: mcore: optimize graph sea
Date: Wed, 05 Feb 2025 22:29:03 -0800 (PST)	[thread overview]
Message-ID: <67a456af.050a0220.3732d6.18e2SMTPIN_ADDED_MISSING@mx.google.com> (raw)
In-Reply-To: <20250206025322.2182-1-chcchc88@163.com>

Test-Label: iol-compile-amd64-testing
Test-Status: SUCCESS
http://dpdk.org/patch/151039

_Testing PASS_

Submitter: Huichao Cai <chcchc88@163.com>
Date: Thursday, February 06 2025 02:53:22 
DPDK git baseline: Repo:dpdk
  Branch: master
  CommitID:32c18e7364e30a8e43cc7cc6709a7ce606fa285e

151039 --> testing pass

Upstream job id: Windows-Compile-DPDK-Native#26464

Test environment and result as below:

+---------------------+-------------------+--------------------+-------------------------+
|     Environment     | dpdk_msvc_compile | dpdk_meson_compile | dpdk_llvm_clang_compile |
+=====================+===================+====================+=========================+
| Windows Server 2022 | PASS              | SKIPPED            | PASS                    |
+---------------------+-------------------+--------------------+-------------------------+
| FreeBSD 13.4        | SKIPPED           | PASS               | SKIPPED                 |
+---------------------+-------------------+--------------------+-------------------------+
| FreeBSD 14.2        | SKIPPED           | PASS               | SKIPPED                 |
+---------------------+-------------------+--------------------+-------------------------+


Windows Server 2022
	Kernel: 10.0.20348.2031
	Compiler: clang 15.0.7, gcc 14.1.0 (MinGW), and MSVC VS 19.39.33521

FreeBSD 13.4
	Kernel: 13.4-RELEASE-p1
	Compiler: clang 18.1.6

FreeBSD 14.2
	Kernel: 14.2-RELEASE
	Compiler: clang 18.1.6

To view detailed results, visit:
https://lab.dpdk.org/results/dashboard/patchsets/32508/

UNH-IOL DPDK Community Lab

To manage your email subscriptions, visit: 
https://lab.dpdk.org/results/dashboard/preferences/subscriptions/

  parent reply	other threads:[~2025-02-06  6:29 UTC|newest]

Thread overview: 17+ messages / expand[flat|nested]  mbox.gz  Atom feed  top
     [not found] <20250206025322.2182-1-chcchc88@163.com>
2025-02-06  2:19 ` |SUCCESS| pw151039 [PATCH v7 1/1] graph: mcore: optimize graph search qemudev
2025-02-06  2:23 ` qemudev
2025-02-06  2:53 ` checkpatch
2025-02-06  3:45 ` 0-day Robot
2025-02-06  3:58 ` |FAILURE| pw151039 [PATCH] [v7,1/1] graph: mcore: optimize graph sea dpdklab
2025-02-06  4:07 ` |SUCCESS| " dpdklab
2025-02-06  4:14 ` dpdklab
2025-02-06  4:23 ` dpdklab
2025-02-06  4:28 ` dpdklab
2025-02-06  5:42 ` |PENDING| " dpdklab
2025-02-06  5:52 ` dpdklab
2025-02-06  5:59 ` |SUCCESS| " dpdklab
2025-02-06  6:05 ` dpdklab
2025-02-06  6:08 ` |PENDING| " dpdklab
2025-02-06  6:29 ` dpdklab [this message]
2025-02-06  7:13 ` dpdklab
2025-02-06  7:59 ` |SUCCESS| " dpdklab

Reply instructions:

You may reply publicly to this message via plain-text email
using any one of the following methods:

* Save the following mbox file, import it into your mail client,
  and reply-to-all from there: mbox

  Avoid top-posting and favor interleaved quoting:
  https://en.wikipedia.org/wiki/Posting_style#Interleaved_style

* Reply using the --to, --cc, and --in-reply-to
  switches of git-send-email(1):

  git send-email \
    --in-reply-to=67a456af.050a0220.3732d6.18e2SMTPIN_ADDED_MISSING@mx.google.com \
    --to=dpdklab@iol.unh.edu \
    --cc=dpdk-test-reports@iol.unh.edu \
    --cc=test-report@dpdk.org \
    /path/to/YOUR_REPLY

  https://kernel.org/pub/software/scm/git/docs/git-send-email.html

* If your mail client supports setting the In-Reply-To header
  via mailto: links, try the mailto: link
Be sure your reply has a Subject: header at the top and a blank line before the message body.
This is a public inbox, see mirroring instructions
for how to clone and mirror all data and code used for this inbox;
as well as URLs for NNTP newsgroup(s).