From mboxrd@z Thu Jan 1 00:00:00 1970 Return-Path: Received: from mails.dpdk.org (mails.dpdk.org [217.70.189.124]) by inbox.dpdk.org (Postfix) with ESMTP id 34829461A8 for ; Thu, 6 Feb 2025 09:29:29 +0100 (CET) Received: from mails.dpdk.org (localhost [127.0.0.1]) by mails.dpdk.org (Postfix) with ESMTP id 2B8254066D; Thu, 6 Feb 2025 09:29:29 +0100 (CET) Received: from mail-io1-f97.google.com (mail-io1-f97.google.com [209.85.166.97]) by mails.dpdk.org (Postfix) with ESMTP id 4357E4026C for ; Thu, 6 Feb 2025 09:29:28 +0100 (CET) Received: by mail-io1-f97.google.com with SMTP id ca18e2360f4ac-844e1020253so20467139f.3 for ; Thu, 06 Feb 2025 00:29:28 -0800 (PST) DKIM-Signature: v=1; a=rsa-sha256; c=relaxed/relaxed; d=iol.unh.edu; s=unh-iol; t=1738830567; x=1739435367; darn=dpdk.org; h=cc:to:from:subject:message-id:date:from:to:cc:subject:date :message-id:reply-to; bh=1tEuPIwPEwy9eULxVyEZpLMmicr6qqQUnYotfAKR5Ck=; b=QBkdYdyaRGiFFUKKG6RPutjqsQWpIAnd3UymXMdV3yIo+jUKZ53c01jdJfSvYlIaeP MqnX9lVaKHqlwvh0EpSJDh1CAfDxa7ljJwkFw7UxLrlMYW0a2pCS+YEiqYguttq/YAQd VWePnkZ5hzdxlwtiQoOZ3Si5LdZdQYhZzZC9c= X-Google-DKIM-Signature: v=1; a=rsa-sha256; c=relaxed/relaxed; d=1e100.net; s=20230601; t=1738830567; x=1739435367; h=cc:to:from:subject:message-id:date:x-gm-message-state:from:to:cc :subject:date:message-id:reply-to; bh=1tEuPIwPEwy9eULxVyEZpLMmicr6qqQUnYotfAKR5Ck=; b=EaJnKaQEks5k830gx6AsNwfwep32Mf83WZPkFvgZEGXA+YIgMcOCSsQEq+ufsr6qWf WQUPEDzHv7vmo3tDueUMvVl4Tltmh6TPp7pnBe4C4TpDDzDPjMxw+DX6lt+M3irTc7EF Q5MGSaYRgNIH8agNbwIg7av/BB3Pguv+2G2KLNe1JIOXDbZpAaykFVZ9aQroJf5Ag/XW 3NOzmWIwvWCET7iMCHnGsBL1rAgdkGrwIl4BwAc3eHjAEKcTjS36+FEq6O6Yowu+5php v+7BuHfoFZx3c4wcj9Z62JdPWMyo7EB7BcdaPZXSKba1LZbmw58CKPMjciJRX6umRDvn PSFg== X-Gm-Message-State: AOJu0YxFSqTNnN9mluTXBZXRNpzIg7Ov7JO8+g8fTnba8NB4K+iascdt UiXX5s50mJ6lHuMzJVzk9DaiDw+EiYu2UN7bSSkondCiYoGfitVNHR3gIhRBLMzzTIU6pJJbrt1 8XytHTVKrjeMElbhQNXXIS5Y93yZUsZdThEQQmc+lEPUlgzgZ X-Gm-Gg: ASbGncsq6q1yU2bZd3CpNhqYkktef4A5qrHyhBsPlqPgc53ZVe5Pg3tjsjb9RqnXmyJ km5/fJFyOnpiZhrkKhEwWdkDuE+CVTCPpu5nqo6VEMxR9SW3bUI1BCY2R1zckwMeSTw4R1AH0HZ AqSEgGtrnbqYvz+xuV8BA9xgAVVCo151pIQsUlRwM0G0EzS47vBIiP68+XutSao+Z6QIg7V3jRy Owldo4/FZjkzW3+81x1Avs6H/wx7KI+YgeE7Ewy1FOmq42+T0sekf+DI3MZ3kzTPmY23aZgbZ4s Zq7Y1afHs1vrwJKqYDtLDreFEygr1xbUALyXLFXaEA== X-Google-Smtp-Source: AGHT+IF0TVv4SWEaMV8g/MHJ5HkWNbXAealW5oNYO0fgiTVTWhKRpcHZk37aS5rH/lRNVz9ipvD6ZbhPfJ8e X-Received: by 2002:a05:6602:358f:b0:849:8540:446 with SMTP id ca18e2360f4ac-854ea503a7emr624816339f.13.1738830567628; Thu, 06 Feb 2025 00:29:27 -0800 (PST) Received: from postal.iol.unh.edu (postal.iol.unh.edu. [2606:4100:3880:1234::84]) by smtp-relay.gmail.com with ESMTPS id 8926c6da1cb9f-4eccf9f3918sm51826173.36.2025.02.06.00.29.27 (version=TLS1_2 cipher=ECDHE-ECDSA-AES128-GCM-SHA256 bits=128/128); Thu, 06 Feb 2025 00:29:27 -0800 (PST) X-Relaying-Domain: iol.unh.edu Date: Thu, 06 Feb 2025 00:29:27 -0800 (PST) Message-ID: <67a472e7.050a0220.389d39.3377SMTPIN_ADDED_MISSING@mx.google.com> Received: from [172.21.0.6] (unknown [172.18.0.240]) by postal.iol.unh.edu (Postfix) with ESMTP id 275326052471; Thu, 6 Feb 2025 03:29:27 -0500 (EST) Subject: |WARNING| [GIT MASTER] 7ce7d3341d7e21c2a81f2fea8e451681d7306d77 From: dpdklab@iol.unh.edu To: Test Report Cc: dpdk-test-reports@iol.unh.edu, Xueming Li , Christian Ehrhardt , Kevin Traynor , Luca Boccassi Content-Type: text/plain X-BeenThere: test-report@dpdk.org X-Mailman-Version: 2.1.29 Precedence: list List-Id: automatic DPDK test reports List-Unsubscribe: , List-Archive: List-Post: List-Help: List-Subscribe: , Errors-To: test-report-bounces@dpdk.org _Testing issues_ Branch: tags/v22.11 7ce7d3341d7e21c2a81f2fea8e451681d7306d77 --> testing issues Upstream job id: Windows-Compile-DPDK-Native#26476 Test environment and result as below: +---------------------+--------------------+-------------------------+ | Environment | dpdk_meson_compile | dpdk_llvm_clang_compile | +=====================+====================+=========================+ | FreeBSD 13.4 | PASS | SKIPPED | +---------------------+--------------------+-------------------------+ | FreeBSD 14.2 | PASS | SKIPPED | +---------------------+--------------------+-------------------------+ | Windows Server 2022 | SKIPPED | FAIL | +---------------------+--------------------+-------------------------+ ==== 20 line log output for Windows Server 2022 (dpdk_llvm_clang_compile): ==== ..\lib\eal\include/rte_common.h:850:32: note: expanded from macro 'RTE_FMT_TAIL' #define RTE_FMT_TAIL(fmt, ...) __VA_ARGS__ ^~~~~~~~~~~ ..\lib\eal\include/rte_common.h:848:39: note: expanded from macro 'RTE_FMT' #define RTE_FMT(fmt, ...) fmt "%.0s", __VA_ARGS__ "" ^~~~~~~~~~~ ../drivers/crypto/mlx5/mlx5_crypto.c:463:18: note: forward declaration of 'struct mlx5_err_cqe' volatile struct mlx5_err_cqe *cqe = (volatile struct mlx5_err_cqe *) ^ 3 errors generated. [618/788] Compiling C object drivers/libtmp_rte_net_vmxnet3.a.p/net_vmxnet3_vmxnet3_ethdev.c.obj [619/788] Compiling C object drivers/libtmp_rte_crypto_mlx5.a.p/crypto_mlx5_mlx5_crypto_dek.c.obj [620/788] Compiling C object drivers/libtmp_rte_net_vmxnet3.a.p/net_vmxnet3_vmxnet3_rxtx.c.obj [621/788] Compiling C object app/dpdk-testpmd.exe.p/test-pmd_cmdline_mtr.c.obj [622/788] Compiling C object app/dpdk-testpmd.exe.p/test-pmd_cmdline_tm.c.obj [623/788] Generating rte_net_octeon_ep.pmd.c with a custom command (wrapped by meson to set PATH) [624/788] Compiling C object drivers/libtmp_rte_net_mlx5.a.p/net_mlx5_mlx5_tx_nompw.c.obj [625/788] Compiling C object drivers/libtmp_rte_net_mlx5.a.p/net_mlx5_mlx5_tx_empw.c.obj [626/788] Compiling C object drivers/libtmp_rte_net_mlx5.a.p/net_mlx5_mlx5_tx_txpp.c.obj ninja: build stopped: subcommand failed. ==== End log output ==== FreeBSD 13.4 Kernel: 13.4-RELEASE-p1 Compiler: clang 18.1.6 FreeBSD 14.2 Kernel: 14.2-RELEASE Compiler: clang 18.1.6 Windows Server 2022 Kernel: 10.0.20348.2031 Compiler: clang 15.0.7, gcc 14.1.0 (MinGW), and MSVC VS 19.39.33521 To view detailed results, visit: https://lab.dpdk.org/results/dashboard/tarballs/32468/ UNH-IOL DPDK Community Lab To manage your email subscriptions, visit: https://lab.dpdk.org/results/dashboard/preferences/subscriptions/