From mboxrd@z Thu Jan 1 00:00:00 1970 Return-Path: Received: from mails.dpdk.org (mails.dpdk.org [217.70.189.124]) by inbox.dpdk.org (Postfix) with ESMTP id F0EA4461A8 for ; Thu, 6 Feb 2025 09:37:49 +0100 (CET) Received: from mails.dpdk.org (localhost [127.0.0.1]) by mails.dpdk.org (Postfix) with ESMTP id D5AA04066D; Thu, 6 Feb 2025 09:37:49 +0100 (CET) Received: from mail-qv1-f97.google.com (mail-qv1-f97.google.com [209.85.219.97]) by mails.dpdk.org (Postfix) with ESMTP id E833C4026C for ; Thu, 6 Feb 2025 09:37:48 +0100 (CET) Received: by mail-qv1-f97.google.com with SMTP id 6a1803df08f44-6e436c59113so6261906d6.3 for ; Thu, 06 Feb 2025 00:37:48 -0800 (PST) DKIM-Signature: v=1; a=rsa-sha256; c=relaxed/relaxed; d=iol.unh.edu; s=unh-iol; t=1738831068; x=1739435868; darn=dpdk.org; h=cc:to:from:subject:message-id:date:from:to:cc:subject:date :message-id:reply-to; bh=FBoAjPvXsb0EPhvcdoaWPjkwJ115dPy9rGIc7XNjI6c=; b=Y+SmDbIGWtzX5AtWMKNPnO7d9gk8Me9V9Vvz3qNDZNjgIJuChbqqmxSXKXaDlEXCvm RNdAwnTBnpTFjWy21ptq5P+xwV8j+vkMkKGqvxR+0jogZVMk6GprrFv04GUrl9plDCWF m7CgVWIE2aDciQO7DCgxCEp0LPrYodUT7O788= X-Google-DKIM-Signature: v=1; a=rsa-sha256; c=relaxed/relaxed; d=1e100.net; s=20230601; t=1738831068; x=1739435868; h=cc:to:from:subject:message-id:date:x-gm-message-state:from:to:cc :subject:date:message-id:reply-to; bh=FBoAjPvXsb0EPhvcdoaWPjkwJ115dPy9rGIc7XNjI6c=; b=PFCtNVUh87PcZjNDxAUF57g3V6EbRxI1f5DqPxDEcdm4xddinVf5Mn03zF4n/Y4z1o hojQCuC11/C4Dzud+OJC9iQNBetTSrxnRsEH/yV38Z888p96UskPsD0B3IoHpH3KHuLd 5TocCj957+ITk90bLUEMgjVclaRMFYebTdL4xhPyyRz3bNCqISqtRlzSx0EpguszvZhT b4rTqoaEqfrXM3Gh5AJqSNaEFtb2wQfu22Nhn1/zkpvg4XG5sRZ6CMkjOiuoNN7Ol4x0 rKShVv4HfjCTY888PQW6upsHoelb7cNBRpVr/4wAXhYh0RtCrL8ERxqaiVSqfIIBkVIA KgZQ== X-Gm-Message-State: AOJu0Yyd8RnCddVnHLYOX35PUVmW1b1xgXXprkfpjZieHIxtVifN2SEJ cwrxnnYmSevGO9CgpIHuTzuyT49AAzCwFbkOIEhaltU3NPn9dNN18TZA1z8/2NsV5EC4wYDms7M olAL9srbf3A/4m2kkfHMM5eCaPSGFD8My X-Gm-Gg: ASbGnctNJL+JpenOiSH8ucloEQpW9pY1RUwwsgzEThO2KAgpNnEQcab3gg7tlCLcQgd b+JwmKTAOk0HYGWl/HHo8QgoxYbi1jg/+hUjAkS081wJcXSAE+tD/ard+RioQ44BK43f7+beWgU ioSl3KcC4oPajDhZU5oCf3u8uoJnmJx5fpuWtKhOm2IurAzcw17ZPiEvRvM92Ihfpd0dei7rXzD fb4UmYV/Qtb2MntKYAiYLM5HY8SNvjBRsek7zOyauHEsmEF3shNNJDNFEUvT19Xmcm/w5eLc5UJ amt1+nnvELYo9fY5Se+lmAtGt8f/fw== X-Google-Smtp-Source: AGHT+IEYC1KDBWi4Sxsjiendeiz093WSn0yZl/B+kxRLuRiiK/BAqe4DcpZ9S5wBHpjtK7oimJWNc8JuqzkA X-Received: by 2002:a05:6214:3f8b:b0:6dd:d24:305c with SMTP id 6a1803df08f44-6e42fc3e596mr99701776d6.37.1738831068371; Thu, 06 Feb 2025 00:37:48 -0800 (PST) Received: from postal.iol.unh.edu (postal.iol.unh.edu. [132.177.123.84]) by smtp-relay.gmail.com with ESMTPS id 6a1803df08f44-6e43ba409c2sm554456d6.23.2025.02.06.00.37.48 (version=TLS1_2 cipher=ECDHE-ECDSA-AES128-GCM-SHA256 bits=128/128); Thu, 06 Feb 2025 00:37:48 -0800 (PST) X-Relaying-Domain: iol.unh.edu Date: Thu, 06 Feb 2025 00:37:48 -0800 (PST) Message-ID: <67a474dc.050a0220.44cd0.3716SMTPIN_ADDED_MISSING@mx.google.com> Received: from [172.21.0.5] (unknown [172.18.0.240]) by postal.iol.unh.edu (Postfix) with ESMTP id 14A336052471; Thu, 6 Feb 2025 03:37:48 -0500 (EST) Subject: |WARNING| [GIT MASTER] 7ce7d3341d7e21c2a81f2fea8e451681d7306d77 From: dpdklab@iol.unh.edu To: Test Report Cc: dpdk-test-reports@iol.unh.edu, Xueming Li , Christian Ehrhardt , Kevin Traynor , Luca Boccassi Content-Type: text/plain X-BeenThere: test-report@dpdk.org X-Mailman-Version: 2.1.29 Precedence: list List-Id: automatic DPDK test reports List-Unsubscribe: , List-Archive: List-Post: List-Help: List-Subscribe: , Errors-To: test-report-bounces@dpdk.org _Testing issues_ Branch: tags/v22.11 7ce7d3341d7e21c2a81f2fea8e451681d7306d77 --> testing issues Upstream job id: Windows-Compile-DPDK-Native#26477 Test environment and result as below: +---------------------+--------------------+-------------------------+----------------------+ | Environment | dpdk_meson_compile | dpdk_llvm_clang_compile | dpdk_mingw64_compile | +=====================+====================+=========================+======================+ | FreeBSD 13.4 | PASS | SKIPPED | SKIPPED | +---------------------+--------------------+-------------------------+----------------------+ | FreeBSD 14.2 | PASS | SKIPPED | SKIPPED | +---------------------+--------------------+-------------------------+----------------------+ | Windows Server 2022 | SKIPPED | FAIL | PASS | +---------------------+--------------------+-------------------------+----------------------+ ==== 20 line log output for Windows Server 2022 (dpdk_llvm_clang_compile): ==== ..\lib\eal\include/rte_common.h:850:32: note: expanded from macro 'RTE_FMT_TAIL' #define RTE_FMT_TAIL(fmt, ...) __VA_ARGS__ ^~~~~~~~~~~ ..\lib\eal\include/rte_common.h:848:39: note: expanded from macro 'RTE_FMT' #define RTE_FMT(fmt, ...) fmt "%.0s", __VA_ARGS__ "" ^~~~~~~~~~~ ../drivers/crypto/mlx5/mlx5_crypto.c:463:18: note: forward declaration of 'struct mlx5_err_cqe' volatile struct mlx5_err_cqe *cqe = (volatile struct mlx5_err_cqe *) ^ 3 errors generated. [618/788] Compiling C object drivers/libtmp_rte_net_vmxnet3.a.p/net_vmxnet3_vmxnet3_ethdev.c.obj [619/788] Compiling C object drivers/libtmp_rte_crypto_mlx5.a.p/crypto_mlx5_mlx5_crypto_dek.c.obj [620/788] Compiling C object drivers/libtmp_rte_net_vmxnet3.a.p/net_vmxnet3_vmxnet3_rxtx.c.obj [621/788] Compiling C object app/dpdk-testpmd.exe.p/test-pmd_cmdline_mtr.c.obj [622/788] Compiling C object app/dpdk-testpmd.exe.p/test-pmd_cmdline_tm.c.obj [623/788] Generating rte_net_octeon_ep.pmd.c with a custom command (wrapped by meson to set PATH) [624/788] Compiling C object drivers/libtmp_rte_net_mlx5.a.p/net_mlx5_mlx5_tx_nompw.c.obj [625/788] Compiling C object drivers/libtmp_rte_net_mlx5.a.p/net_mlx5_mlx5_tx_empw.c.obj [626/788] Compiling C object drivers/libtmp_rte_net_mlx5.a.p/net_mlx5_mlx5_tx_txpp.c.obj ninja: build stopped: subcommand failed. ==== End log output ==== FreeBSD 13.4 Kernel: 13.4-RELEASE-p1 Compiler: clang 18.1.6 FreeBSD 14.2 Kernel: 14.2-RELEASE Compiler: clang 18.1.6 Windows Server 2022 Kernel: 10.0.20348.2031 Compiler: clang 15.0.7, gcc 14.1.0 (MinGW), and MSVC VS 19.39.33521 To view detailed results, visit: https://lab.dpdk.org/results/dashboard/tarballs/32468/ UNH-IOL DPDK Community Lab To manage your email subscriptions, visit: https://lab.dpdk.org/results/dashboard/preferences/subscriptions/