automatic DPDK test reports
 help / color / mirror / Atom feed
From: dpdklab@iol.unh.edu
To: Test Report <test-report@dpdk.org>
Cc: dpdk-test-reports@iol.unh.edu
Subject: |SUCCESS| pw151039 [PATCH] [v7,1/1] graph: mcore: optimize graph sea
Date: Thu, 06 Feb 2025 08:27:44 -0800 (PST)	[thread overview]
Message-ID: <67a4e300.c80a0220.aca81.3aeeSMTPIN_ADDED_MISSING@mx.google.com> (raw)
In-Reply-To: <20250206025322.2182-1-chcchc88@163.com>

Test-Label: iol-compile-amd64-testing
Test-Status: SUCCESS
http://dpdk.org/patch/151039

_Testing PASS_

Submitter: Huichao Cai <chcchc88@163.com>
Date: Thursday, February 06 2025 02:53:22 
DPDK git baseline: Repo:dpdk
  Branch: master
  CommitID:32c18e7364e30a8e43cc7cc6709a7ce606fa285e

151039 --> testing pass

Upstream job id: Generic-DPDK-Compile-Meson#358424

Test environment and result as below:

+---------------------+-------------------+--------------------+-------------------------+----------------------+------------------+-------------------+
|     Environment     | dpdk_msvc_compile | dpdk_meson_compile | dpdk_llvm_clang_compile | dpdk_mingw64_compile | dpdk_compile_ovs | dpdk_compile_spdk |
+=====================+===================+====================+=========================+======================+==================+===================+
| Windows Server 2022 | PASS              | SKIPPED            | PASS                    | PASS                 | SKIPPED          | SKIPPED           |
+---------------------+-------------------+--------------------+-------------------------+----------------------+------------------+-------------------+
| FreeBSD 13.4        | SKIPPED           | PASS               | SKIPPED                 | SKIPPED              | SKIPPED          | SKIPPED           |
+---------------------+-------------------+--------------------+-------------------------+----------------------+------------------+-------------------+
| FreeBSD 14.2        | SKIPPED           | PASS               | SKIPPED                 | SKIPPED              | SKIPPED          | SKIPPED           |
+---------------------+-------------------+--------------------+-------------------------+----------------------+------------------+-------------------+
| CentOS Stream 9     | SKIPPED           | PASS               | SKIPPED                 | SKIPPED              | PASS             | PASS              |
+---------------------+-------------------+--------------------+-------------------------+----------------------+------------------+-------------------+
| Debian Bullseye     | SKIPPED           | PASS               | SKIPPED                 | SKIPPED              | PASS             | PASS              |
+---------------------+-------------------+--------------------+-------------------------+----------------------+------------------+-------------------+
| Debian 12           | SKIPPED           | PASS               | SKIPPED                 | SKIPPED              | PASS             | PASS              |
+---------------------+-------------------+--------------------+-------------------------+----------------------+------------------+-------------------+
| Fedora 40 (Clang)   | SKIPPED           | PASS               | SKIPPED                 | SKIPPED              | PASS             | PASS              |
+---------------------+-------------------+--------------------+-------------------------+----------------------+------------------+-------------------+
| Fedora 40           | SKIPPED           | PASS               | SKIPPED                 | SKIPPED              | PASS             | PASS              |
+---------------------+-------------------+--------------------+-------------------------+----------------------+------------------+-------------------+
| Fedora 41 (Clang)   | SKIPPED           | PASS               | SKIPPED                 | SKIPPED              | PASS             | PASS              |
+---------------------+-------------------+--------------------+-------------------------+----------------------+------------------+-------------------+
| Fedora 41           | SKIPPED           | PASS               | SKIPPED                 | SKIPPED              | PASS             | PASS              |
+---------------------+-------------------+--------------------+-------------------------+----------------------+------------------+-------------------+
| openSUSE Leap 15    | SKIPPED           | PASS               | SKIPPED                 | SKIPPED              | SKIPPED          | SKIPPED           |
+---------------------+-------------------+--------------------+-------------------------+----------------------+------------------+-------------------+
| RHEL8               | SKIPPED           | PASS               | SKIPPED                 | SKIPPED              | PASS             | SKIPPED           |
+---------------------+-------------------+--------------------+-------------------------+----------------------+------------------+-------------------+
| RHEL9               | SKIPPED           | PASS               | SKIPPED                 | SKIPPED              | PASS             | SKIPPED           |
+---------------------+-------------------+--------------------+-------------------------+----------------------+------------------+-------------------+
| Ubuntu 20.04        | SKIPPED           | PASS               | SKIPPED                 | SKIPPED              | SKIPPED          | SKIPPED           |
+---------------------+-------------------+--------------------+-------------------------+----------------------+------------------+-------------------+
| Ubuntu 22.04        | SKIPPED           | PASS               | SKIPPED                 | SKIPPED              | PASS             | PASS              |
+---------------------+-------------------+--------------------+-------------------------+----------------------+------------------+-------------------+
| Ubuntu 24.04        | SKIPPED           | PASS               | SKIPPED                 | SKIPPED              | PASS             | PASS              |
+---------------------+-------------------+--------------------+-------------------------+----------------------+------------------+-------------------+
| Alpine              | SKIPPED           | PASS               | SKIPPED                 | SKIPPED              | PASS             | SKIPPED           |
+---------------------+-------------------+--------------------+-------------------------+----------------------+------------------+-------------------+


Windows Server 2022
	Kernel: 10.0.20348.2031
	Compiler: clang 15.0.7, gcc 14.1.0 (MinGW), and MSVC VS 19.39.33521

FreeBSD 13.4
	Kernel: 13.4-RELEASE-p1
	Compiler: clang 18.1.6

FreeBSD 14.2
	Kernel: 14.2-RELEASE
	Compiler: clang 18.1.6

CentOS Stream 9
	Kernel: Depends on container host
	Compiler: gcc 11.5.0 20240719 (Red Hat 11.5.0-2)

Debian Bullseye
	Kernel: Depends on container host
	Compiler: gcc (Debian 10.2.1-6) 10.2.1 20210110

Debian 12
	Kernel: Depends on container host
	Compiler: gcc (Debian 12.2.0-14) 12.2.0

Fedora 40 (Clang)
	Kernel: Depends on container host
	Compiler: clang 18.1.8 (Fedora 18.1.8-1.fc40)

Fedora 40
	Kernel: Depends on container host
	Compiler: gcc 14.2.1 20240912 (Red Hat 14.2.1-3)

Fedora 41 (Clang)
	Kernel: Depends on container host
	Compiler: clang 19.1.5 (Fedora 19.1.5-1.fc41)

Fedora 41
	Kernel: Depends on container host
	Compiler: gcc 14.2.1 20240912 (Red Hat 14.2.1-3)

openSUSE Leap 15
	Kernel: Depends on container host
	Compiler: gcc (SUSE Linux) 7.5.0

RHEL8
	Kernel: Depends on container host
	Compiler: gcc 8.5.0 20210514 (Red Hat 8.5.0-22)

RHEL9
	Kernel: Depends on container host
	Compiler: gcc 11.5.0 20240719 (Red Hat 11.5.0-2)

Ubuntu 20.04
	Kernel: Depends on container host
	Compiler: gcc (Ubuntu 9.4.0-1ubuntu1~20.04.2) 9.4.0

Ubuntu 22.04
	Kernel: Depends on container host
	Compiler: gcc (Ubuntu 11.4.0-1ubuntu1~22.04) 11.4.0

Ubuntu 24.04
	Kernel: Depends on container host
	Compiler: gcc (Ubuntu 13.3.0-6ubuntu2~24.04) 13.3.0

Alpine
	Kernel: Depends on container host
	Compiler: gcc (Alpine 14.2.0) 14.2.0

To view detailed results, visit:
https://lab.dpdk.org/results/dashboard/patchsets/32508/

UNH-IOL DPDK Community Lab

To manage your email subscriptions, visit: 
https://lab.dpdk.org/results/dashboard/preferences/subscriptions/

  parent reply	other threads:[~2025-02-06 16:27 UTC|newest]

Thread overview: 22+ messages / expand[flat|nested]  mbox.gz  Atom feed  top
     [not found] <20250206025322.2182-1-chcchc88@163.com>
2025-02-06  2:19 ` |SUCCESS| pw151039 [PATCH v7 1/1] graph: mcore: optimize graph search qemudev
2025-02-06  2:23 ` qemudev
2025-02-06  2:53 ` checkpatch
2025-02-06  3:45 ` 0-day Robot
2025-02-06  3:58 ` |FAILURE| pw151039 [PATCH] [v7,1/1] graph: mcore: optimize graph sea dpdklab
2025-02-06  4:07 ` |SUCCESS| " dpdklab
2025-02-06  4:14 ` dpdklab
2025-02-06  4:23 ` dpdklab
2025-02-06  4:28 ` dpdklab
2025-02-06  5:42 ` |PENDING| " dpdklab
2025-02-06  5:52 ` dpdklab
2025-02-06  5:59 ` |SUCCESS| " dpdklab
2025-02-06  6:05 ` dpdklab
2025-02-06  6:08 ` |PENDING| " dpdklab
2025-02-06  6:29 ` |SUCCESS| " dpdklab
2025-02-06  7:13 ` |PENDING| " dpdklab
2025-02-06  7:59 ` |SUCCESS| " dpdklab
2025-02-06 11:50 ` dpdklab
2025-02-06 12:21 ` dpdklab
2025-02-06 16:27 ` dpdklab [this message]
2025-02-06 16:47 ` dpdklab
2025-02-06 17:52 ` dpdklab

Reply instructions:

You may reply publicly to this message via plain-text email
using any one of the following methods:

* Save the following mbox file, import it into your mail client,
  and reply-to-all from there: mbox

  Avoid top-posting and favor interleaved quoting:
  https://en.wikipedia.org/wiki/Posting_style#Interleaved_style

* Reply using the --to, --cc, and --in-reply-to
  switches of git-send-email(1):

  git send-email \
    --in-reply-to=67a4e300.c80a0220.aca81.3aeeSMTPIN_ADDED_MISSING@mx.google.com \
    --to=dpdklab@iol.unh.edu \
    --cc=dpdk-test-reports@iol.unh.edu \
    --cc=test-report@dpdk.org \
    /path/to/YOUR_REPLY

  https://kernel.org/pub/software/scm/git/docs/git-send-email.html

* If your mail client supports setting the In-Reply-To header
  via mailto: links, try the mailto: link
Be sure your reply has a Subject: header at the top and a blank line before the message body.
This is a public inbox, see mirroring instructions
for how to clone and mirror all data and code used for this inbox;
as well as URLs for NNTP newsgroup(s).