automatic DPDK test reports
 help / color / mirror / Atom feed
* |SUCCESS| pw151071 [PATCH v3] net: add thread-safe crc api
       [not found] <20250206203844.3874038-1-arkadiuszx.kusztal@intel.com>
@ 2025-02-06 20:11 ` qemudev
  2025-02-06 20:16 ` qemudev
                   ` (18 subsequent siblings)
  19 siblings, 0 replies; 20+ messages in thread
From: qemudev @ 2025-02-06 20:11 UTC (permalink / raw)
  To: test-report

Test-Label: loongarch-compilation
Test-Status: SUCCESS
http://dpdk.org/patch/151071

_Compilation OK_

Submitter: Arkadiusz Kusztal <arkadiuszx.kusztal@intel.com>
Date: Thu,  6 Feb 2025 20:38:44 +0000
DPDK git baseline: Repo:dpdk-next-crypto
  Branch: for-main
  CommitID: 7125636162d67b1c40ba6802a3ff4466d125d243

151071 --> meson & ninja build successfully

Test environment and result as below:

+---------------------+----------------+
|     Environment     | compilation    |
+---------------------+----------------+
| Loongnix-Server 8.3 | PASS           |
+---------------------+----------------+

Loongnix-Server 8.3
    Kernel: 4.19.190+
    Compiler: gcc 8.3


^ permalink raw reply	[flat|nested] 20+ messages in thread

* |SUCCESS| pw151071 [PATCH v3] net: add thread-safe crc api
       [not found] <20250206203844.3874038-1-arkadiuszx.kusztal@intel.com>
  2025-02-06 20:11 ` |SUCCESS| pw151071 [PATCH v3] net: add thread-safe crc api qemudev
@ 2025-02-06 20:16 ` qemudev
  2025-02-06 20:38 ` |WARNING| " checkpatch
                   ` (17 subsequent siblings)
  19 siblings, 0 replies; 20+ messages in thread
From: qemudev @ 2025-02-06 20:16 UTC (permalink / raw)
  To: test-report

Test-Label: loongarch-unit-testing
Test-Status: SUCCESS
http://dpdk.org/patch/151071

_Unit Testing PASS_

Submitter: Arkadiusz Kusztal <arkadiuszx.kusztal@intel.com>
Date: Thu,  6 Feb 2025 20:38:44 +0000
DPDK git baseline: Repo:dpdk-next-crypto
  Branch: for-main
  CommitID: 7125636162d67b1c40ba6802a3ff4466d125d243

151071 --> testing pass

Test environment and result as below:

+---------------------+----------------+
|     Environment     | dpdk_unit_test |
+---------------------+----------------+
| Loongnix-Server 8.3 | PASS           |
+---------------------+----------------+

Loongnix-Server 8.3
    Kernel: 4.19.190+
    Compiler: gcc 8.3


Test result details:
  1/119 DPDK:fast-tests / acl_autotest                            OK              3.27s
  2/119 DPDK:fast-tests / alarm_autotest                          OK              1.53s
  3/119 DPDK:fast-tests / argparse_autotest                       OK              0.52s
  4/119 DPDK:fast-tests / atomic_autotest                         OK              7.23s
  5/119 DPDK:fast-tests / bitcount_autotest                       OK              0.43s
  6/119 DPDK:fast-tests / bitmap_autotest                         OK              0.43s
  7/119 DPDK:fast-tests / bitops_autotest                         OK              1.93s
  8/119 DPDK:fast-tests / bitratestats_autotest                   OK              0.43s
  9/119 DPDK:fast-tests / bitset_autotest                         OK              3.04s
 10/119 DPDK:fast-tests / bpf_autotest                            OK              0.43s
 11/119 DPDK:fast-tests / bpf_convert_autotest                    OK              0.43s
 12/119 DPDK:fast-tests / byteorder_autotest                      OK              0.43s
 13/119 DPDK:fast-tests / cfgfile_autotest                        OK              0.43s
 14/119 DPDK:fast-tests / cksum_autotest                          OK              0.43s
 15/119 DPDK:fast-tests / cmdline_autotest                        OK              0.43s
 16/119 DPDK:fast-tests / common_autotest                         OK              1.31s
 17/119 DPDK:fast-tests / compressdev_autotest                    SKIP            0.07s   exit status 77
 18/119 DPDK:fast-tests / cpuflags_autotest                       OK              0.42s
 19/119 DPDK:fast-tests / crc_autotest                            OK              0.43s
 20/119 DPDK:fast-tests / user_delay_us                           OK              0.43s
 21/119 DPDK:fast-tests / debug_autotest                          OK             25.81s
 22/119 DPDK:fast-tests / devargs_autotest                        OK              0.43s
 23/119 DPDK:fast-tests / dispatcher_autotest                     OK              2.52s
 24/119 DPDK:fast-tests / distributor_autotest                    OK              1.20s
 25/119 DPDK:fast-tests / eal_flags_c_opt_autotest                OK              0.78s
 26/119 DPDK:fast-tests / eal_flags_main_opt_autotest             OK              0.22s
 27/119 DPDK:fast-tests / eal_flags_n_opt_autotest                OK              0.20s
 28/119 DPDK:fast-tests / eal_flags_hpet_autotest                 OK              0.13s
 29/119 DPDK:fast-tests / eal_flags_no_huge_autotest              OK              0.22s
 30/119 DPDK:fast-tests / eal_flags_a_opt_autotest                OK              0.29s
 31/119 DPDK:fast-tests / eal_flags_b_opt_autotest                OK              0.25s
 32/119 DPDK:fast-tests / eal_flags_vdev_opt_autotest             OK              0.19s
 33/119 DPDK:fast-tests / eal_flags_r_opt_autotest                OK              0.19s
 34/119 DPDK:fast-tests / eal_flags_mem_autotest                  OK              0.59s
 35/119 DPDK:fast-tests / eal_flags_file_prefix_autotest          OK             22.24s
 36/119 DPDK:fast-tests / eal_flags_misc_autotest                 OK              1.04s
 37/119 DPDK:fast-tests / eal_fs_autotest                         OK              0.43s
 38/119 DPDK:fast-tests / errno_autotest                          OK              0.43s
 39/119 DPDK:fast-tests / ethdev_link_status                      OK              0.43s
 40/119 DPDK:fast-tests / event_eth_tx_adapter_autotest           OK              1.69s
 41/119 DPDK:fast-tests / event_ring_autotest                     OK              0.43s
 42/119 DPDK:fast-tests / eventdev_common_autotest                OK              0.43s
 43/119 DPDK:fast-tests / eventdev_selftest_sw                    OK              7.20s
 44/119 DPDK:fast-tests / fbarray_autotest                        OK              0.43s
 45/119 DPDK:fast-tests / fib_autotest                            OK              1.33s
 46/119 DPDK:fast-tests / fib6_autotest                           OK              1.11s
 47/119 DPDK:fast-tests / func_reentrancy_autotest                OK              2.23s
 48/119 DPDK:fast-tests / graph_autotest                          OK              0.43s
 49/119 DPDK:fast-tests / node_list_dump                          OK              0.43s
 50/119 DPDK:fast-tests / hash_autotest                           OK              1.05s
 51/119 DPDK:fast-tests / hash_readwrite_func_autotest            OK              6.39s
 52/119 DPDK:fast-tests / interrupt_autotest                      OK              1.73s
 53/119 DPDK:fast-tests / ipfrag_autotest                         OK              0.07s
 54/119 DPDK:fast-tests / ipsec_autotest                          SKIP            0.43s   exit status 77
 55/119 DPDK:fast-tests / kvargs_autotest                         OK              0.43s
 56/119 DPDK:fast-tests / latencystats_autotest                   OK              0.43s
 57/119 DPDK:fast-tests / lcore_var_autotest                      OK              0.58s
 58/119 DPDK:fast-tests / lcores_autotest                         OK              5.24s
 59/119 DPDK:fast-tests / logs_autotest                           OK              0.43s
 60/119 DPDK:fast-tests / lpm_autotest                            OK              2.50s
 61/119 DPDK:fast-tests / lpm6_autotest                           OK              5.67s
 62/119 DPDK:fast-tests / malloc_autotest                         OK             63.15s
 63/119 DPDK:fast-tests / mbuf_autotest                           OK              5.66s
 64/119 DPDK:fast-tests / mcslock_autotest                        OK              3.79s
 65/119 DPDK:fast-tests / member_autotest                         OK              1.64s
 66/119 DPDK:fast-tests / memcpy_autotest                         OK              6.71s
 67/119 DPDK:fast-tests / memory_autotest                         OK              0.10s
 68/119 DPDK:fast-tests / mempool_autotest                        OK              0.43s
 69/119 DPDK:fast-tests / memzone_autotest                        OK              0.14s
 70/119 DPDK:fast-tests / meter_autotest                          OK              0.42s
 71/119 DPDK:fast-tests / metrics_autotest                        OK              0.43s
 72/119 DPDK:fast-tests / multiprocess_autotest                   OK              0.18s
 73/119 DPDK:fast-tests / net_ether_autotest                      OK              1.09s
 74/119 DPDK:fast-tests / net_ipv6_autotest                       OK              0.43s
 75/119 DPDK:fast-tests / pcapng_autotest                         OK              6.96s
 76/119 DPDK:fast-tests / pdcp_autotest                           SKIP            0.07s   exit status 77
 77/119 DPDK:fast-tests / pdump_autotest                          OK              0.54s
 78/119 DPDK:fast-tests / per_lcore_autotest                      OK              0.53s
 79/119 DPDK:fast-tests / pflock_autotest                         OK              1.24s
 80/119 DPDK:fast-tests / pie_autotest                            OK              0.43s
 81/119 DPDK:fast-tests / ring_pmd_autotest                       OK              0.43s
 82/119 DPDK:fast-tests / power_autotest                          OK              0.43s
 83/119 DPDK:fast-tests / power_cpufreq_autotest                  SKIP            0.07s   exit status 77
 84/119 DPDK:fast-tests / power_intel_uncore_autotest             SKIP            0.42s   exit status 77
 85/119 DPDK:fast-tests / power_kvm_vm_autotest                   SKIP            0.07s   exit status 77
 86/119 DPDK:fast-tests / prefetch_autotest                       OK              0.42s
 87/119 DPDK:fast-tests / ptr_compress_autotest                   OK              0.43s
 88/119 DPDK:fast-tests / rawdev_autotest                         OK              0.43s
 89/119 DPDK:fast-tests / rcu_qsbr_autotest                       OK              0.95s
 90/119 DPDK:fast-tests / reorder_autotest                        OK              0.49s
 91/119 DPDK:fast-tests / rib_autotest                            OK              9.08s
 92/119 DPDK:fast-tests / rib6_autotest                           OK              9.07s
 93/119 DPDK:fast-tests / ring_autotest                           OK              0.46s
 94/119 DPDK:fast-tests / rwlock_test1_autotest                   OK              1.18s
 95/119 DPDK:fast-tests / rwlock_rda_autotest                     OK              5.43s
 96/119 DPDK:fast-tests / rwlock_rds_wrm_autotest                 OK              5.52s
 97/119 DPDK:fast-tests / rwlock_rde_wro_autotest                 OK              5.43s
 98/119 DPDK:fast-tests / sched_autotest                          OK              0.44s
 99/119 DPDK:fast-tests / security_autotest                       OK              0.07s
100/119 DPDK:fast-tests / seqlock_autotest                        OK              2.42s
101/119 DPDK:fast-tests / service_autotest                        OK              3.13s
102/119 DPDK:fast-tests / soring_autotest                         OK              0.43s
103/119 DPDK:fast-tests / spinlock_autotest                       OK              0.51s
104/119 DPDK:fast-tests / stack_autotest                          OK              0.87s
105/119 DPDK:fast-tests / stack_lf_autotest                       SKIP            0.06s   exit status 77
106/119 DPDK:fast-tests / string_autotest                         OK              0.42s
107/119 DPDK:fast-tests / table_autotest                          OK              7.96s
108/119 DPDK:fast-tests / tailq_autotest                          OK              0.42s
109/119 DPDK:fast-tests / telemetry_data_autotest                 OK              0.43s
110/119 DPDK:fast-tests / telemetry_json_autotest                 OK              0.43s
111/119 DPDK:fast-tests / thash_autotest                          OK              0.44s
112/119 DPDK:fast-tests / threads_autotest                        OK              0.61s
113/119 DPDK:fast-tests / ticketlock_autotest                     OK              0.59s
114/119 DPDK:fast-tests / timer_autotest                          OK              3.96s
115/119 DPDK:fast-tests / trace_autotest                          OK              0.42s
116/119 DPDK:fast-tests / trace_autotest_with_traces              OK              0.43s
117/119 DPDK:fast-tests / vdev_autotest                           OK              0.42s
118/119 DPDK:fast-tests / version_autotest                        OK              0.43s
119/119 DPDK:fast-tests / telemetry_all                           OK              1.35s


Ok:                 112
Expected Fail:      0
Fail:               0
Unexpected Pass:    0
Skipped:            7
Timeout:            0


^ permalink raw reply	[flat|nested] 20+ messages in thread

* |WARNING| pw151071 [PATCH v3] net: add thread-safe crc api
       [not found] <20250206203844.3874038-1-arkadiuszx.kusztal@intel.com>
  2025-02-06 20:11 ` |SUCCESS| pw151071 [PATCH v3] net: add thread-safe crc api qemudev
  2025-02-06 20:16 ` qemudev
@ 2025-02-06 20:38 ` checkpatch
  2025-02-07  0:01 ` |SUCCESS| pw151071 [PATCH] [v3] " dpdklab
                   ` (16 subsequent siblings)
  19 siblings, 0 replies; 20+ messages in thread
From: checkpatch @ 2025-02-06 20:38 UTC (permalink / raw)
  To: test-report; +Cc: Arkadiusz Kusztal

Test-Label: checkpatch
Test-Status: WARNING
http://dpdk.org/patch/151071

_coding style issues_


ERROR: symbol rte_net_crc_calc is added in the DPDK_26 section, but is expected to be added in the EXPERIMENTAL section of the version map
ERROR: symbol rte_net_crc_set_alg is added in the DPDK_26 section, but is expected to be added in the EXPERIMENTAL section of the version map

^ permalink raw reply	[flat|nested] 20+ messages in thread

* |SUCCESS| pw151071 [PATCH] [v3] net: add thread-safe crc api
       [not found] <20250206203844.3874038-1-arkadiuszx.kusztal@intel.com>
                   ` (2 preceding siblings ...)
  2025-02-06 20:38 ` |WARNING| " checkpatch
@ 2025-02-07  0:01 ` dpdklab
  2025-02-07  0:05 ` |PENDING| " dpdklab
                   ` (15 subsequent siblings)
  19 siblings, 0 replies; 20+ messages in thread
From: dpdklab @ 2025-02-07  0:01 UTC (permalink / raw)
  To: Test Report; +Cc: dpdk-test-reports

Test-Label: iol-sample-apps-testing
Test-Status: SUCCESS
http://dpdk.org/patch/151071

_Testing PASS_

Submitter: Kusztal, ArkadiuszX <arkadiuszx.kusztal@intel.com>
Date: Thursday, February 06 2025 20:38:44 
DPDK git baseline: Repo:dpdk
  Branch: master
  CommitID:7125636162d67b1c40ba6802a3ff4466d125d243

151071 --> testing pass

Upstream job id: Template-DTS-Pipeline#211276

Test environment and result as below:

+--------------------+----------------------+
|    Environment     | compressdev_zlib_pmd |
+====================+======================+
| Ubuntu 22.04 (ARM) | PASS                 |
+--------------------+----------------------+


Ubuntu 22.04 (ARM)
	Kernel: 5.15.0-97-generic
	Compiler: gcc gcc (Ubuntu 11.4.0-1ubuntu1~22.04) 11.4.0

To view detailed results, visit:
https://lab.dpdk.org/results/dashboard/patchsets/32514/

UNH-IOL DPDK Community Lab

To manage your email subscriptions, visit: 
https://lab.dpdk.org/results/dashboard/preferences/subscriptions/

^ permalink raw reply	[flat|nested] 20+ messages in thread

* |PENDING| pw151071 [PATCH] [v3] net: add thread-safe crc api
       [not found] <20250206203844.3874038-1-arkadiuszx.kusztal@intel.com>
                   ` (3 preceding siblings ...)
  2025-02-07  0:01 ` |SUCCESS| pw151071 [PATCH] [v3] " dpdklab
@ 2025-02-07  0:05 ` dpdklab
  2025-02-07  0:10 ` |SUCCESS| " dpdklab
                   ` (14 subsequent siblings)
  19 siblings, 0 replies; 20+ messages in thread
From: dpdklab @ 2025-02-07  0:05 UTC (permalink / raw)
  To: Test Report; +Cc: dpdk-test-reports

Test-Label: iol-compile-amd64-testing
Test-Status: PENDING
http://dpdk.org/patch/151071

_Testing pending_

Submitter: Kusztal, ArkadiuszX <arkadiuszx.kusztal@intel.com>
Date: Thursday, February 06 2025 20:38:44 
DPDK git baseline: Repo:dpdk
  Branch: master
  CommitID:7125636162d67b1c40ba6802a3ff4466d125d243

151071 --> testing pending

Upstream job id: Generic-VM-DPDK-Compile-Meson#33109

Test environment and result as below:

+--------------+--------------------+
| Environment  | dpdk_meson_compile |
+==============+====================+
| FreeBSD 13.4 | PASS               |
+--------------+--------------------+
| FreeBSD 14.2 | PEND               |
+--------------+--------------------+


FreeBSD 13.4
	Kernel: 13.4-RELEASE-p1
	Compiler: clang 18.1.6

FreeBSD 14.2
	Kernel: 14.2-RELEASE
	Compiler: clang 18.1.6

To view detailed results, visit:
https://lab.dpdk.org/results/dashboard/patchsets/32514/

UNH-IOL DPDK Community Lab

To manage your email subscriptions, visit: 
https://lab.dpdk.org/results/dashboard/preferences/subscriptions/

^ permalink raw reply	[flat|nested] 20+ messages in thread

* |SUCCESS| pw151071 [PATCH] [v3] net: add thread-safe crc api
       [not found] <20250206203844.3874038-1-arkadiuszx.kusztal@intel.com>
                   ` (4 preceding siblings ...)
  2025-02-07  0:05 ` |PENDING| " dpdklab
@ 2025-02-07  0:10 ` dpdklab
  2025-02-07  0:11 ` dpdklab
                   ` (13 subsequent siblings)
  19 siblings, 0 replies; 20+ messages in thread
From: dpdklab @ 2025-02-07  0:10 UTC (permalink / raw)
  To: Test Report; +Cc: dpdk-test-reports

Test-Label: iol-compile-amd64-testing
Test-Status: SUCCESS
http://dpdk.org/patch/151071

_Testing PASS_

Submitter: Kusztal, ArkadiuszX <arkadiuszx.kusztal@intel.com>
Date: Thursday, February 06 2025 20:38:44 
DPDK git baseline: Repo:dpdk
  Branch: master
  CommitID:7125636162d67b1c40ba6802a3ff4466d125d243

151071 --> testing pass

Upstream job id: Windows-Compile-DPDK-VS#4845

Test environment and result as below:

+---------------------+--------------------+-------------------+
|     Environment     | dpdk_meson_compile | dpdk_msvc_compile |
+=====================+====================+===================+
| FreeBSD 13.4        | PASS               | SKIPPED           |
+---------------------+--------------------+-------------------+
| FreeBSD 14.2        | PASS               | SKIPPED           |
+---------------------+--------------------+-------------------+
| Windows Server 2022 | SKIPPED            | PASS              |
+---------------------+--------------------+-------------------+


FreeBSD 13.4
	Kernel: 13.4-RELEASE-p1
	Compiler: clang 18.1.6

FreeBSD 14.2
	Kernel: 14.2-RELEASE
	Compiler: clang 18.1.6

Windows Server 2022
	Kernel: 10.0.20348.2031
	Compiler: clang 15.0.7, gcc 14.1.0 (MinGW), and MSVC VS 19.39.33521

To view detailed results, visit:
https://lab.dpdk.org/results/dashboard/patchsets/32514/

UNH-IOL DPDK Community Lab

To manage your email subscriptions, visit: 
https://lab.dpdk.org/results/dashboard/preferences/subscriptions/

^ permalink raw reply	[flat|nested] 20+ messages in thread

* |SUCCESS| pw151071 [PATCH] [v3] net: add thread-safe crc api
       [not found] <20250206203844.3874038-1-arkadiuszx.kusztal@intel.com>
                   ` (5 preceding siblings ...)
  2025-02-07  0:10 ` |SUCCESS| " dpdklab
@ 2025-02-07  0:11 ` dpdklab
  2025-02-07  0:11 ` dpdklab
                   ` (12 subsequent siblings)
  19 siblings, 0 replies; 20+ messages in thread
From: dpdklab @ 2025-02-07  0:11 UTC (permalink / raw)
  To: Ali Alnubani, Test Report; +Cc: dpdk-test-reports

Test-Label: iol-mellanox-Performance
Test-Status: SUCCESS
http://dpdk.org/patch/151071

_Performance Testing PASS_

Submitter: Kusztal, ArkadiuszX <arkadiuszx.kusztal@intel.com>
Date: Thursday, February 06 2025 20:38:44 
DPDK git baseline: Repo:dpdk
  Branch: master
  CommitID:7125636162d67b1c40ba6802a3ff4466d125d243

151071 --> performance testing pass

Upstream job id: Template-DTS-Pipeline#211264

Test environment and result as below:

Ubuntu 24.04
Kernel: 6.8.0-45-generic
Compiler: gcc 13.2.0
NIC: NVIDIA Mellanox ConnectX-7 100000 Mbps
Fail/Total: 0/6

Detail performance results: 
+------------+---------+----------+-------------+------------------------------+
| frame_size | txd/rxd | num_cpus | num_threads |  throughput difference from  |
|            |         |          |             |           expected           |
+============+=========+==========+=============+==============================+
| 64         | 1024    | 1        | 1           | 0.8%                         |
+------------+---------+----------+-------------+------------------------------+
| 128        | 1024    | 1        | 1           | 0.7%                         |
+------------+---------+----------+-------------+------------------------------+
| 256        | 1024    | 1        | 1           | 1.1%                         |
+------------+---------+----------+-------------+------------------------------+
| 512        | 1024    | 1        | 1           | -0.1%                        |
+------------+---------+----------+-------------+------------------------------+
| 1024       | 1024    | 1        | 1           | -0.0%                        |
+------------+---------+----------+-------------+------------------------------+
| 1518       | 1024    | 1        | 1           | 0.1%                         |
+------------+---------+----------+-------------+------------------------------+

Ubuntu 24.04
Kernel: 6.8.0-45-generic
Compiler: gcc 13.2.0
NIC: Mellanox ConnectX-6 Lx 25000 Mbps
Fail/Total: 0/6

Detail performance results: 
+------------+---------+----------+-------------+------------------------------+
| frame_size | txd/rxd | num_cpus | num_threads |  throughput difference from  |
|            |         |          |             |           expected           |
+============+=========+==========+=============+==============================+
| 64         | 1024    | 1        | 1           | -0.2%                        |
+------------+---------+----------+-------------+------------------------------+
| 128        | 1024    | 1        | 1           | 0.2%                         |
+------------+---------+----------+-------------+------------------------------+
| 256        | 1024    | 1        | 1           | 0.2%                         |
+------------+---------+----------+-------------+------------------------------+
| 512        | 1024    | 1        | 1           | 0.1%                         |
+------------+---------+----------+-------------+------------------------------+
| 1024       | 1024    | 1        | 1           | -0.2%                        |
+------------+---------+----------+-------------+------------------------------+
| 1518       | 1024    | 1        | 1           | -0.2%                        |
+------------+---------+----------+-------------+------------------------------+

To view detailed results, visit:
https://lab.dpdk.org/results/dashboard/patchsets/32514/

UNH-IOL DPDK Community Lab

To manage your email subscriptions, visit: 
https://lab.dpdk.org/results/dashboard/preferences/subscriptions/

^ permalink raw reply	[flat|nested] 20+ messages in thread

* |SUCCESS| pw151071 [PATCH] [v3] net: add thread-safe crc api
       [not found] <20250206203844.3874038-1-arkadiuszx.kusztal@intel.com>
                   ` (6 preceding siblings ...)
  2025-02-07  0:11 ` dpdklab
@ 2025-02-07  0:11 ` dpdklab
  2025-02-07  0:27 ` |PENDING| " dpdklab
                   ` (11 subsequent siblings)
  19 siblings, 0 replies; 20+ messages in thread
From: dpdklab @ 2025-02-07  0:11 UTC (permalink / raw)
  To: Test Report; +Cc: dpdk-test-reports

Test-Label: iol-compile-amd64-testing
Test-Status: SUCCESS
http://dpdk.org/patch/151071

_Testing PASS_

Submitter: Kusztal, ArkadiuszX <arkadiuszx.kusztal@intel.com>
Date: Thursday, February 06 2025 20:38:44 
DPDK git baseline: Repo:dpdk
  Branch: master
  CommitID:7125636162d67b1c40ba6802a3ff4466d125d243

151071 --> testing pass

Upstream job id: Generic-VM-DPDK-Compile-Meson#33110

Test environment and result as below:

+---------------------+--------------------+-------------------+
|     Environment     | dpdk_meson_compile | dpdk_msvc_compile |
+=====================+====================+===================+
| FreeBSD 13.4        | PASS               | SKIPPED           |
+---------------------+--------------------+-------------------+
| FreeBSD 14.2        | PASS               | SKIPPED           |
+---------------------+--------------------+-------------------+
| Windows Server 2022 | SKIPPED            | PASS              |
+---------------------+--------------------+-------------------+


FreeBSD 13.4
	Kernel: 13.4-RELEASE-p1
	Compiler: clang 18.1.6

FreeBSD 14.2
	Kernel: 14.2-RELEASE
	Compiler: clang 18.1.6

Windows Server 2022
	Kernel: 10.0.20348.2031
	Compiler: clang 15.0.7, gcc 14.1.0 (MinGW), and MSVC VS 19.39.33521

To view detailed results, visit:
https://lab.dpdk.org/results/dashboard/patchsets/32514/

UNH-IOL DPDK Community Lab

To manage your email subscriptions, visit: 
https://lab.dpdk.org/results/dashboard/preferences/subscriptions/

^ permalink raw reply	[flat|nested] 20+ messages in thread

* |PENDING| pw151071 [PATCH] [v3] net: add thread-safe crc api
       [not found] <20250206203844.3874038-1-arkadiuszx.kusztal@intel.com>
                   ` (7 preceding siblings ...)
  2025-02-07  0:11 ` dpdklab
@ 2025-02-07  0:27 ` dpdklab
  2025-02-07  0:43 ` |SUCCESS| " dpdklab
                   ` (10 subsequent siblings)
  19 siblings, 0 replies; 20+ messages in thread
From: dpdklab @ 2025-02-07  0:27 UTC (permalink / raw)
  To: Test Report; +Cc: dpdk-test-reports

Test-Label: iol-unit-amd64-testing
Test-Status: PENDING
http://dpdk.org/patch/151071

_Testing pending_

Submitter: Kusztal, ArkadiuszX <arkadiuszx.kusztal@intel.com>
Date: Thursday, February 06 2025 20:38:44 
DPDK git baseline: Repo:dpdk
  Branch: master
  CommitID:7125636162d67b1c40ba6802a3ff4466d125d243

151071 --> testing pending

Upstream job id: Generic-VM-Unit-Test-DPDK#27136

Test environment and result as below:

+---------------------+----------------+
|     Environment     | dpdk_unit_test |
+=====================+================+
| Ubuntu 20.04        | PEND           |
+---------------------+----------------+
| Fedora 41           | PEND           |
+---------------------+----------------+
| RHEL8               | PEND           |
+---------------------+----------------+
| Fedora 40 (Clang)   | PEND           |
+---------------------+----------------+
| Fedora 40           | PEND           |
+---------------------+----------------+
| Debian Bullseye     | PEND           |
+---------------------+----------------+
| Ubuntu 22.04        | PEND           |
+---------------------+----------------+
| Debian 12           | PEND           |
+---------------------+----------------+
| CentOS Stream 9     | PEND           |
+---------------------+----------------+
| Fedora 41 (Clang)   | PEND           |
+---------------------+----------------+
| RHEL9               | PEND           |
+---------------------+----------------+
| Ubuntu 24.04        | PEND           |
+---------------------+----------------+
| Windows Server 2022 | PASS           |
+---------------------+----------------+


Ubuntu 20.04
	Kernel: Depends on container host
	Compiler: gcc (Ubuntu 9.4.0-1ubuntu1~20.04.2) 9.4.0

Fedora 41
	Kernel: Depends on container host
	Compiler: gcc 14.2.1 20240912 (Red Hat 14.2.1-3)

RHEL8
	Kernel: Depends on container host
	Compiler: gcc 8.5.0 20210514 (Red Hat 8.5.0-22)

Fedora 40 (Clang)
	Kernel: Depends on container host
	Compiler: clang 18.1.8 (Fedora 18.1.8-1.fc40)

Fedora 40
	Kernel: Depends on container host
	Compiler: gcc 14.2.1 20240912 (Red Hat 14.2.1-3)

Debian Bullseye
	Kernel: Depends on container host
	Compiler: gcc (Debian 10.2.1-6) 10.2.1 20210110

Ubuntu 22.04
	Kernel: Depends on container host
	Compiler: gcc (Ubuntu 11.4.0-1ubuntu1~22.04) 11.4.0

Debian 12
	Kernel: Depends on container host
	Compiler: gcc (Debian 12.2.0-14) 12.2.0

CentOS Stream 9
	Kernel: Depends on container host
	Compiler: gcc 11.5.0 20240719 (Red Hat 11.5.0-2)

Fedora 41 (Clang)
	Kernel: Depends on container host
	Compiler: clang 19.1.5 (Fedora 19.1.5-1.fc41)

RHEL9
	Kernel: Depends on container host
	Compiler: gcc 11.5.0 20240719 (Red Hat 11.5.0-2)

Ubuntu 24.04
	Kernel: Depends on container host
	Compiler: gcc (Ubuntu 13.3.0-6ubuntu2~24.04) 13.3.0

Windows Server 2022
	Kernel: 10.0.20348.2031
	Compiler: clang 15.0.7, gcc 14.1.0 (MinGW), and MSVC VS 19.39.33521

To view detailed results, visit:
https://lab.dpdk.org/results/dashboard/patchsets/32514/

UNH-IOL DPDK Community Lab

To manage your email subscriptions, visit: 
https://lab.dpdk.org/results/dashboard/preferences/subscriptions/

^ permalink raw reply	[flat|nested] 20+ messages in thread

* |SUCCESS| pw151071 [PATCH] [v3] net: add thread-safe crc api
       [not found] <20250206203844.3874038-1-arkadiuszx.kusztal@intel.com>
                   ` (8 preceding siblings ...)
  2025-02-07  0:27 ` |PENDING| " dpdklab
@ 2025-02-07  0:43 ` dpdklab
  2025-02-07  0:46 ` dpdklab
                   ` (9 subsequent siblings)
  19 siblings, 0 replies; 20+ messages in thread
From: dpdklab @ 2025-02-07  0:43 UTC (permalink / raw)
  To: Test Report; +Cc: dpdk-test-reports

Test-Label: iol-compile-amd64-testing
Test-Status: SUCCESS
http://dpdk.org/patch/151071

_Testing PASS_

Submitter: Kusztal, ArkadiuszX <arkadiuszx.kusztal@intel.com>
Date: Thursday, February 06 2025 20:38:44 
DPDK git baseline: Repo:dpdk
  Branch: master
  CommitID:7125636162d67b1c40ba6802a3ff4466d125d243

151071 --> testing pass

Upstream job id: Windows-Compile-DPDK-Native#26498

Test environment and result as below:

+---------------------+--------------------+-------------------+-------------------------+
|     Environment     | dpdk_meson_compile | dpdk_msvc_compile | dpdk_llvm_clang_compile |
+=====================+====================+===================+=========================+
| FreeBSD 13.4        | PASS               | SKIPPED           | SKIPPED                 |
+---------------------+--------------------+-------------------+-------------------------+
| FreeBSD 14.2        | PASS               | SKIPPED           | SKIPPED                 |
+---------------------+--------------------+-------------------+-------------------------+
| Windows Server 2022 | SKIPPED            | PASS              | PASS                    |
+---------------------+--------------------+-------------------+-------------------------+


FreeBSD 13.4
	Kernel: 13.4-RELEASE-p1
	Compiler: clang 18.1.6

FreeBSD 14.2
	Kernel: 14.2-RELEASE
	Compiler: clang 18.1.6

Windows Server 2022
	Kernel: 10.0.20348.2031
	Compiler: clang 15.0.7, gcc 14.1.0 (MinGW), and MSVC VS 19.39.33521

To view detailed results, visit:
https://lab.dpdk.org/results/dashboard/patchsets/32514/

UNH-IOL DPDK Community Lab

To manage your email subscriptions, visit: 
https://lab.dpdk.org/results/dashboard/preferences/subscriptions/

^ permalink raw reply	[flat|nested] 20+ messages in thread

* |SUCCESS| pw151071 [PATCH] [v3] net: add thread-safe crc api
       [not found] <20250206203844.3874038-1-arkadiuszx.kusztal@intel.com>
                   ` (9 preceding siblings ...)
  2025-02-07  0:43 ` |SUCCESS| " dpdklab
@ 2025-02-07  0:46 ` dpdklab
  2025-02-07  0:52 ` |PENDING| " dpdklab
                   ` (8 subsequent siblings)
  19 siblings, 0 replies; 20+ messages in thread
From: dpdklab @ 2025-02-07  0:46 UTC (permalink / raw)
  To: Test Report; +Cc: dpdk-test-reports

Test-Label: iol-compile-amd64-testing
Test-Status: SUCCESS
http://dpdk.org/patch/151071

_Testing PASS_

Submitter: Kusztal, ArkadiuszX <arkadiuszx.kusztal@intel.com>
Date: Thursday, February 06 2025 20:38:44 
DPDK git baseline: Repo:dpdk
  Branch: master
  CommitID:7125636162d67b1c40ba6802a3ff4466d125d243

151071 --> testing pass

Upstream job id: Windows-Compile-DPDK-Native#26499

Test environment and result as below:

+---------------------+--------------------+-------------------+-------------------------+----------------------+
|     Environment     | dpdk_meson_compile | dpdk_msvc_compile | dpdk_llvm_clang_compile | dpdk_mingw64_compile |
+=====================+====================+===================+=========================+======================+
| FreeBSD 13.4        | PASS               | SKIPPED           | SKIPPED                 | SKIPPED              |
+---------------------+--------------------+-------------------+-------------------------+----------------------+
| FreeBSD 14.2        | PASS               | SKIPPED           | SKIPPED                 | SKIPPED              |
+---------------------+--------------------+-------------------+-------------------------+----------------------+
| Windows Server 2022 | SKIPPED            | PASS              | PASS                    | PASS                 |
+---------------------+--------------------+-------------------+-------------------------+----------------------+


FreeBSD 13.4
	Kernel: 13.4-RELEASE-p1
	Compiler: clang 18.1.6

FreeBSD 14.2
	Kernel: 14.2-RELEASE
	Compiler: clang 18.1.6

Windows Server 2022
	Kernel: 10.0.20348.2031
	Compiler: clang 15.0.7, gcc 14.1.0 (MinGW), and MSVC VS 19.39.33521

To view detailed results, visit:
https://lab.dpdk.org/results/dashboard/patchsets/32514/

UNH-IOL DPDK Community Lab

To manage your email subscriptions, visit: 
https://lab.dpdk.org/results/dashboard/preferences/subscriptions/

^ permalink raw reply	[flat|nested] 20+ messages in thread

* |PENDING| pw151071 [PATCH] [v3] net: add thread-safe crc api
       [not found] <20250206203844.3874038-1-arkadiuszx.kusztal@intel.com>
                   ` (10 preceding siblings ...)
  2025-02-07  0:46 ` dpdklab
@ 2025-02-07  0:52 ` dpdklab
  2025-02-07  1:10 ` |SUCCESS| " dpdklab
                   ` (7 subsequent siblings)
  19 siblings, 0 replies; 20+ messages in thread
From: dpdklab @ 2025-02-07  0:52 UTC (permalink / raw)
  To: Test Report; +Cc: dpdk-test-reports

Test-Label: iol-unit-arm64-testing
Test-Status: PENDING
http://dpdk.org/patch/151071

_Testing pending_

Submitter: Kusztal, ArkadiuszX <arkadiuszx.kusztal@intel.com>
Date: Thursday, February 06 2025 20:38:44 
DPDK git baseline: Repo:dpdk
  Branch: master
  CommitID:7125636162d67b1c40ba6802a3ff4466d125d243

151071 --> testing pending

Upstream job id: Aarch32-Unit-Test#5225

Test environment and result as below:

+-----------------------------+----------------+------------------------------+--------------+---------------------------+
|         Environment         | dpdk_unit_test | cryptodev_sw_snow3g_autotest | lpm_autotest | cryptodev_sw_zuc_autotest |
+=============================+================+==============================+==============+===========================+
| Debian 11 (Buster) (ARM)    | PEND           | SKIPPED                      | SKIPPED      | SKIPPED                   |
+-----------------------------+----------------+------------------------------+--------------+---------------------------+
| Fedora 40 (ARM)             | PEND           | SKIPPED                      | SKIPPED      | SKIPPED                   |
+-----------------------------+----------------+------------------------------+--------------+---------------------------+
| Fedora 41 (ARM)             | PEND           | SKIPPED                      | SKIPPED      | SKIPPED                   |
+-----------------------------+----------------+------------------------------+--------------+---------------------------+
| Ubuntu 20.04 (ARM)          | PEND           | SKIPPED                      | SKIPPED      | SKIPPED                   |
+-----------------------------+----------------+------------------------------+--------------+---------------------------+
| CentOS Stream 9 (ARM)       | PEND           | SKIPPED                      | SKIPPED      | SKIPPED                   |
+-----------------------------+----------------+------------------------------+--------------+---------------------------+
| RHEL9 (ARM)                 | PEND           | SKIPPED                      | SKIPPED      | SKIPPED                   |
+-----------------------------+----------------+------------------------------+--------------+---------------------------+
| Debian 12 (arm)             | PEND           | PEND                         | SKIPPED      | PEND                      |
+-----------------------------+----------------+------------------------------+--------------+---------------------------+
| Ubuntu 22.04 (ARM)          | PEND           | SKIPPED                      | SKIPPED      | SKIPPED                   |
+-----------------------------+----------------+------------------------------+--------------+---------------------------+
| Fedora 40 (ARM Clang)       | PEND           | SKIPPED                      | SKIPPED      | SKIPPED                   |
+-----------------------------+----------------+------------------------------+--------------+---------------------------+
| Fedora 41 (ARM Clang)       | PEND           | SKIPPED                      | SKIPPED      | SKIPPED                   |
+-----------------------------+----------------+------------------------------+--------------+---------------------------+
| Ubuntu 24.04 (ARM)          | PEND           | SKIPPED                      | SKIPPED      | SKIPPED                   |
+-----------------------------+----------------+------------------------------+--------------+---------------------------+
| 32-bit Ubuntu 22.04.4 (ARM) | PASS           | SKIPPED                      | SKIPPED      | SKIPPED                   |
+-----------------------------+----------------+------------------------------+--------------+---------------------------+
| Ubuntu 20.04 ARM SVE        | SKIPPED        | SKIPPED                      | PEND         | SKIPPED                   |
+-----------------------------+----------------+------------------------------+--------------+---------------------------+


Debian 11 (Buster) (ARM)
	Kernel: Depends on container host
	Compiler: gcc (Debian 10.2.1-6) 10.2.1 20210110

Fedora 40 (ARM)
	Kernel: Depends on container host
	Compiler: gcc 14.2.1 20240912 (Red Hat 14.2.1-3)

Fedora 41 (ARM)
	Kernel: Depends on container host
	Compiler: gcc 14.2.1 20240912 (Red Hat 14.2.1-3)

Ubuntu 20.04 (ARM)
	Kernel: Depends on container host
	Compiler: gcc (Ubuntu 9.4.0-1ubuntu1~20.04.2) 9.4.0

CentOS Stream 9 (ARM)
	Kernel: Depends on container host
	Compiler: gcc 11.5.0 20240719 (Red Hat 11.5.0-2)

RHEL9 (ARM)
	Kernel: Depends on container host
	Compiler: gcc 11.5.0 20240719 (Red Hat 11.5.0-2)

Debian 12 (arm)
	Kernel: Depends on container host
	Compiler: gcc (Debian 12.2.0-14) 12.2.0

Ubuntu 22.04 (ARM)
	Kernel: Depends on container host
	Compiler: gcc (Ubuntu 11.4.0-1ubuntu1~22.04) 11.4.0

Fedora 40 (ARM Clang)
	Kernel: Depends on container host
	Compiler: clang 18.1.8 (Fedora 18.1.8-1.fc40)

Fedora 41 (ARM Clang)
	Kernel: Depends on container host
	Compiler: clang 19.1.5 (Fedora 19.1.5-1.fc41)

Ubuntu 24.04 (ARM)
	Kernel: Depends on container host
	Compiler: gcc (Ubuntu 13.3.0-6ubuntu2~24.04) 13.3.0

32-bit Ubuntu 22.04.4 (ARM)
	Kernel: 5.15.83+ aarch64
	Compiler: gcc (Ubuntu 11.4.0-1ubuntu1~22.04) 11.4.0

Ubuntu 20.04 ARM SVE
	Kernel: Depends on container host
	Compiler: gcc (Ubuntu 10.5.0-1ubuntu1~20.04) 10.5.0

To view detailed results, visit:
https://lab.dpdk.org/results/dashboard/patchsets/32514/

UNH-IOL DPDK Community Lab

To manage your email subscriptions, visit: 
https://lab.dpdk.org/results/dashboard/preferences/subscriptions/

^ permalink raw reply	[flat|nested] 20+ messages in thread

* |SUCCESS| pw151071 [PATCH] [v3] net: add thread-safe crc api
       [not found] <20250206203844.3874038-1-arkadiuszx.kusztal@intel.com>
                   ` (11 preceding siblings ...)
  2025-02-07  0:52 ` |PENDING| " dpdklab
@ 2025-02-07  1:10 ` dpdklab
  2025-02-07  1:32 ` dpdklab
                   ` (6 subsequent siblings)
  19 siblings, 0 replies; 20+ messages in thread
From: dpdklab @ 2025-02-07  1:10 UTC (permalink / raw)
  To: Test Report; +Cc: dpdk-test-reports

Test-Label: iol-intel-Functional
Test-Status: SUCCESS
http://dpdk.org/patch/151071

_Functional Testing PASS_

Submitter: Kusztal, ArkadiuszX <arkadiuszx.kusztal@intel.com>
Date: Thursday, February 06 2025 20:38:44 
DPDK git baseline: Repo:dpdk
  Branch: master
  CommitID:7125636162d67b1c40ba6802a3ff4466d125d243

151071 --> functional testing pass

Upstream job id: Template-DTS-Pipeline#211271

Test environment and result as below:

Ubuntu 22.04
Kernel: 5.15.0-131-generic
Compiler: gcc (Ubuntu 11.4.0-1ubuntu1~22.04) 11.4.0
NIC: Intel Corporation Ethernet Converged Network Adapter 82599ES 10000 Mbps

Aggregate Results by Test Suite
+-----------------------------+--------+
|         Test Suite          | Result |
+=============================+========+
| unit_tests_mbuf             |  PASS  |
+-----------------------------+--------+
| vhost_virtio_user_interrupt |  PASS  |
+-----------------------------+--------+
| virtio_smoke                |  PASS  |
+-----------------------------+--------+


To view detailed results, visit:
https://lab.dpdk.org/results/dashboard/patchsets/32514/

UNH-IOL DPDK Community Lab

To manage your email subscriptions, visit: 
https://lab.dpdk.org/results/dashboard/preferences/subscriptions/

^ permalink raw reply	[flat|nested] 20+ messages in thread

* |SUCCESS| pw151071 [PATCH] [v3] net: add thread-safe crc api
       [not found] <20250206203844.3874038-1-arkadiuszx.kusztal@intel.com>
                   ` (12 preceding siblings ...)
  2025-02-07  1:10 ` |SUCCESS| " dpdklab
@ 2025-02-07  1:32 ` dpdklab
  2025-02-07  1:33 ` |PENDING| " dpdklab
                   ` (5 subsequent siblings)
  19 siblings, 0 replies; 20+ messages in thread
From: dpdklab @ 2025-02-07  1:32 UTC (permalink / raw)
  To: Test Report; +Cc: dpdk-test-reports

Test-Label: iol-marvell-Functional
Test-Status: SUCCESS
http://dpdk.org/patch/151071

_Functional Testing PASS_

Submitter: Kusztal, ArkadiuszX <arkadiuszx.kusztal@intel.com>
Date: Thursday, February 06 2025 20:38:44 
DPDK git baseline: Repo:dpdk
  Branch: master
  CommitID:7125636162d67b1c40ba6802a3ff4466d125d243

151071 --> functional testing pass

Upstream job id: Template-DTS-Pipeline#211274

Test environment and result as below:

Ubuntu 20.04.6
Kernel: 5.4.105
Compiler: gcc 9.4
NIC: Marvell CN106XX 50000 Mbps
Target: arm64-native-linuxapp-gcc

Aggregate Results by Test Suite
+-----------------+--------+
|   Test Suite    | Result |
+=================+========+
| cmdline         |  PASS  |
+-----------------+--------+
| ipv4_reassembly |  PASS  |
+-----------------+--------+
| rxtx_callbacks  |  PASS  |
+-----------------+--------+
| tso             |  PASS  |
+-----------------+--------+


To view detailed results, visit:
https://lab.dpdk.org/results/dashboard/patchsets/32514/

UNH-IOL DPDK Community Lab

To manage your email subscriptions, visit: 
https://lab.dpdk.org/results/dashboard/preferences/subscriptions/

^ permalink raw reply	[flat|nested] 20+ messages in thread

* |PENDING| pw151071 [PATCH] [v3] net: add thread-safe crc api
       [not found] <20250206203844.3874038-1-arkadiuszx.kusztal@intel.com>
                   ` (13 preceding siblings ...)
  2025-02-07  1:32 ` dpdklab
@ 2025-02-07  1:33 ` dpdklab
  2025-02-07  2:04 ` |FAILURE| pw151071 [PATCH v3] " 0-day Robot
                   ` (4 subsequent siblings)
  19 siblings, 0 replies; 20+ messages in thread
From: dpdklab @ 2025-02-07  1:33 UTC (permalink / raw)
  To: Test Report; +Cc: dpdk-test-reports

Test-Label: iol-abi-testing
Test-Status: PENDING
http://dpdk.org/patch/151071

_Testing pending_

Submitter: Kusztal, ArkadiuszX <arkadiuszx.kusztal@intel.com>
Date: Thursday, February 06 2025 20:38:44 
DPDK git baseline: Repo:dpdk
  Branch: master
  CommitID:7125636162d67b1c40ba6802a3ff4466d125d243

151071 --> testing pending

Upstream job id: Generic-DPDK-Compile-ABI#115141

Test environment and result as below:

+-------------------+----------+
|    Environment    | abi_test |
+===================+==========+
| CentOS Stream 9   | PEND     |
+-------------------+----------+
| Debian Bullseye   | PASS     |
+-------------------+----------+
| Fedora 40         | PEND     |
+-------------------+----------+
| Debian 12         | PEND     |
+-------------------+----------+
| Fedora 41 (Clang) | PEND     |
+-------------------+----------+
| RHEL9             | PEND     |
+-------------------+----------+
| openSUSE Leap 15  | PEND     |
+-------------------+----------+
| Ubuntu 24.04      | PEND     |
+-------------------+----------+
| Fedora 41         | PEND     |
+-------------------+----------+
| Ubuntu 22.04      | PEND     |
+-------------------+----------+
| RHEL8             | PEND     |
+-------------------+----------+
| Fedora 40 (Clang) | PEND     |
+-------------------+----------+


CentOS Stream 9
	Kernel: Depends on container host
	Compiler: gcc 11.5.0 20240719 (Red Hat 11.5.0-2)

Debian Bullseye
	Kernel: Depends on container host
	Compiler: gcc (Debian 10.2.1-6) 10.2.1 20210110

Fedora 40
	Kernel: Depends on container host
	Compiler: gcc 14.2.1 20240912 (Red Hat 14.2.1-3)

Debian 12
	Kernel: Depends on container host
	Compiler: gcc (Debian 12.2.0-14) 12.2.0

Fedora 41 (Clang)
	Kernel: Depends on container host
	Compiler: clang 19.1.5 (Fedora 19.1.5-1.fc41)

RHEL9
	Kernel: Depends on container host
	Compiler: gcc 11.5.0 20240719 (Red Hat 11.5.0-2)

openSUSE Leap 15
	Kernel: Depends on container host
	Compiler: gcc (SUSE Linux) 7.5.0

Ubuntu 24.04
	Kernel: Depends on container host
	Compiler: gcc (Ubuntu 13.3.0-6ubuntu2~24.04) 13.3.0

Fedora 41
	Kernel: Depends on container host
	Compiler: gcc 14.2.1 20240912 (Red Hat 14.2.1-3)

Ubuntu 22.04
	Kernel: Depends on container host
	Compiler: gcc (Ubuntu 11.4.0-1ubuntu1~22.04) 11.4.0

RHEL8
	Kernel: Depends on container host
	Compiler: gcc 8.5.0 20210514 (Red Hat 8.5.0-22)

Fedora 40 (Clang)
	Kernel: Depends on container host
	Compiler: clang 18.1.8 (Fedora 18.1.8-1.fc40)

To view detailed results, visit:
https://lab.dpdk.org/results/dashboard/patchsets/32514/

UNH-IOL DPDK Community Lab

To manage your email subscriptions, visit: 
https://lab.dpdk.org/results/dashboard/preferences/subscriptions/

^ permalink raw reply	[flat|nested] 20+ messages in thread

* |FAILURE| pw151071 [PATCH v3] net: add thread-safe crc api
       [not found] <20250206203844.3874038-1-arkadiuszx.kusztal@intel.com>
                   ` (14 preceding siblings ...)
  2025-02-07  1:33 ` |PENDING| " dpdklab
@ 2025-02-07  2:04 ` 0-day Robot
  2025-02-07  2:21 ` |FAILURE| pw151071 [PATCH] [v3] " dpdklab
                   ` (3 subsequent siblings)
  19 siblings, 0 replies; 20+ messages in thread
From: 0-day Robot @ 2025-02-07  2:04 UTC (permalink / raw)
  To: test-report; +Cc: arkadiuszx.kusztal, robot

From: robot@bytheb.org

Test-Label: github-robot: build
Test-Status: FAILURE
http://patchwork.dpdk.org/patch/151071/

_github build: failed_
Build URL: https://github.com/ovsrobot/dpdk/actions/runs/13187598962
Build Logs:
-----------------------Summary of failed steps-----------------------
"ubuntu-22.04-gcc-mini" failed at step Build and test
"ubuntu-22.04-gcc-stdatomic" failed at step Build and test
"ubuntu-22.04-clang-stdatomic" failed at step Build and test
"ubuntu-22.04-gcc-abi+debug+doc+examples+tests" failed at step Build and test
"ubuntu-22.04-clang-asan+doc+tests" failed at step Build and test
"ubuntu-22.04-gcc-shared-aarch64" failed at step Build and test
"ubuntu-22.04-gcc-ppc64le" failed at step Build and test
"ubuntu-22.04-gcc-riscv64" failed at step Build and test
"fedora:39-gcc" failed at step Build
"fedora:39-clang" failed at step Build
----------------------End summary of failed steps--------------------

-------------------------------BEGIN LOGS----------------------------
####################################################################################
#### [Begin job log] "ubuntu-22.04-gcc-mini" at step Build and test
####################################################################################
Option default_library is: shared [default: static]
Found ninja-1.10.1 at /usr/bin/ninja
[1/928] Compiling C object buildtools/chkincs/chkincs.p/meson-generated_rte_reciprocal.c.o
[2/928] Compiling C object buildtools/chkincs/chkincs.p/meson-generated_rte_seqcount.c.o
[3/928] Linking target app/dpdk-test-cmdline
[4/928] Compiling C object buildtools/chkincs/chkincs.p/meson-generated_rte_pflock.c.o
[5/928] Compiling C object buildtools/chkincs/chkincs.p/meson-generated_rte_random.c.o
[6/928] Linking target app/dpdk-test-flow-perf
[7/928] Linking target app/dpdk-testpmd
[8/928] Linking target app/dpdk-test
FAILED: app/dpdk-test 
gcc  -o app/dpdk-test app/dpdk-test.p/test_commands.c.o app/dpdk-test.p/test_test.c.o app/dpdk-test.p/test_packet_burst_generator.c.o app/dpdk-test.p/test_test_alarm.c.o app/dpdk-test.p/test_test_atomic.c.o app/dpdk-test.p/test_test_barrier.c.o app/dpdk-test.p/test_test_bitcount.c.o app/dpdk-test.p/test_test_bitmap.c.o app/dpdk-test.p/test_test_bitops.c.o app/dpdk-test.p/test_test_bitset.c.o app/dpdk-test.p/test_test_byteorder.c.o app/dpdk-test.p/test_test_cksum.c.o app/dpdk-test.p/test_test_cksum_perf.c.o app/dpdk-test.p/test_test_cmdline.c.o app/dpdk-test.p/test_test_cmdline_cirbuf.c.o app/dpdk-test.p/test_test_cmdline_etheraddr.c.o app/dpdk-test.p/test_test_cmdline_ipaddr.c.o app/dpdk-test.p/test_test_cmdline_lib.c.o app/dpdk-test.p/test_test_cmdline_num.c.o app/dpdk-test.p/test_test_cmdline_portlist.c.o app/dpdk-test.p/test_test_cmdline_string.c.o app/dpdk-test.p/test_test_common.c.o app/dpdk-test.p/test_test_cpuflags.c.o app/dpdk-test.p/test_test_crc.c.o app/dpdk-test.p/test_test_cycles.c.o app/dpdk-test.p/test_test_debug.c.o app/dpdk-test.p/test_test_devargs.c.o app/dpdk-test.p/test_test_eal_flags.c.o app/dpdk-test.p/test_test_eal_fs.c.o app/dpdk-test.p/test_test_errno.c.o app/dpdk-test.p/test_test_ethdev_api.c.o app/dpdk-test.p/test_test_ethdev_link.c.o app/dpdk-test.p/test_test_external_mem.c.o app/dpdk-test.p/test_test_fbarray.c.o app/dpdk-test.p/test_test_hash.c.o app/dpdk-test.p/test_test_hash_functions.c.o app/dpdk-test.p/test_test_hash_multiwriter.c.o app/dpdk-test.p/test_test_hash_perf.c.o app/dpdk-test.p/test_test_hash_readwrite.c.o app/dpdk-test.p/test_test_hash_readwrite_lf_perf.c.o app/dpdk-test.p/test_test_interrupts.c.o app/dpdk-test.p/test_test_kvargs.c.o app/dpdk-test.p/test_test_lcore_var.c.o app/dpdk-test.p/test_test_lcore_var_perf.c.o app/dpdk-test.p/test_test_lcores.c.o app/dpdk-test.p/test_test_logs.c.o app/dpdk-test.p/test_test_malloc.c.o app/dpdk-test.p/test_test_malloc_perf.c.o app/dpdk-test.p/test_test_mbuf.c.o app/dpdk-test.p/test_test_mcslock.c.o app/dpdk-test.p/test_test_memcpy.c.o app/dpdk-test.p/test_test_memcpy_perf.c.o app/dpdk-test.p/test_test_memory.c.o app/dpdk-test.p/test_test_mempool.c.o app/dpdk-test.p/test_test_mempool_perf.c.o app/dpdk-test.p/test_test_memzone.c.o app/dpdk-test.p/test_test_meter.c.o app/dpdk-test.p/test_test_mp_secondary.c.o app/dpdk-test.p/test_test_net_ether.c.o app/dpdk-test.p/test_test_net_ip6.c.o app/dpdk-test.p/test_test_per_lcore.c.o app/dpdk-test.p/test_test_pflock.c.o app/dpdk-test.p/test_test_pmd_perf.c.o app/dpdk-test.p/test_test_prefetch.c.o app/dpdk-test.p/test_test_rand_perf.c.o app/dpdk-test.p/test_test_rcu_qsbr.c.o app/dpdk-test.p/test_test_rcu_qsbr_perf.c.o app/dpdk-test.p/test_test_reciprocal_division.c.o app/dpdk-test.p/test_test_reciprocal_division_perf.c.o app/dpdk-test.p/test_test_rwlock.c.o app/dpdk-test.p/test_test_seqlock.c.o app/dpdk-test.p/test_test_service_cores.c.o app/dpdk-test.p/test_test_soring.c.o app/dpdk-test.p/test_test_soring_mt_stress.c.o app/dpdk-test.p/test_test_soring_stress.c.o app/dpdk-test.p/test_test_spinlock.c.o app/dpdk-test.p/test_test_stack.c.o app/dpdk-test.p/test_test_stack_perf.c.o app/dpdk-test.p/test_test_string_fns.c.o app/dpdk-test.p/test_test_tailq.c.o app/dpdk-test.p/test_test_telemetry_data.c.o app/dpdk-test.p/test_test_telemetry_json.c.o app/dpdk-test.p/test_test_thash.c.o app/dpdk-test.p/test_test_thash_perf.c.o app/dpdk-test.p/test_test_threads.c.o app/dpdk-test.p/test_test_ticketlock.c.o app/dpdk-test.p/test_test_trace.c.o app/dpdk-test.p/test_test_trace_perf.c.o app/dpdk-test.p/test_test_trace_register.c.o app/dpdk-test.p/test_test_vdev.c.o app/dpdk-test.p/test_test_version.c.o app/dpdk-test.p/test_virtual_pmd.c.o -Wl,--as-needed -Wl,--no-undefined -Wl,--no-as-needed -pthread -Wl,--start-group -lm -ldl -lnuma -lfdt '-Wl,-rpath,$ORIGIN/../lib:$ORIGIN/../drivers' -Wl,-rpath-link,/home/runner/work/dpdk/dpdk/build/lib -Wl,-rpath-link,/home/runner/work/dpdk/dpdk/build/drivers lib/librte_cmdline.so.25.1 lib/librte_eal.so.25.1 lib/librte_kvargs.so.25.1 lib/librte_log.so.25.1 lib/librte_telemetry.so.25.1 lib/librte_net.so.25.1 lib/librte_mbuf.so.25.1 lib/librte_mempool.so.25.1 lib/librte_ring.so.25.1 lib/librte_hash.so.25.1 lib/librte_rcu.so.25.1 drivers/librte_bus_vdev.so.25.1 lib/librte_ethdev.so.25.1 lib/librte_meter.so.25.1 lib/librte_stack.so.25.1 drivers/librte_bus_pci.so.25.1 lib/librte_pci.so.25.1 /usr/lib/x86_64-linux-gnu/libz.so /usr/lib/x86_64-linux-gnu/libpcap.so /usr/lib/x86_64-linux-gnu/libbsd.so /usr/lib/x86_64-linux-gnu/libarchive.so -Wl,--end-group
/usr/bin/ld: app/dpdk-test.p/test_test_crc.c.o: in function `crc_all_algs':
/home/runner/work/dpdk/dpdk/build/../app/test/test_crc.c:66: undefined reference to `rte_net_crc_free'
/usr/bin/ld: /home/runner/work/dpdk/dpdk/build/../app/test/test_crc.c:77: undefined reference to `rte_net_crc_free'
/usr/bin/ld: /home/runner/work/dpdk/dpdk/build/../app/test/test_crc.c:87: undefined reference to `rte_net_crc_free'
/usr/bin/ld: /home/runner/work/dpdk/dpdk/build/../app/test/test_crc.c:97: undefined reference to `rte_net_crc_free'
collect2: error: ld returned 1 exit status
[9/928] Compiling C object examples/dpdk-cmdline.p/cmdline_commands.c.o
[10/928] Compiling C object examples/dpdk-cmdline.p/cmdline_main.c.o
[11/928] Compiling C object examples/dpdk-cmdline.p/cmdline_parse_obj_list.c.o
[12/928] Compiling C object examples/dpdk-ethtool.p/ethtool_lib_rte_ethtool.c.o
[13/928] Compiling C object examples/dpdk-ethtool.p/ethtool_ethtool-app_ethapp.c.o
ninja: build stopped: subcommand failed.
##[error]Process completed with exit code 1.
####################################################################################
#### [End job log] "ubuntu-22.04-gcc-mini" at step Build and test
####################################################################################




####################################################################################
#### [Begin job log] "ubuntu-22.04-gcc-stdatomic" at step Build and test
####################################################################################
[52/236] Compiling C object examples/dpdk-cmdline.p/cmdline_commands.c.o
[53/236] Compiling C object examples/dpdk-cmdline.p/cmdline_main.c.o
[54/236] Compiling C object examples/dpdk-packet_ordering.p/packet_ordering_main.c.o
[55/236] Compiling C object examples/dpdk-cmdline.p/cmdline_parse_obj_list.c.o
[56/236] Linking target examples/dpdk-cmdline
[57/236] Compiling C object examples/dpdk-ethtool.p/ethtool_ethtool-app_ethapp.c.o
[58/236] Compiling C object examples/dpdk-ethtool.p/ethtool_lib_rte_ethtool.c.o
[59/236] Compiling C object examples/dpdk-bond.p/bond_main.c.o
[60/236] Linking target examples/dpdk-bond
[61/236] Linking target app/dpdk-test
FAILED: app/dpdk-test 
gcc  -o app/dpdk-test app/dpdk-test.p/test_commands.c.o app/dpdk-test.p/test_test.c.o app/dpdk-test.p/test_packet_burst_generator.c.o app/dpdk-test.p/test_sample_packet_forward.c.o app/dpdk-test.p/test_test_acl.c.o app/dpdk-test.p/test_test_alarm.c.o app/dpdk-test.p/test_test_argparse.c.o app/dpdk-test.p/test_test_atomic.c.o app/dpdk-test.p/test_test_barrier.c.o app/dpdk-test.p/test_test_bitcount.c.o app/dpdk-test.p/test_test_bitmap.c.o app/dpdk-test.p/test_test_bitops.c.o app/dpdk-test.p/test_test_bitratestats.c.o app/dpdk-test.p/test_test_bitset.c.o app/dpdk-test.p/test_test_bpf.c.o app/dpdk-test.p/test_test_byteorder.c.o app/dpdk-test.p/test_test_cfgfile.c.o app/dpdk-test.p/test_test_cksum.c.o app/dpdk-test.p/test_test_cksum_perf.c.o app/dpdk-test.p/test_test_cmdline.c.o app/dpdk-test.p/test_test_cmdline_cirbuf.c.o app/dpdk-test.p/test_test_cmdline_etheraddr.c.o app/dpdk-test.p/test_test_cmdline_ipaddr.c.o app/dpdk-test.p/test_test_cmdline_lib.c.o app/dpdk-test.p/test_test_cmdline_num.c.o app/dpdk-test.p/test_test_cmdline_portlist.c.o app/dpdk-test.p/test_test_cmdline_string.c.o app/dpdk-test.p/test_test_common.c.o app/dpdk-test.p/test_test_compressdev.c.o app/dpdk-test.p/test_test_cpuflags.c.o app/dpdk-test.p/test_test_crc.c.o app/dpdk-test.p/test_test_cryptodev.c.o app/dpdk-test.p/test_test_cryptodev_asym.c.o app/dpdk-test.p/test_test_cryptodev_blockcipher.c.o app/dpdk-test.p/test_test_cryptodev_crosscheck.c.o app/dpdk-test.p/test_test_cryptodev_security_ipsec.c.o app/dpdk-test.p/test_test_cryptodev_security_pdcp.c.o app/dpdk-test.p/test_test_cryptodev_security_tls_record.c.o app/dpdk-test.p/test_test_cycles.c.o app/dpdk-test.p/test_test_debug.c.o app/dpdk-test.p/test_test_devargs.c.o app/dpdk-test.p/test_test_dispatcher.c.o app/dpdk-test.p/test_test_distributor.c.o app/dpdk-test.p/test_test_distributor_perf.c.o app/dpdk-test.p/test_test_dmadev.c.o app/dpdk-test.p/test_test_dmadev_api.c.o app/dpdk-test.p/test_test_eal_flags.c.o app/dpdk-test.p/test_test_eal_fs.c.o app/dpdk-test.p/test_test_efd.c.o app/dpdk-test.p/test_test_efd_perf.c.o app/dpdk-test.p/test_test_errno.c.o app/dpdk-test.p/test_test_ethdev_api.c.o app/dpdk-test.p/test_test_ethdev_link.c.o app/dpdk-test.p/test_test_event_crypto_adapter.c.o app/dpdk-test.p/test_test_event_dma_adapter.c.o app/dpdk-test.p/test_test_event_eth_rx_adapter.c.o app/dpdk-test.p/test_test_event_eth_tx_adapter.c.o app/dpdk-test.p/test_test_event_ring.c.o app/dpdk-test.p/test_test_event_timer_adapter.c.o app/dpdk-test.p/test_test_eventdev.c.o app/dpdk-test.p/test_test_external_mem.c.o app/dpdk-test.p/test_test_fbarray.c.o app/dpdk-test.p/test_test_fib.c.o app/dpdk-test.p/test_test_fib6.c.o app/dpdk-test.p/test_test_fib6_perf.c.o app/dpdk-test.p/test_test_fib_perf.c.o app/dpdk-test.p/test_test_func_reentrancy.c.o app/dpdk-test.p/test_test_graph.c.o app/dpdk-test.p/test_test_graph_perf.c.o app/dpdk-test.p/test_test_hash.c.o app/dpdk-test.p/test_test_hash_functions.c.o app/dpdk-test.p/test_test_hash_multiwriter.c.o app/dpdk-test.p/test_test_hash_perf.c.o app/dpdk-test.p/test_test_hash_readwrite.c.o app/dpdk-test.p/test_test_hash_readwrite_lf_perf.c.o app/dpdk-test.p/test_test_interrupts.c.o app/dpdk-test.p/test_test_ipfrag.c.o app/dpdk-test.p/test_test_ipsec.c.o app/dpdk-test.p/test_test_ipsec_perf.c.o app/dpdk-test.p/test_test_ipsec_sad.c.o app/dpdk-test.p/test_test_kvargs.c.o app/dpdk-test.p/test_test_latencystats.c.o app/dpdk-test.p/test_test_lcore_var.c.o app/dpdk-test.p/test_test_lcore_var_perf.c.o app/dpdk-test.p/test_test_lcores.c.o app/dpdk-test.p/test_test_link_bonding.c.o app/dpdk-test.p/test_test_link_bonding_mode4.c.o app/dpdk-test.p/test_test_link_bonding_rssconf.c.o app/dpdk-test.p/test_test_logs.c.o app/dpdk-test.p/test_test_lpm.c.o app/dpdk-test.p/test_test_lpm6.c.o app/dpdk-test.p/test_test_lpm6_perf.c.o app/dpdk-test.p/test_test_lpm_perf.c.o app/dpdk-test.p/test_test_malloc.c.o app/dpdk-test.p/test_test_malloc_perf.c.o app/dpdk-test.p/test_test_mbuf.c.o app/dpdk-test.p/test_test_mcslock.c.o app/dpdk-test.p/test_test_member.c.o app/dpdk-test.p/test_test_member_perf.c.o app/dpdk-test.p/test_test_memcpy.c.o app/dpdk-test.p/test_test_memcpy_perf.c.o app/dpdk-test.p/test_test_memory.c.o app/dpdk-test.p/test_test_mempool.c.o app/dpdk-test.p/test_test_mempool_perf.c.o app/dpdk-test.p/test_test_memzone.c.o app/dpdk-test.p/test_test_meter.c.o app/dpdk-test.p/test_test_metrics.c.o app/dpdk-test.p/test_test_mp_secondary.c.o app/dpdk-test.p/test_test_net_ether.c.o app/dpdk-test.p/test_test_net_ip6.c.o app/dpdk-test.p/test_test_pcapng.c.o app/dpdk-test.p/test_test_pdcp.c.o app/dpdk-test.p/test_test_pdump.c.o app/dpdk-test.p/test_test_per_lcore.c.o app/dpdk-test.p/test_test_pflock.c.o app/dpdk-test.p/test_test_pie.c.o app/dpdk-test.p/test_test_pmd_perf.c.o app/dpdk-test.p/test_test_pmd_ring.c.o app/dpdk-test.p/test_test_pmd_ring_perf.c.o app/dpdk-test.p/test_test_power.c.o app/dpdk-test.p/test_test_power_cpufreq.c.o app/dpdk-test.p/test_test_power_intel_uncore.c.o app/dpdk-test.p/test_test_power_kvm_vm.c.o app/dpdk-test.p/test_test_prefetch.c.o app/dpdk-test.p/test_test_ptr_compress.c.o app/dpdk-test.p/test_test_rand_perf.c.o app/dpdk-test.p/test_test_rawdev.c.o app/dpdk-test.p/test_test_rcu_qsbr.c.o app/dpdk-test.p/test_test_rcu_qsbr_perf.c.o app/dpdk-test.p/test_test_reassembly_perf.c.o app/dpdk-test.p/test_test_reciprocal_division.c.o app/dpdk-test.p/test_test_reciprocal_division_perf.c.o app/dpdk-test.p/test_test_red.c.o app/dpdk-test.p/test_test_reorder.c.o app/dpdk-test.p/test_test_rib.c.o app/dpdk-test.p/test_test_rib6.c.o app/dpdk-test.p/test_test_ring.c.o app/dpdk-test.p/test_test_ring_hts_stress.c.o app/dpdk-test.p/test_test_ring_mpmc_stress.c.o app/dpdk-test.p/test_test_ring_mt_peek_stress.c.o app/dpdk-test.p/test_test_ring_mt_peek_stress_zc.c.o app/dpdk-test.p/test_test_ring_perf.c.o app/dpdk-test.p/test_test_ring_rts_stress.c.o app/dpdk-test.p/test_test_ring_st_peek_stress.c.o app/dpdk-test.p/test_test_ring_st_peek_stress_zc.c.o app/dpdk-test.p/test_test_ring_stress.c.o app/dpdk-test.p/test_test_rwlock.c.o app/dpdk-test.p/test_test_sched.c.o app/dpdk-test.p/test_test_security.c.o app/dpdk-test.p/test_test_security_inline_macsec.c.o app/dpdk-test.p/test_test_security_inline_proto.c.o app/dpdk-test.p/test_test_security_proto.c.o app/dpdk-test.p/test_test_seqlock.c.o app/dpdk-test.p/test_test_service_cores.c.o app/dpdk-test.p/test_test_soring.c.o app/dpdk-test.p/test_test_soring_mt_stress.c.o app/dpdk-test.p/test_test_soring_stress.c.o app/dpdk-test.p/test_test_spinlock.c.o app/dpdk-test.p/test_test_stack.c.o app/dpdk-test.p/test_test_stack_perf.c.o app/dpdk-test.p/test_test_string_fns.c.o app/dpdk-test.p/test_test_table.c.o app/dpdk-test.p/test_test_table_acl.c.o app/dpdk-test.p/test_test_table_combined.c.o app/dpdk-test.p/test_test_table_pipeline.c.o app/dpdk-test.p/test_test_table_ports.c.o app/dpdk-test.p/test_test_table_tables.c.o app/dpdk-test.p/test_test_tailq.c.o app/dpdk-test.p/test_test_telemetry_data.c.o app/dpdk-test.p/test_test_telemetry_json.c.o app/dpdk-test.p/test_test_thash.c.o app/dpdk-test.p/test_test_thash_perf.c.o app/dpdk-test.p/test_test_threads.c.o app/dpdk-test.p/test_test_ticketlock.c.o app/dpdk-test.p/test_test_timer.c.o app/dpdk-test.p/test_test_timer_perf.c.o app/dpdk-test.p/test_test_timer_racecond.c.o app/dpdk-test.p/test_test_timer_secondary.c.o app/dpdk-test.p/test_test_trace.c.o app/dpdk-test.p/test_test_trace_perf.c.o app/dpdk-test.p/test_test_trace_register.c.o app/dpdk-test.p/test_test_vdev.c.o app/dpdk-test.p/test_test_version.c.o app/dpdk-test.p/test_virtual_pmd.c.o -Wl,--as-needed -Wl,--no-undefined -Wl,--no-as-needed -pthread -Wl,--start-group -lm -ldl -lnuma -lfdt '-Wl,-rpath,$ORIGIN/../lib:$ORIGIN/../drivers' -Wl,-rpath-link,/home/runner/work/dpdk/dpdk/build/lib -Wl,-rpath-link,/home/runner/work/dpdk/dpdk/build/drivers lib/librte_cmdline.so.25.1 lib/librte_eal.so.25.1 lib/librte_kvargs.so.25.1 lib/librte_log.so.25.1 lib/librte_telemetry.so.25.1 lib/librte_net.so.25.1 lib/librte_mbuf.so.25.1 lib/librte_mempool.so.25.1 lib/librte_ring.so.25.1 drivers/librte_net_ring.so.25.1 lib/librte_ethdev.so.25.1 lib/librte_meter.so.25.1 drivers/librte_bus_pci.so.25.1 lib/librte_pci.so.25.1 drivers/librte_bus_vdev.so.25.1 lib/librte_acl.so.25.1 lib/librte_argparse.so.25.1 lib/librte_hash.so.25.1 lib/librte_rcu.so.25.1 lib/librte_metrics.so.25.1 lib/librte_bitratestats.so.25.1 lib/librte_bpf.so.25.1 lib/librte_cfgfile.so.25.1 lib/librte_compressdev.so.25.1 lib/librte_cryptodev.so.25.1 lib/librte_security.so.25.1 lib/librte_dispatcher.so.25.1 lib/librte_eventdev.so.25.1 lib/librte_timer.so.25.1 lib/librte_dmadev.so.25.1 lib/librte_distributor.so.25.1 lib/librte_efd.so.25.1 lib/librte_fib.so.25.1 lib/librte_rib.so.25.1 lib/librte_table.so.25.1 lib/librte_port.so.25.1 lib/librte_sched.so.25.1 lib/librte_ip_frag.so.25.1 lib/librte_lpm.so.25.1 lib/librte_graph.so.25.1 lib/librte_pcapng.so.25.1 lib/librte_ipsec.so.25.1 lib/librte_latencystats.so.25.1 drivers/librte_net_bond.so.25.1 lib/librte_member.so.25.1 lib/librte_pdcp.so.25.1 lib/librte_reorder.so.25.1 lib/librte_pdump.so.25.1 lib/librte_power.so.25.1 lib/librte_rawdev.so.25.1 lib/librte_stack.so.25.1 lib/librte_pipeline.so.25.1 drivers/librte_crypto_scheduler.so.25.1 /usr/lib/x86_64-linux-gnu/libz.so /usr/lib/x86_64-linux-gnu/libpcap.so /usr/lib/x86_64-linux-gnu/libbsd.so /usr/lib/x86_64-linux-gnu/libarchive.so /usr/lib/x86_64-linux-gnu/libjansson.so /usr/lib/x86_64-linux-gnu/libelf.so -Wl,--end-group
/usr/bin/ld: app/dpdk-test.p/test_test_crc.c.o: in function `crc_all_algs':
/home/runner/work/dpdk/dpdk/build/../app/test/test_crc.c:66: undefined reference to `rte_net_crc_free'
/usr/bin/ld: /home/runner/work/dpdk/dpdk/build/../app/test/test_crc.c:77: undefined reference to `rte_net_crc_free'
/usr/bin/ld: /home/runner/work/dpdk/dpdk/build/../app/test/test_crc.c:87: undefined reference to `rte_net_crc_free'
/usr/bin/ld: /home/runner/work/dpdk/dpdk/build/../app/test/test_crc.c:97: undefined reference to `rte_net_crc_free'
collect2: error: ld returned 1 exit status
[62/236] Compiling C object examples/dpdk-distributor.p/distributor_main.c.o
[63/236] Compiling C object examples/dpdk-ethtool.p/ethtool_ethtool-app_main.c.o
[64/236] Compiling C object examples/dpdk-eventdev_pipeline.p/eventdev_pipeline_pipeline_worker_generic.c.o
[65/236] Compiling C object examples/dpdk-bbdev_app.p/bbdev_app_main.c.o
[66/236] Compiling C object examples/dpdk-dma.p/dma_dmafwd.c.o
ninja: build stopped: subcommand failed.
##[error]Process completed with exit code 1.
####################################################################################
#### [End job log] "ubuntu-22.04-gcc-stdatomic" at step Build and test
####################################################################################




####################################################################################
#### [Begin job log] "ubuntu-22.04-clang-stdatomic" at step Build and test
####################################################################################
[53/236] Generating commands_hdr with a custom command (wrapped by meson to capture output)
[54/236] Compiling C object examples/dpdk-cmdline.p/cmdline_main.c.o
[55/236] Compiling C object examples/dpdk-cmdline.p/cmdline_parse_obj_list.c.o
[56/236] Compiling C object examples/dpdk-ethtool.p/ethtool_lib_rte_ethtool.c.o
[57/236] Compiling C object examples/dpdk-cmdline.p/cmdline_commands.c.o
[58/236] Compiling C object examples/dpdk-bond.p/bond_main.c.o
[59/236] Linking target examples/dpdk-cmdline
[60/236] Linking target examples/dpdk-bond
[61/236] Compiling C object examples/dpdk-ethtool.p/ethtool_ethtool-app_ethapp.c.o
[62/236] Linking target app/dpdk-test
FAILED: app/dpdk-test 
clang  -o app/dpdk-test app/dpdk-test.p/test_commands.c.o app/dpdk-test.p/test_test.c.o app/dpdk-test.p/test_packet_burst_generator.c.o app/dpdk-test.p/test_sample_packet_forward.c.o app/dpdk-test.p/test_test_acl.c.o app/dpdk-test.p/test_test_alarm.c.o app/dpdk-test.p/test_test_argparse.c.o app/dpdk-test.p/test_test_atomic.c.o app/dpdk-test.p/test_test_barrier.c.o app/dpdk-test.p/test_test_bitcount.c.o app/dpdk-test.p/test_test_bitmap.c.o app/dpdk-test.p/test_test_bitops.c.o app/dpdk-test.p/test_test_bitratestats.c.o app/dpdk-test.p/test_test_bitset.c.o app/dpdk-test.p/test_test_bpf.c.o app/dpdk-test.p/test_test_byteorder.c.o app/dpdk-test.p/test_test_cfgfile.c.o app/dpdk-test.p/test_test_cksum.c.o app/dpdk-test.p/test_test_cksum_perf.c.o app/dpdk-test.p/test_test_cmdline.c.o app/dpdk-test.p/test_test_cmdline_cirbuf.c.o app/dpdk-test.p/test_test_cmdline_etheraddr.c.o app/dpdk-test.p/test_test_cmdline_ipaddr.c.o app/dpdk-test.p/test_test_cmdline_lib.c.o app/dpdk-test.p/test_test_cmdline_num.c.o app/dpdk-test.p/test_test_cmdline_portlist.c.o app/dpdk-test.p/test_test_cmdline_string.c.o app/dpdk-test.p/test_test_common.c.o app/dpdk-test.p/test_test_compressdev.c.o app/dpdk-test.p/test_test_cpuflags.c.o app/dpdk-test.p/test_test_crc.c.o app/dpdk-test.p/test_test_cryptodev.c.o app/dpdk-test.p/test_test_cryptodev_asym.c.o app/dpdk-test.p/test_test_cryptodev_blockcipher.c.o app/dpdk-test.p/test_test_cryptodev_crosscheck.c.o app/dpdk-test.p/test_test_cryptodev_security_ipsec.c.o app/dpdk-test.p/test_test_cryptodev_security_pdcp.c.o app/dpdk-test.p/test_test_cryptodev_security_tls_record.c.o app/dpdk-test.p/test_test_cycles.c.o app/dpdk-test.p/test_test_debug.c.o app/dpdk-test.p/test_test_devargs.c.o app/dpdk-test.p/test_test_dispatcher.c.o app/dpdk-test.p/test_test_distributor.c.o app/dpdk-test.p/test_test_distributor_perf.c.o app/dpdk-test.p/test_test_dmadev.c.o app/dpdk-test.p/test_test_dmadev_api.c.o app/dpdk-test.p/test_test_eal_flags.c.o app/dpdk-test.p/test_test_eal_fs.c.o app/dpdk-test.p/test_test_efd.c.o app/dpdk-test.p/test_test_efd_perf.c.o app/dpdk-test.p/test_test_errno.c.o app/dpdk-test.p/test_test_ethdev_api.c.o app/dpdk-test.p/test_test_ethdev_link.c.o app/dpdk-test.p/test_test_event_crypto_adapter.c.o app/dpdk-test.p/test_test_event_dma_adapter.c.o app/dpdk-test.p/test_test_event_eth_rx_adapter.c.o app/dpdk-test.p/test_test_event_eth_tx_adapter.c.o app/dpdk-test.p/test_test_event_ring.c.o app/dpdk-test.p/test_test_event_timer_adapter.c.o app/dpdk-test.p/test_test_eventdev.c.o app/dpdk-test.p/test_test_external_mem.c.o app/dpdk-test.p/test_test_fbarray.c.o app/dpdk-test.p/test_test_fib.c.o app/dpdk-test.p/test_test_fib6.c.o app/dpdk-test.p/test_test_fib6_perf.c.o app/dpdk-test.p/test_test_fib_perf.c.o app/dpdk-test.p/test_test_func_reentrancy.c.o app/dpdk-test.p/test_test_graph.c.o app/dpdk-test.p/test_test_graph_perf.c.o app/dpdk-test.p/test_test_hash.c.o app/dpdk-test.p/test_test_hash_functions.c.o app/dpdk-test.p/test_test_hash_multiwriter.c.o app/dpdk-test.p/test_test_hash_perf.c.o app/dpdk-test.p/test_test_hash_readwrite.c.o app/dpdk-test.p/test_test_hash_readwrite_lf_perf.c.o app/dpdk-test.p/test_test_interrupts.c.o app/dpdk-test.p/test_test_ipfrag.c.o app/dpdk-test.p/test_test_ipsec.c.o app/dpdk-test.p/test_test_ipsec_perf.c.o app/dpdk-test.p/test_test_ipsec_sad.c.o app/dpdk-test.p/test_test_kvargs.c.o app/dpdk-test.p/test_test_latencystats.c.o app/dpdk-test.p/test_test_lcore_var.c.o app/dpdk-test.p/test_test_lcore_var_perf.c.o app/dpdk-test.p/test_test_lcores.c.o app/dpdk-test.p/test_test_link_bonding.c.o app/dpdk-test.p/test_test_link_bonding_mode4.c.o app/dpdk-test.p/test_test_link_bonding_rssconf.c.o app/dpdk-test.p/test_test_logs.c.o app/dpdk-test.p/test_test_lpm.c.o app/dpdk-test.p/test_test_lpm6.c.o app/dpdk-test.p/test_test_lpm6_perf.c.o app/dpdk-test.p/test_test_lpm_perf.c.o app/dpdk-test.p/test_test_malloc.c.o app/dpdk-test.p/test_test_malloc_perf.c.o app/dpdk-test.p/test_test_mbuf.c.o app/dpdk-test.p/test_test_mcslock.c.o app/dpdk-test.p/test_test_member.c.o app/dpdk-test.p/test_test_member_perf.c.o app/dpdk-test.p/test_test_memcpy.c.o app/dpdk-test.p/test_test_memcpy_perf.c.o app/dpdk-test.p/test_test_memory.c.o app/dpdk-test.p/test_test_mempool.c.o app/dpdk-test.p/test_test_mempool_perf.c.o app/dpdk-test.p/test_test_memzone.c.o app/dpdk-test.p/test_test_meter.c.o app/dpdk-test.p/test_test_metrics.c.o app/dpdk-test.p/test_test_mp_secondary.c.o app/dpdk-test.p/test_test_net_ether.c.o app/dpdk-test.p/test_test_net_ip6.c.o app/dpdk-test.p/test_test_pcapng.c.o app/dpdk-test.p/test_test_pdcp.c.o app/dpdk-test.p/test_test_pdump.c.o app/dpdk-test.p/test_test_per_lcore.c.o app/dpdk-test.p/test_test_pflock.c.o app/dpdk-test.p/test_test_pie.c.o app/dpdk-test.p/test_test_pmd_perf.c.o app/dpdk-test.p/test_test_pmd_ring.c.o app/dpdk-test.p/test_test_pmd_ring_perf.c.o app/dpdk-test.p/test_test_power.c.o app/dpdk-test.p/test_test_power_cpufreq.c.o app/dpdk-test.p/test_test_power_intel_uncore.c.o app/dpdk-test.p/test_test_power_kvm_vm.c.o app/dpdk-test.p/test_test_prefetch.c.o app/dpdk-test.p/test_test_ptr_compress.c.o app/dpdk-test.p/test_test_rand_perf.c.o app/dpdk-test.p/test_test_rawdev.c.o app/dpdk-test.p/test_test_rcu_qsbr.c.o app/dpdk-test.p/test_test_rcu_qsbr_perf.c.o app/dpdk-test.p/test_test_reassembly_perf.c.o app/dpdk-test.p/test_test_reciprocal_division.c.o app/dpdk-test.p/test_test_reciprocal_division_perf.c.o app/dpdk-test.p/test_test_red.c.o app/dpdk-test.p/test_test_reorder.c.o app/dpdk-test.p/test_test_rib.c.o app/dpdk-test.p/test_test_rib6.c.o app/dpdk-test.p/test_test_ring.c.o app/dpdk-test.p/test_test_ring_hts_stress.c.o app/dpdk-test.p/test_test_ring_mpmc_stress.c.o app/dpdk-test.p/test_test_ring_mt_peek_stress.c.o app/dpdk-test.p/test_test_ring_mt_peek_stress_zc.c.o app/dpdk-test.p/test_test_ring_perf.c.o app/dpdk-test.p/test_test_ring_rts_stress.c.o app/dpdk-test.p/test_test_ring_st_peek_stress.c.o app/dpdk-test.p/test_test_ring_st_peek_stress_zc.c.o app/dpdk-test.p/test_test_ring_stress.c.o app/dpdk-test.p/test_test_rwlock.c.o app/dpdk-test.p/test_test_sched.c.o app/dpdk-test.p/test_test_security.c.o app/dpdk-test.p/test_test_security_inline_macsec.c.o app/dpdk-test.p/test_test_security_inline_proto.c.o app/dpdk-test.p/test_test_security_proto.c.o app/dpdk-test.p/test_test_seqlock.c.o app/dpdk-test.p/test_test_service_cores.c.o app/dpdk-test.p/test_test_soring.c.o app/dpdk-test.p/test_test_soring_mt_stress.c.o app/dpdk-test.p/test_test_soring_stress.c.o app/dpdk-test.p/test_test_spinlock.c.o app/dpdk-test.p/test_test_stack.c.o app/dpdk-test.p/test_test_stack_perf.c.o app/dpdk-test.p/test_test_string_fns.c.o app/dpdk-test.p/test_test_table.c.o app/dpdk-test.p/test_test_table_acl.c.o app/dpdk-test.p/test_test_table_combined.c.o app/dpdk-test.p/test_test_table_pipeline.c.o app/dpdk-test.p/test_test_table_ports.c.o app/dpdk-test.p/test_test_table_tables.c.o app/dpdk-test.p/test_test_tailq.c.o app/dpdk-test.p/test_test_telemetry_data.c.o app/dpdk-test.p/test_test_telemetry_json.c.o app/dpdk-test.p/test_test_thash.c.o app/dpdk-test.p/test_test_thash_perf.c.o app/dpdk-test.p/test_test_threads.c.o app/dpdk-test.p/test_test_ticketlock.c.o app/dpdk-test.p/test_test_timer.c.o app/dpdk-test.p/test_test_timer_perf.c.o app/dpdk-test.p/test_test_timer_racecond.c.o app/dpdk-test.p/test_test_timer_secondary.c.o app/dpdk-test.p/test_test_trace.c.o app/dpdk-test.p/test_test_trace_perf.c.o app/dpdk-test.p/test_test_trace_register.c.o app/dpdk-test.p/test_test_vdev.c.o app/dpdk-test.p/test_test_version.c.o app/dpdk-test.p/test_virtual_pmd.c.o -Wl,--as-needed -Wl,--no-undefined -Wl,--no-as-needed -pthread -Wl,--start-group -lm -ldl -lnuma -lfdt '-Wl,-rpath,$ORIGIN/../lib:$ORIGIN/../drivers' -Wl,-rpath-link,/home/runner/work/dpdk/dpdk/build/lib -Wl,-rpath-link,/home/runner/work/dpdk/dpdk/build/drivers lib/librte_cmdline.so.25.1 lib/librte_eal.so.25.1 lib/librte_kvargs.so.25.1 lib/librte_log.so.25.1 lib/librte_telemetry.so.25.1 lib/librte_net.so.25.1 lib/librte_mbuf.so.25.1 lib/librte_mempool.so.25.1 lib/librte_ring.so.25.1 drivers/librte_net_ring.so.25.1 lib/librte_ethdev.so.25.1 lib/librte_meter.so.25.1 drivers/librte_bus_pci.so.25.1 lib/librte_pci.so.25.1 drivers/librte_bus_vdev.so.25.1 lib/librte_acl.so.25.1 lib/librte_argparse.so.25.1 lib/librte_hash.so.25.1 lib/librte_rcu.so.25.1 lib/librte_metrics.so.25.1 lib/librte_bitratestats.so.25.1 lib/librte_bpf.so.25.1 lib/librte_cfgfile.so.25.1 lib/librte_compressdev.so.25.1 lib/librte_cryptodev.so.25.1 lib/librte_security.so.25.1 lib/librte_dispatcher.so.25.1 lib/librte_eventdev.so.25.1 lib/librte_timer.so.25.1 lib/librte_dmadev.so.25.1 lib/librte_distributor.so.25.1 lib/librte_efd.so.25.1 lib/librte_fib.so.25.1 lib/librte_rib.so.25.1 lib/librte_table.so.25.1 lib/librte_port.so.25.1 lib/librte_sched.so.25.1 lib/librte_ip_frag.so.25.1 lib/librte_lpm.so.25.1 lib/librte_graph.so.25.1 lib/librte_pcapng.so.25.1 lib/librte_ipsec.so.25.1 lib/librte_latencystats.so.25.1 drivers/librte_net_bond.so.25.1 lib/librte_member.so.25.1 lib/librte_pdcp.so.25.1 lib/librte_reorder.so.25.1 lib/librte_pdump.so.25.1 lib/librte_power.so.25.1 lib/librte_rawdev.so.25.1 lib/librte_stack.so.25.1 lib/librte_pipeline.so.25.1 drivers/librte_crypto_scheduler.so.25.1 /usr/lib/x86_64-linux-gnu/libz.so /usr/lib/x86_64-linux-gnu/libpcap.so /usr/lib/x86_64-linux-gnu/libbsd.so /usr/lib/x86_64-linux-gnu/libarchive.so /usr/lib/x86_64-linux-gnu/libjansson.so /usr/lib/x86_64-linux-gnu/libelf.so -Wl,--end-group
/usr/bin/ld: app/dpdk-test.p/test_test_crc.c.o: in function `crc_all_algs':
test_crc.c:(.text+0x3c8): undefined reference to `rte_net_crc_free'
/usr/bin/ld: test_crc.c:(.text+0x403): undefined reference to `rte_net_crc_free'
/usr/bin/ld: test_crc.c:(.text+0x43e): undefined reference to `rte_net_crc_free'
/usr/bin/ld: test_crc.c:(.text+0x479): undefined reference to `rte_net_crc_free'
clang: error: linker command failed with exit code 1 (use -v to see invocation)
[63/236] Compiling C object examples/dpdk-distributor.p/distributor_main.c.o
[64/236] Compiling C object examples/dpdk-ethtool.p/ethtool_ethtool-app_main.c.o
[65/236] Compiling C object examples/dpdk-eventdev_pipeline.p/eventdev_pipeline_pipeline_worker_generic.c.o
[66/236] Compiling C object examples/dpdk-bbdev_app.p/bbdev_app_main.c.o
[67/236] Compiling C object examples/dpdk-dma.p/dma_dmafwd.c.o
ninja: build stopped: subcommand failed.
##[error]Process completed with exit code 1.
####################################################################################
#### [End job log] "ubuntu-22.04-clang-stdatomic" at step Build and test
####################################################################################




####################################################################################
#### [Begin job log] "ubuntu-22.04-gcc-abi+debug+doc+examples+tests" at step Build and test
####################################################################################
[46/1941] Linking target app/dpdk-test-gpudev
[47/1941] Linking target app/dpdk-test-regex
[48/1941] Linking target app/dpdk-test-sad
[49/1941] Linking target app/dpdk-test-pipeline
[50/1941] Linking target app/dpdk-test-security-perf
[51/1941] Linking target app/dpdk-testpmd
[52/1941] Generating examples.dox with a custom command
[53/1941] Generating commands_hdr with a custom command (wrapped by meson to capture output)
[54/1941] Compiling C object examples/dpdk-cmdline.p/cmdline_commands.c.o
[55/1941] Linking target app/dpdk-test
FAILED: app/dpdk-test 
gcc  -o app/dpdk-test app/dpdk-test.p/test_commands.c.o app/dpdk-test.p/test_test.c.o app/dpdk-test.p/test_packet_burst_generator.c.o app/dpdk-test.p/test_sample_packet_forward.c.o app/dpdk-test.p/test_test_acl.c.o app/dpdk-test.p/test_test_alarm.c.o app/dpdk-test.p/test_test_argparse.c.o app/dpdk-test.p/test_test_atomic.c.o app/dpdk-test.p/test_test_barrier.c.o app/dpdk-test.p/test_test_bitcount.c.o app/dpdk-test.p/test_test_bitmap.c.o app/dpdk-test.p/test_test_bitops.c.o app/dpdk-test.p/test_test_bitratestats.c.o app/dpdk-test.p/test_test_bitset.c.o app/dpdk-test.p/test_test_bpf.c.o app/dpdk-test.p/test_test_byteorder.c.o app/dpdk-test.p/test_test_cfgfile.c.o app/dpdk-test.p/test_test_cksum.c.o app/dpdk-test.p/test_test_cksum_perf.c.o app/dpdk-test.p/test_test_cmdline.c.o app/dpdk-test.p/test_test_cmdline_cirbuf.c.o app/dpdk-test.p/test_test_cmdline_etheraddr.c.o app/dpdk-test.p/test_test_cmdline_ipaddr.c.o app/dpdk-test.p/test_test_cmdline_lib.c.o app/dpdk-test.p/test_test_cmdline_num.c.o app/dpdk-test.p/test_test_cmdline_portlist.c.o app/dpdk-test.p/test_test_cmdline_string.c.o app/dpdk-test.p/test_test_common.c.o app/dpdk-test.p/test_test_compressdev.c.o app/dpdk-test.p/test_test_cpuflags.c.o app/dpdk-test.p/test_test_crc.c.o app/dpdk-test.p/test_test_cryptodev.c.o app/dpdk-test.p/test_test_cryptodev_asym.c.o app/dpdk-test.p/test_test_cryptodev_blockcipher.c.o app/dpdk-test.p/test_test_cryptodev_crosscheck.c.o app/dpdk-test.p/test_test_cryptodev_security_ipsec.c.o app/dpdk-test.p/test_test_cryptodev_security_pdcp.c.o app/dpdk-test.p/test_test_cryptodev_security_tls_record.c.o app/dpdk-test.p/test_test_cycles.c.o app/dpdk-test.p/test_test_debug.c.o app/dpdk-test.p/test_test_devargs.c.o app/dpdk-test.p/test_test_dispatcher.c.o app/dpdk-test.p/test_test_distributor.c.o app/dpdk-test.p/test_test_distributor_perf.c.o app/dpdk-test.p/test_test_dmadev.c.o app/dpdk-test.p/test_test_dmadev_api.c.o app/dpdk-test.p/test_test_eal_flags.c.o app/dpdk-test.p/test_test_eal_fs.c.o app/dpdk-test.p/test_test_efd.c.o app/dpdk-test.p/test_test_efd_perf.c.o app/dpdk-test.p/test_test_errno.c.o app/dpdk-test.p/test_test_ethdev_api.c.o app/dpdk-test.p/test_test_ethdev_link.c.o app/dpdk-test.p/test_test_event_crypto_adapter.c.o app/dpdk-test.p/test_test_event_dma_adapter.c.o app/dpdk-test.p/test_test_event_eth_rx_adapter.c.o app/dpdk-test.p/test_test_event_eth_tx_adapter.c.o app/dpdk-test.p/test_test_event_ring.c.o app/dpdk-test.p/test_test_event_timer_adapter.c.o app/dpdk-test.p/test_test_eventdev.c.o app/dpdk-test.p/test_test_external_mem.c.o app/dpdk-test.p/test_test_fbarray.c.o app/dpdk-test.p/test_test_fib.c.o app/dpdk-test.p/test_test_fib6.c.o app/dpdk-test.p/test_test_fib6_perf.c.o app/dpdk-test.p/test_test_fib_perf.c.o app/dpdk-test.p/test_test_func_reentrancy.c.o app/dpdk-test.p/test_test_graph.c.o app/dpdk-test.p/test_test_graph_perf.c.o app/dpdk-test.p/test_test_hash.c.o app/dpdk-test.p/test_test_hash_functions.c.o app/dpdk-test.p/test_test_hash_multiwriter.c.o app/dpdk-test.p/test_test_hash_perf.c.o app/dpdk-test.p/test_test_hash_readwrite.c.o app/dpdk-test.p/test_test_hash_readwrite_lf_perf.c.o app/dpdk-test.p/test_test_interrupts.c.o app/dpdk-test.p/test_test_ipfrag.c.o app/dpdk-test.p/test_test_ipsec.c.o app/dpdk-test.p/test_test_ipsec_perf.c.o app/dpdk-test.p/test_test_ipsec_sad.c.o app/dpdk-test.p/test_test_kvargs.c.o app/dpdk-test.p/test_test_latencystats.c.o app/dpdk-test.p/test_test_lcore_var.c.o app/dpdk-test.p/test_test_lcore_var_perf.c.o app/dpdk-test.p/test_test_lcores.c.o app/dpdk-test.p/test_test_link_bonding.c.o app/dpdk-test.p/test_test_link_bonding_mode4.c.o app/dpdk-test.p/test_test_link_bonding_rssconf.c.o app/dpdk-test.p/test_test_logs.c.o app/dpdk-test.p/test_test_lpm.c.o app/dpdk-test.p/test_test_lpm6.c.o app/dpdk-test.p/test_test_lpm6_perf.c.o app/dpdk-test.p/test_test_lpm_perf.c.o app/dpdk-test.p/test_test_malloc.c.o app/dpdk-test.p/test_test_malloc_perf.c.o app/dpdk-test.p/test_test_mbuf.c.o app/dpdk-test.p/test_test_mcslock.c.o app/dpdk-test.p/test_test_member.c.o app/dpdk-test.p/test_test_member_perf.c.o app/dpdk-test.p/test_test_memcpy.c.o app/dpdk-test.p/test_test_memcpy_perf.c.o app/dpdk-test.p/test_test_memory.c.o app/dpdk-test.p/test_test_mempool.c.o app/dpdk-test.p/test_test_mempool_perf.c.o app/dpdk-test.p/test_test_memzone.c.o app/dpdk-test.p/test_test_meter.c.o app/dpdk-test.p/test_test_metrics.c.o app/dpdk-test.p/test_test_mp_secondary.c.o app/dpdk-test.p/test_test_net_ether.c.o app/dpdk-test.p/test_test_net_ip6.c.o app/dpdk-test.p/test_test_pcapng.c.o app/dpdk-test.p/test_test_pdcp.c.o app/dpdk-test.p/test_test_pdump.c.o app/dpdk-test.p/test_test_per_lcore.c.o app/dpdk-test.p/test_test_pflock.c.o app/dpdk-test.p/test_test_pie.c.o app/dpdk-test.p/test_test_pmd_perf.c.o app/dpdk-test.p/test_test_pmd_ring.c.o app/dpdk-test.p/test_test_pmd_ring_perf.c.o app/dpdk-test.p/test_test_power.c.o app/dpdk-test.p/test_test_power_cpufreq.c.o app/dpdk-test.p/test_test_power_intel_uncore.c.o app/dpdk-test.p/test_test_power_kvm_vm.c.o app/dpdk-test.p/test_test_prefetch.c.o app/dpdk-test.p/test_test_ptr_compress.c.o app/dpdk-test.p/test_test_rand_perf.c.o app/dpdk-test.p/test_test_rawdev.c.o app/dpdk-test.p/test_test_rcu_qsbr.c.o app/dpdk-test.p/test_test_rcu_qsbr_perf.c.o app/dpdk-test.p/test_test_reassembly_perf.c.o app/dpdk-test.p/test_test_reciprocal_division.c.o app/dpdk-test.p/test_test_reciprocal_division_perf.c.o app/dpdk-test.p/test_test_red.c.o app/dpdk-test.p/test_test_reorder.c.o app/dpdk-test.p/test_test_rib.c.o app/dpdk-test.p/test_test_rib6.c.o app/dpdk-test.p/test_test_ring.c.o app/dpdk-test.p/test_test_ring_hts_stress.c.o app/dpdk-test.p/test_test_ring_mpmc_stress.c.o app/dpdk-test.p/test_test_ring_mt_peek_stress.c.o app/dpdk-test.p/test_test_ring_mt_peek_stress_zc.c.o app/dpdk-test.p/test_test_ring_perf.c.o app/dpdk-test.p/test_test_ring_rts_stress.c.o app/dpdk-test.p/test_test_ring_st_peek_stress.c.o app/dpdk-test.p/test_test_ring_st_peek_stress_zc.c.o app/dpdk-test.p/test_test_ring_stress.c.o app/dpdk-test.p/test_test_rwlock.c.o app/dpdk-test.p/test_test_sched.c.o app/dpdk-test.p/test_test_security.c.o app/dpdk-test.p/test_test_security_inline_macsec.c.o app/dpdk-test.p/test_test_security_inline_proto.c.o app/dpdk-test.p/test_test_security_proto.c.o app/dpdk-test.p/test_test_seqlock.c.o app/dpdk-test.p/test_test_service_cores.c.o app/dpdk-test.p/test_test_soring.c.o app/dpdk-test.p/test_test_soring_mt_stress.c.o app/dpdk-test.p/test_test_soring_stress.c.o app/dpdk-test.p/test_test_spinlock.c.o app/dpdk-test.p/test_test_stack.c.o app/dpdk-test.p/test_test_stack_perf.c.o app/dpdk-test.p/test_test_string_fns.c.o app/dpdk-test.p/test_test_table.c.o app/dpdk-test.p/test_test_table_acl.c.o app/dpdk-test.p/test_test_table_combined.c.o app/dpdk-test.p/test_test_table_pipeline.c.o app/dpdk-test.p/test_test_table_ports.c.o app/dpdk-test.p/test_test_table_tables.c.o app/dpdk-test.p/test_test_tailq.c.o app/dpdk-test.p/test_test_telemetry_data.c.o app/dpdk-test.p/test_test_telemetry_json.c.o app/dpdk-test.p/test_test_thash.c.o app/dpdk-test.p/test_test_thash_perf.c.o app/dpdk-test.p/test_test_threads.c.o app/dpdk-test.p/test_test_ticketlock.c.o app/dpdk-test.p/test_test_timer.c.o app/dpdk-test.p/test_test_timer_perf.c.o app/dpdk-test.p/test_test_timer_racecond.c.o app/dpdk-test.p/test_test_timer_secondary.c.o app/dpdk-test.p/test_test_trace.c.o app/dpdk-test.p/test_test_trace_perf.c.o app/dpdk-test.p/test_test_trace_register.c.o app/dpdk-test.p/test_test_vdev.c.o app/dpdk-test.p/test_test_version.c.o app/dpdk-test.p/test_virtual_pmd.c.o -Wl,--as-needed -Wl,--no-undefined -Wl,--no-as-needed -pthread -Wl,--start-group -lm -ldl -lnuma -lfdt '-Wl,-rpath,$ORIGIN/../lib:$ORIGIN/../drivers' -Wl,-rpath-link,/home/runner/work/dpdk/dpdk/build/lib -Wl,-rpath-link,/home/runner/work/dpdk/dpdk/build/drivers lib/librte_cmdline.so.25.1 lib/librte_eal.so.25.1 lib/librte_kvargs.so.25.1 lib/librte_log.so.25.1 lib/librte_telemetry.so.25.1 lib/librte_net.so.25.1 lib/librte_mbuf.so.25.1 lib/librte_mempool.so.25.1 lib/librte_ring.so.25.1 drivers/librte_net_ring.so.25.1 lib/librte_ethdev.so.25.1 lib/librte_meter.so.25.1 drivers/librte_bus_pci.so.25.1 lib/librte_pci.so.25.1 drivers/librte_bus_vdev.so.25.1 lib/librte_acl.so.25.1 lib/librte_argparse.so.25.1 lib/librte_hash.so.25.1 lib/librte_rcu.so.25.1 lib/librte_metrics.so.25.1 lib/librte_bitratestats.so.25.1 lib/librte_bpf.so.25.1 lib/librte_cfgfile.so.25.1 lib/librte_compressdev.so.25.1 lib/librte_cryptodev.so.25.1 lib/librte_security.so.25.1 lib/librte_dispatcher.so.25.1 lib/librte_eventdev.so.25.1 lib/librte_timer.so.25.1 lib/librte_dmadev.so.25.1 lib/librte_distributor.so.25.1 lib/librte_efd.so.25.1 lib/librte_fib.so.25.1 lib/librte_rib.so.25.1 lib/librte_table.so.25.1 lib/librte_port.so.25.1 lib/librte_sched.so.25.1 lib/librte_ip_frag.so.25.1 lib/librte_lpm.so.25.1 lib/librte_graph.so.25.1 lib/librte_pcapng.so.25.1 lib/librte_ipsec.so.25.1 lib/librte_latencystats.so.25.1 drivers/librte_net_bond.so.25.1 lib/librte_member.so.25.1 lib/librte_pdcp.so.25.1 lib/librte_reorder.so.25.1 lib/librte_pdump.so.25.1 lib/librte_power.so.25.1 lib/librte_rawdev.so.25.1 lib/librte_stack.so.25.1 lib/librte_pipeline.so.25.1 drivers/librte_crypto_scheduler.so.25.1 /usr/lib/x86_64-linux-gnu/libz.so /usr/lib/x86_64-linux-gnu/libpcap.so /usr/lib/x86_64-linux-gnu/libbsd.so /usr/lib/x86_64-linux-gnu/libarchive.so /usr/lib/x86_64-linux-gnu/libjansson.so /usr/lib/x86_64-linux-gnu/libelf.so -Wl,--end-group
/usr/bin/ld: app/dpdk-test.p/test_test_crc.c.o: in function `crc_all_algs':
/home/runner/work/dpdk/dpdk/build/../app/test/test_crc.c:66: undefined reference to `rte_net_crc_free'
/usr/bin/ld: /home/runner/work/dpdk/dpdk/build/../app/test/test_crc.c:77: undefined reference to `rte_net_crc_free'
/usr/bin/ld: /home/runner/work/dpdk/dpdk/build/../app/test/test_crc.c:87: undefined reference to `rte_net_crc_free'
/usr/bin/ld: /home/runner/work/dpdk/dpdk/build/../app/test/test_crc.c:97: undefined reference to `rte_net_crc_free'
collect2: error: ld returned 1 exit status
[56/1941] Compiling C object examples/dpdk-bond.p/bond_main.c.o
[57/1941] Compiling C object examples/dpdk-bbdev_app.p/bbdev_app_main.c.o
[58/1941] Generating doxygen-man with a custom command
[59/1941] Generating doxygen-html with a custom command
[60/1941] Generating html_guides with a custom command
ninja: build stopped: subcommand failed.
##[error]Process completed with exit code 1.
####################################################################################
#### [End job log] "ubuntu-22.04-gcc-abi+debug+doc+examples+tests" at step Build and test
####################################################################################




####################################################################################
#### [Begin job log] "ubuntu-22.04-clang-asan+doc+tests" at step Build and test
####################################################################################
[42/1941] Linking target app/dpdk-test-pipeline
[43/1941] Linking target app/dpdk-test-sad
[44/1941] Linking target app/dpdk-test-regex
[45/1941] Linking target app/dpdk-test-security-perf
[46/1941] Generating commands_hdr with a custom command (wrapped by meson to capture output)
[47/1941] Linking target app/dpdk-testpmd
[48/1941] Compiling C object examples/dpdk-cmdline.p/cmdline_main.c.o
[49/1941] Generating examples.dox with a custom command
[50/1941] Compiling C object examples/dpdk-cmdline.p/cmdline_commands.c.o
[51/1941] Linking target app/dpdk-test
FAILED: app/dpdk-test 
clang  -o app/dpdk-test app/dpdk-test.p/test_commands.c.o app/dpdk-test.p/test_test.c.o app/dpdk-test.p/test_packet_burst_generator.c.o app/dpdk-test.p/test_sample_packet_forward.c.o app/dpdk-test.p/test_test_acl.c.o app/dpdk-test.p/test_test_alarm.c.o app/dpdk-test.p/test_test_argparse.c.o app/dpdk-test.p/test_test_atomic.c.o app/dpdk-test.p/test_test_barrier.c.o app/dpdk-test.p/test_test_bitcount.c.o app/dpdk-test.p/test_test_bitmap.c.o app/dpdk-test.p/test_test_bitops.c.o app/dpdk-test.p/test_test_bitratestats.c.o app/dpdk-test.p/test_test_bitset.c.o app/dpdk-test.p/test_test_bpf.c.o app/dpdk-test.p/test_test_byteorder.c.o app/dpdk-test.p/test_test_cfgfile.c.o app/dpdk-test.p/test_test_cksum.c.o app/dpdk-test.p/test_test_cksum_perf.c.o app/dpdk-test.p/test_test_cmdline.c.o app/dpdk-test.p/test_test_cmdline_cirbuf.c.o app/dpdk-test.p/test_test_cmdline_etheraddr.c.o app/dpdk-test.p/test_test_cmdline_ipaddr.c.o app/dpdk-test.p/test_test_cmdline_lib.c.o app/dpdk-test.p/test_test_cmdline_num.c.o app/dpdk-test.p/test_test_cmdline_portlist.c.o app/dpdk-test.p/test_test_cmdline_string.c.o app/dpdk-test.p/test_test_common.c.o app/dpdk-test.p/test_test_compressdev.c.o app/dpdk-test.p/test_test_cpuflags.c.o app/dpdk-test.p/test_test_crc.c.o app/dpdk-test.p/test_test_cryptodev.c.o app/dpdk-test.p/test_test_cryptodev_asym.c.o app/dpdk-test.p/test_test_cryptodev_blockcipher.c.o app/dpdk-test.p/test_test_cryptodev_crosscheck.c.o app/dpdk-test.p/test_test_cryptodev_security_ipsec.c.o app/dpdk-test.p/test_test_cryptodev_security_pdcp.c.o app/dpdk-test.p/test_test_cryptodev_security_tls_record.c.o app/dpdk-test.p/test_test_cycles.c.o app/dpdk-test.p/test_test_debug.c.o app/dpdk-test.p/test_test_devargs.c.o app/dpdk-test.p/test_test_dispatcher.c.o app/dpdk-test.p/test_test_distributor.c.o app/dpdk-test.p/test_test_distributor_perf.c.o app/dpdk-test.p/test_test_dmadev.c.o app/dpdk-test.p/test_test_dmadev_api.c.o app/dpdk-test.p/test_test_eal_flags.c.o app/dpdk-test.p/test_test_eal_fs.c.o app/dpdk-test.p/test_test_efd.c.o app/dpdk-test.p/test_test_efd_perf.c.o app/dpdk-test.p/test_test_errno.c.o app/dpdk-test.p/test_test_ethdev_api.c.o app/dpdk-test.p/test_test_ethdev_link.c.o app/dpdk-test.p/test_test_event_crypto_adapter.c.o app/dpdk-test.p/test_test_event_dma_adapter.c.o app/dpdk-test.p/test_test_event_eth_rx_adapter.c.o app/dpdk-test.p/test_test_event_eth_tx_adapter.c.o app/dpdk-test.p/test_test_event_ring.c.o app/dpdk-test.p/test_test_event_timer_adapter.c.o app/dpdk-test.p/test_test_eventdev.c.o app/dpdk-test.p/test_test_external_mem.c.o app/dpdk-test.p/test_test_fbarray.c.o app/dpdk-test.p/test_test_fib.c.o app/dpdk-test.p/test_test_fib6.c.o app/dpdk-test.p/test_test_fib6_perf.c.o app/dpdk-test.p/test_test_fib_perf.c.o app/dpdk-test.p/test_test_func_reentrancy.c.o app/dpdk-test.p/test_test_graph.c.o app/dpdk-test.p/test_test_graph_perf.c.o app/dpdk-test.p/test_test_hash.c.o app/dpdk-test.p/test_test_hash_functions.c.o app/dpdk-test.p/test_test_hash_multiwriter.c.o app/dpdk-test.p/test_test_hash_perf.c.o app/dpdk-test.p/test_test_hash_readwrite.c.o app/dpdk-test.p/test_test_hash_readwrite_lf_perf.c.o app/dpdk-test.p/test_test_interrupts.c.o app/dpdk-test.p/test_test_ipfrag.c.o app/dpdk-test.p/test_test_ipsec.c.o app/dpdk-test.p/test_test_ipsec_perf.c.o app/dpdk-test.p/test_test_ipsec_sad.c.o app/dpdk-test.p/test_test_kvargs.c.o app/dpdk-test.p/test_test_latencystats.c.o app/dpdk-test.p/test_test_lcore_var.c.o app/dpdk-test.p/test_test_lcore_var_perf.c.o app/dpdk-test.p/test_test_lcores.c.o app/dpdk-test.p/test_test_link_bonding.c.o app/dpdk-test.p/test_test_link_bonding_mode4.c.o app/dpdk-test.p/test_test_link_bonding_rssconf.c.o app/dpdk-test.p/test_test_logs.c.o app/dpdk-test.p/test_test_lpm.c.o app/dpdk-test.p/test_test_lpm6.c.o app/dpdk-test.p/test_test_lpm6_perf.c.o app/dpdk-test.p/test_test_lpm_perf.c.o app/dpdk-test.p/test_test_malloc.c.o app/dpdk-test.p/test_test_malloc_perf.c.o app/dpdk-test.p/test_test_mbuf.c.o app/dpdk-test.p/test_test_mcslock.c.o app/dpdk-test.p/test_test_member.c.o app/dpdk-test.p/test_test_member_perf.c.o app/dpdk-test.p/test_test_memcpy.c.o app/dpdk-test.p/test_test_memcpy_perf.c.o app/dpdk-test.p/test_test_memory.c.o app/dpdk-test.p/test_test_mempool.c.o app/dpdk-test.p/test_test_mempool_perf.c.o app/dpdk-test.p/test_test_memzone.c.o app/dpdk-test.p/test_test_meter.c.o app/dpdk-test.p/test_test_metrics.c.o app/dpdk-test.p/test_test_mp_secondary.c.o app/dpdk-test.p/test_test_net_ether.c.o app/dpdk-test.p/test_test_net_ip6.c.o app/dpdk-test.p/test_test_pcapng.c.o app/dpdk-test.p/test_test_pdcp.c.o app/dpdk-test.p/test_test_pdump.c.o app/dpdk-test.p/test_test_per_lcore.c.o app/dpdk-test.p/test_test_pflock.c.o app/dpdk-test.p/test_test_pie.c.o app/dpdk-test.p/test_test_pmd_perf.c.o app/dpdk-test.p/test_test_pmd_ring.c.o app/dpdk-test.p/test_test_pmd_ring_perf.c.o app/dpdk-test.p/test_test_power.c.o app/dpdk-test.p/test_test_power_cpufreq.c.o app/dpdk-test.p/test_test_power_intel_uncore.c.o app/dpdk-test.p/test_test_power_kvm_vm.c.o app/dpdk-test.p/test_test_prefetch.c.o app/dpdk-test.p/test_test_ptr_compress.c.o app/dpdk-test.p/test_test_rand_perf.c.o app/dpdk-test.p/test_test_rawdev.c.o app/dpdk-test.p/test_test_rcu_qsbr.c.o app/dpdk-test.p/test_test_rcu_qsbr_perf.c.o app/dpdk-test.p/test_test_reassembly_perf.c.o app/dpdk-test.p/test_test_reciprocal_division.c.o app/dpdk-test.p/test_test_reciprocal_division_perf.c.o app/dpdk-test.p/test_test_red.c.o app/dpdk-test.p/test_test_reorder.c.o app/dpdk-test.p/test_test_rib.c.o app/dpdk-test.p/test_test_rib6.c.o app/dpdk-test.p/test_test_ring.c.o app/dpdk-test.p/test_test_ring_hts_stress.c.o app/dpdk-test.p/test_test_ring_mpmc_stress.c.o app/dpdk-test.p/test_test_ring_mt_peek_stress.c.o app/dpdk-test.p/test_test_ring_mt_peek_stress_zc.c.o app/dpdk-test.p/test_test_ring_perf.c.o app/dpdk-test.p/test_test_ring_rts_stress.c.o app/dpdk-test.p/test_test_ring_st_peek_stress.c.o app/dpdk-test.p/test_test_ring_st_peek_stress_zc.c.o app/dpdk-test.p/test_test_ring_stress.c.o app/dpdk-test.p/test_test_rwlock.c.o app/dpdk-test.p/test_test_sched.c.o app/dpdk-test.p/test_test_security.c.o app/dpdk-test.p/test_test_security_inline_macsec.c.o app/dpdk-test.p/test_test_security_inline_proto.c.o app/dpdk-test.p/test_test_security_proto.c.o app/dpdk-test.p/test_test_seqlock.c.o app/dpdk-test.p/test_test_service_cores.c.o app/dpdk-test.p/test_test_soring.c.o app/dpdk-test.p/test_test_soring_mt_stress.c.o app/dpdk-test.p/test_test_soring_stress.c.o app/dpdk-test.p/test_test_spinlock.c.o app/dpdk-test.p/test_test_stack.c.o app/dpdk-test.p/test_test_stack_perf.c.o app/dpdk-test.p/test_test_string_fns.c.o app/dpdk-test.p/test_test_table.c.o app/dpdk-test.p/test_test_table_acl.c.o app/dpdk-test.p/test_test_table_combined.c.o app/dpdk-test.p/test_test_table_pipeline.c.o app/dpdk-test.p/test_test_table_ports.c.o app/dpdk-test.p/test_test_table_tables.c.o app/dpdk-test.p/test_test_tailq.c.o app/dpdk-test.p/test_test_telemetry_data.c.o app/dpdk-test.p/test_test_telemetry_json.c.o app/dpdk-test.p/test_test_thash.c.o app/dpdk-test.p/test_test_thash_perf.c.o app/dpdk-test.p/test_test_threads.c.o app/dpdk-test.p/test_test_ticketlock.c.o app/dpdk-test.p/test_test_timer.c.o app/dpdk-test.p/test_test_timer_perf.c.o app/dpdk-test.p/test_test_timer_racecond.c.o app/dpdk-test.p/test_test_timer_secondary.c.o app/dpdk-test.p/test_test_trace.c.o app/dpdk-test.p/test_test_trace_perf.c.o app/dpdk-test.p/test_test_trace_register.c.o app/dpdk-test.p/test_test_vdev.c.o app/dpdk-test.p/test_test_version.c.o app/dpdk-test.p/test_virtual_pmd.c.o -fsanitize=address -Wl,--as-needed -Wl,--allow-shlib-undefined -Wl,--no-as-needed -pthread -Wl,--start-group -lm -ldl -lnuma -lfdt '-Wl,-rpath,$ORIGIN/../lib:$ORIGIN/../drivers' -Wl,-rpath-link,/home/runner/work/dpdk/dpdk/build/lib -Wl,-rpath-link,/home/runner/work/dpdk/dpdk/build/drivers lib/librte_cmdline.so.25.1 lib/librte_eal.so.25.1 lib/librte_kvargs.so.25.1 lib/librte_log.so.25.1 lib/librte_telemetry.so.25.1 lib/librte_net.so.25.1 lib/librte_mbuf.so.25.1 lib/librte_mempool.so.25.1 lib/librte_ring.so.25.1 drivers/librte_net_ring.so.25.1 lib/librte_ethdev.so.25.1 lib/librte_meter.so.25.1 drivers/librte_bus_pci.so.25.1 lib/librte_pci.so.25.1 drivers/librte_bus_vdev.so.25.1 lib/librte_acl.so.25.1 lib/librte_argparse.so.25.1 lib/librte_hash.so.25.1 lib/librte_rcu.so.25.1 lib/librte_metrics.so.25.1 lib/librte_bitratestats.so.25.1 lib/librte_bpf.so.25.1 lib/librte_cfgfile.so.25.1 lib/librte_compressdev.so.25.1 lib/librte_cryptodev.so.25.1 lib/librte_security.so.25.1 lib/librte_dispatcher.so.25.1 lib/librte_eventdev.so.25.1 lib/librte_timer.so.25.1 lib/librte_dmadev.so.25.1 lib/librte_distributor.so.25.1 lib/librte_efd.so.25.1 lib/librte_fib.so.25.1 lib/librte_rib.so.25.1 lib/librte_table.so.25.1 lib/librte_port.so.25.1 lib/librte_sched.so.25.1 lib/librte_ip_frag.so.25.1 lib/librte_lpm.so.25.1 lib/librte_graph.so.25.1 lib/librte_pcapng.so.25.1 lib/librte_ipsec.so.25.1 lib/librte_latencystats.so.25.1 drivers/librte_net_bond.so.25.1 lib/librte_member.so.25.1 lib/librte_pdcp.so.25.1 lib/librte_reorder.so.25.1 lib/librte_pdump.so.25.1 lib/librte_power.so.25.1 lib/librte_rawdev.so.25.1 lib/librte_stack.so.25.1 lib/librte_pipeline.so.25.1 drivers/librte_crypto_scheduler.so.25.1 /usr/lib/x86_64-linux-gnu/libz.so /usr/lib/x86_64-linux-gnu/libpcap.so /usr/lib/x86_64-linux-gnu/libbsd.so /usr/lib/x86_64-linux-gnu/libarchive.so /usr/lib/x86_64-linux-gnu/libjansson.so /usr/lib/x86_64-linux-gnu/libelf.so -Wl,--end-group
/usr/bin/ld: app/dpdk-test.p/test_test_crc.c.o: in function `crc_all_algs':
test_crc.c:(.text+0x2191): undefined reference to `rte_net_crc_free'
/usr/bin/ld: test_crc.c:(.text+0x21dd): undefined reference to `rte_net_crc_free'
/usr/bin/ld: test_crc.c:(.text+0x2229): undefined reference to `rte_net_crc_free'
/usr/bin/ld: test_crc.c:(.text+0x2279): undefined reference to `rte_net_crc_free'
clang: error: linker command failed with exit code 1 (use -v to see invocation)
[52/1941] Compiling C object examples/dpdk-bond.p/bond_main.c.o
[53/1941] Generating doxygen-man with a custom command
[54/1941] Generating doxygen-html with a custom command
[55/1941] Compiling C object examples/dpdk-bbdev_app.p/bbdev_app_main.c.o
[56/1941] Generating html_guides with a custom command
ninja: build stopped: subcommand failed.
##[error]Process completed with exit code 1.
####################################################################################
#### [End job log] "ubuntu-22.04-clang-asan+doc+tests" at step Build and test
####################################################################################




####################################################################################
#### [Begin job log] "ubuntu-22.04-gcc-shared-aarch64" at step Build and test
####################################################################################
[3275/6640] Compiling C object examples/dpdk-ip_pipeline.p/ip_pipeline_main.c.o
[3276/6640] Compiling C object examples/dpdk-ip_pipeline.p/ip_pipeline_parser.c.o
[3277/6640] Compiling C object examples/dpdk-ip_pipeline.p/ip_pipeline_swq.c.o
[3278/6640] Compiling C object examples/dpdk-ip_pipeline.p/ip_pipeline_tap.c.o
[3279/6640] Compiling C object examples/dpdk-ip_pipeline.p/ip_pipeline_pipeline.c.o
[3280/6640] Compiling C object examples/dpdk-ip_pipeline.p/ip_pipeline_tmgr.c.o
[3281/6640] Compiling C object app/dpdk-test.p/test_test_trace_perf.c.o
[3282/6640] Generating rte_event_cnxk.pmd.c with a custom command
[3283/6640] Compiling C object drivers/librte_event_cnxk.a.p/meson-generated_.._rte_event_cnxk.pmd.c.o
[3284/6640] Linking target app/dpdk-test
FAILED: app/dpdk-test 
aarch64-linux-gnu-gcc  -o app/dpdk-test app/dpdk-test.p/test_commands.c.o app/dpdk-test.p/test_test.c.o app/dpdk-test.p/test_packet_burst_generator.c.o app/dpdk-test.p/test_sample_packet_forward.c.o app/dpdk-test.p/test_test_acl.c.o app/dpdk-test.p/test_test_alarm.c.o app/dpdk-test.p/test_test_argparse.c.o app/dpdk-test.p/test_test_atomic.c.o app/dpdk-test.p/test_test_barrier.c.o app/dpdk-test.p/test_test_bitcount.c.o app/dpdk-test.p/test_test_bitmap.c.o app/dpdk-test.p/test_test_bitops.c.o app/dpdk-test.p/test_test_bitratestats.c.o app/dpdk-test.p/test_test_bitset.c.o app/dpdk-test.p/test_test_bpf.c.o app/dpdk-test.p/test_test_byteorder.c.o app/dpdk-test.p/test_test_cfgfile.c.o app/dpdk-test.p/test_test_cksum.c.o app/dpdk-test.p/test_test_cksum_perf.c.o app/dpdk-test.p/test_test_cmdline.c.o app/dpdk-test.p/test_test_cmdline_cirbuf.c.o app/dpdk-test.p/test_test_cmdline_etheraddr.c.o app/dpdk-test.p/test_test_cmdline_ipaddr.c.o app/dpdk-test.p/test_test_cmdline_lib.c.o app/dpdk-test.p/test_test_cmdline_num.c.o app/dpdk-test.p/test_test_cmdline_portlist.c.o app/dpdk-test.p/test_test_cmdline_string.c.o app/dpdk-test.p/test_test_common.c.o app/dpdk-test.p/test_test_cpuflags.c.o app/dpdk-test.p/test_test_crc.c.o app/dpdk-test.p/test_test_cryptodev.c.o app/dpdk-test.p/test_test_cryptodev_asym.c.o app/dpdk-test.p/test_test_cryptodev_blockcipher.c.o app/dpdk-test.p/test_test_cryptodev_crosscheck.c.o app/dpdk-test.p/test_test_cryptodev_security_ipsec.c.o app/dpdk-test.p/test_test_cryptodev_security_pdcp.c.o app/dpdk-test.p/test_test_cryptodev_security_tls_record.c.o app/dpdk-test.p/test_test_cycles.c.o app/dpdk-test.p/test_test_debug.c.o app/dpdk-test.p/test_test_devargs.c.o app/dpdk-test.p/test_test_dispatcher.c.o app/dpdk-test.p/test_test_distributor.c.o app/dpdk-test.p/test_test_distributor_perf.c.o app/dpdk-test.p/test_test_dmadev.c.o app/dpdk-test.p/test_test_dmadev_api.c.o app/dpdk-test.p/test_test_eal_flags.c.o app/dpdk-test.p/test_test_eal_fs.c.o app/dpdk-test.p/test_test_efd.c.o app/dpdk-test.p/test_test_efd_perf.c.o app/dpdk-test.p/test_test_errno.c.o app/dpdk-test.p/test_test_ethdev_api.c.o app/dpdk-test.p/test_test_ethdev_link.c.o app/dpdk-test.p/test_test_event_crypto_adapter.c.o app/dpdk-test.p/test_test_event_dma_adapter.c.o app/dpdk-test.p/test_test_event_eth_rx_adapter.c.o app/dpdk-test.p/test_test_event_eth_tx_adapter.c.o app/dpdk-test.p/test_test_event_ring.c.o app/dpdk-test.p/test_test_event_timer_adapter.c.o app/dpdk-test.p/test_test_eventdev.c.o app/dpdk-test.p/test_test_external_mem.c.o app/dpdk-test.p/test_test_fbarray.c.o app/dpdk-test.p/test_test_fib.c.o app/dpdk-test.p/test_test_fib6.c.o app/dpdk-test.p/test_test_fib6_perf.c.o app/dpdk-test.p/test_test_fib_perf.c.o app/dpdk-test.p/test_test_func_reentrancy.c.o app/dpdk-test.p/test_test_graph.c.o app/dpdk-test.p/test_test_graph_perf.c.o app/dpdk-test.p/test_test_hash.c.o app/dpdk-test.p/test_test_hash_functions.c.o app/dpdk-test.p/test_test_hash_multiwriter.c.o app/dpdk-test.p/test_test_hash_perf.c.o app/dpdk-test.p/test_test_hash_readwrite.c.o app/dpdk-test.p/test_test_hash_readwrite_lf_perf.c.o app/dpdk-test.p/test_test_interrupts.c.o app/dpdk-test.p/test_test_ipfrag.c.o app/dpdk-test.p/test_test_ipsec.c.o app/dpdk-test.p/test_test_ipsec_perf.c.o app/dpdk-test.p/test_test_ipsec_sad.c.o app/dpdk-test.p/test_test_kvargs.c.o app/dpdk-test.p/test_test_latencystats.c.o app/dpdk-test.p/test_test_lcore_var.c.o app/dpdk-test.p/test_test_lcore_var_perf.c.o app/dpdk-test.p/test_test_lcores.c.o app/dpdk-test.p/test_test_link_bonding.c.o app/dpdk-test.p/test_test_link_bonding_mode4.c.o app/dpdk-test.p/test_test_link_bonding_rssconf.c.o app/dpdk-test.p/test_test_logs.c.o app/dpdk-test.p/test_test_lpm.c.o app/dpdk-test.p/test_test_lpm6.c.o app/dpdk-test.p/test_test_lpm6_perf.c.o app/dpdk-test.p/test_test_lpm_perf.c.o app/dpdk-test.p/test_test_malloc.c.o app/dpdk-test.p/test_test_malloc_perf.c.o app/dpdk-test.p/test_test_mbuf.c.o app/dpdk-test.p/test_test_mcslock.c.o app/dpdk-test.p/test_test_member.c.o app/dpdk-test.p/test_test_member_perf.c.o app/dpdk-test.p/test_test_memcpy.c.o app/dpdk-test.p/test_test_memcpy_perf.c.o app/dpdk-test.p/test_test_memory.c.o app/dpdk-test.p/test_test_mempool.c.o app/dpdk-test.p/test_test_mempool_perf.c.o app/dpdk-test.p/test_test_memzone.c.o app/dpdk-test.p/test_test_meter.c.o app/dpdk-test.p/test_test_metrics.c.o app/dpdk-test.p/test_test_mp_secondary.c.o app/dpdk-test.p/test_test_net_ether.c.o app/dpdk-test.p/test_test_net_ip6.c.o app/dpdk-test.p/test_test_pdcp.c.o app/dpdk-test.p/test_test_pdump.c.o app/dpdk-test.p/test_test_per_lcore.c.o app/dpdk-test.p/test_test_pflock.c.o app/dpdk-test.p/test_test_pie.c.o app/dpdk-test.p/test_test_pmd_perf.c.o app/dpdk-test.p/test_test_pmd_ring.c.o app/dpdk-test.p/test_test_pmd_ring_perf.c.o app/dpdk-test.p/test_test_power.c.o app/dpdk-test.p/test_test_power_cpufreq.c.o app/dpdk-test.p/test_test_power_intel_uncore.c.o app/dpdk-test.p/test_test_power_kvm_vm.c.o app/dpdk-test.p/test_test_prefetch.c.o app/dpdk-test.p/test_test_ptr_compress.c.o app/dpdk-test.p/test_test_rand_perf.c.o app/dpdk-test.p/test_test_rawdev.c.o app/dpdk-test.p/test_test_rcu_qsbr.c.o app/dpdk-test.p/test_test_rcu_qsbr_perf.c.o app/dpdk-test.p/test_test_reassembly_perf.c.o app/dpdk-test.p/test_test_reciprocal_division.c.o app/dpdk-test.p/test_test_reciprocal_division_perf.c.o app/dpdk-test.p/test_test_red.c.o app/dpdk-test.p/test_test_reorder.c.o app/dpdk-test.p/test_test_rib.c.o app/dpdk-test.p/test_test_rib6.c.o app/dpdk-test.p/test_test_ring.c.o app/dpdk-test.p/test_test_ring_hts_stress.c.o app/dpdk-test.p/test_test_ring_mpmc_stress.c.o app/dpdk-test.p/test_test_ring_mt_peek_stress.c.o app/dpdk-test.p/test_test_ring_mt_peek_stress_zc.c.o app/dpdk-test.p/test_test_ring_perf.c.o app/dpdk-test.p/test_test_ring_rts_stress.c.o app/dpdk-test.p/test_test_ring_st_peek_stress.c.o app/dpdk-test.p/test_test_ring_st_peek_stress_zc.c.o app/dpdk-test.p/test_test_ring_stress.c.o app/dpdk-test.p/test_test_rwlock.c.o app/dpdk-test.p/test_test_sched.c.o app/dpdk-test.p/test_test_security.c.o app/dpdk-test.p/test_test_security_inline_macsec.c.o app/dpdk-test.p/test_test_security_inline_proto.c.o app/dpdk-test.p/test_test_security_proto.c.o app/dpdk-test.p/test_test_seqlock.c.o app/dpdk-test.p/test_test_service_cores.c.o app/dpdk-test.p/test_test_soring.c.o app/dpdk-test.p/test_test_soring_mt_stress.c.o app/dpdk-test.p/test_test_soring_stress.c.o app/dpdk-test.p/test_test_spinlock.c.o app/dpdk-test.p/test_test_stack.c.o app/dpdk-test.p/test_test_stack_perf.c.o app/dpdk-test.p/test_test_string_fns.c.o app/dpdk-test.p/test_test_table.c.o app/dpdk-test.p/test_test_table_acl.c.o app/dpdk-test.p/test_test_table_combined.c.o app/dpdk-test.p/test_test_table_pipeline.c.o app/dpdk-test.p/test_test_table_ports.c.o app/dpdk-test.p/test_test_table_tables.c.o app/dpdk-test.p/test_test_tailq.c.o app/dpdk-test.p/test_test_telemetry_data.c.o app/dpdk-test.p/test_test_telemetry_json.c.o app/dpdk-test.p/test_test_thash.c.o app/dpdk-test.p/test_test_thash_perf.c.o app/dpdk-test.p/test_test_threads.c.o app/dpdk-test.p/test_test_ticketlock.c.o app/dpdk-test.p/test_test_timer.c.o app/dpdk-test.p/test_test_timer_perf.c.o app/dpdk-test.p/test_test_timer_racecond.c.o app/dpdk-test.p/test_test_timer_secondary.c.o app/dpdk-test.p/test_test_trace.c.o app/dpdk-test.p/test_test_trace_perf.c.o app/dpdk-test.p/test_test_trace_register.c.o app/dpdk-test.p/test_test_vdev.c.o app/dpdk-test.p/test_test_version.c.o app/dpdk-test.p/test_virtual_pmd.c.o -Wl,--as-needed -Wl,--no-undefined -Wl,--no-as-needed -pthread -Wl,--start-group -lm -ldl '-Wl,-rpath,$ORIGIN/../lib:$ORIGIN/../drivers' -Wl,-rpath-link,/home/runner/work/dpdk/dpdk/build/lib -Wl,-rpath-link,/home/runner/work/dpdk/dpdk/build/drivers lib/librte_cmdline.so.25.1 lib/librte_eal.so.25.1 lib/librte_kvargs.so.25.1 lib/librte_log.so.25.1 lib/librte_telemetry.so.25.1 lib/librte_net.so.25.1 lib/librte_mbuf.so.25.1 lib/librte_mempool.so.25.1 lib/librte_ring.so.25.1 drivers/librte_net_ring.so.25.1 lib/librte_ethdev.so.25.1 lib/librte_meter.so.25.1 drivers/librte_bus_pci.so.25.1 lib/librte_pci.so.25.1 drivers/librte_bus_vdev.so.25.1 lib/librte_acl.so.25.1 lib/librte_argparse.so.25.1 lib/librte_hash.so.25.1 lib/librte_rcu.so.25.1 lib/librte_metrics.so.25.1 lib/librte_bitratestats.so.25.1 lib/librte_bpf.so.25.1 lib/librte_cfgfile.so.25.1 lib/librte_compressdev.so.25.1 lib/librte_cryptodev.so.25.1 lib/librte_security.so.25.1 lib/librte_dispatcher.so.25.1 lib/librte_eventdev.so.25.1 lib/librte_timer.so.25.1 lib/librte_dmadev.so.25.1 lib/librte_distributor.so.25.1 lib/librte_efd.so.25.1 lib/librte_fib.so.25.1 lib/librte_rib.so.25.1 lib/librte_table.so.25.1 lib/librte_port.so.25.1 lib/librte_sched.so.25.1 lib/librte_ip_frag.so.25.1 lib/librte_lpm.so.25.1 lib/librte_graph.so.25.1 lib/librte_pcapng.so.25.1 lib/librte_ipsec.so.25.1 lib/librte_latencystats.so.25.1 drivers/librte_net_bond.so.25.1 lib/librte_member.so.25.1 lib/librte_pdcp.so.25.1 lib/librte_reorder.so.25.1 lib/librte_pdump.so.25.1 lib/librte_power.so.25.1 lib/librte_rawdev.so.25.1 lib/librte_stack.so.25.1 lib/librte_pipeline.so.25.1 drivers/librte_crypto_scheduler.so.25.1 -Wl,--end-group
/usr/lib/gcc-cross/aarch64-linux-gnu/11/../../../../aarch64-linux-gnu/bin/ld: app/dpdk-test.p/test_test_crc.c.o: in function `crc_all_algs':
/home/runner/work/dpdk/dpdk/build/../app/test/test_crc.c:66: undefined reference to `rte_net_crc_free'
/usr/lib/gcc-cross/aarch64-linux-gnu/11/../../../../aarch64-linux-gnu/bin/ld: /home/runner/work/dpdk/dpdk/build/../app/test/test_crc.c:77: undefined reference to `rte_net_crc_free'
/usr/lib/gcc-cross/aarch64-linux-gnu/11/../../../../aarch64-linux-gnu/bin/ld: /home/runner/work/dpdk/dpdk/build/../app/test/test_crc.c:87: undefined reference to `rte_net_crc_free'
/usr/lib/gcc-cross/aarch64-linux-gnu/11/../../../../aarch64-linux-gnu/bin/ld: /home/runner/work/dpdk/dpdk/build/../app/test/test_crc.c:97: undefined reference to `rte_net_crc_free'
collect2: error: ld returned 1 exit status
[3285/6640] Compiling C object drivers/librte_event_cnxk.so.25.1.p/meson-generated_.._rte_event_cnxk.pmd.c.o
[3286/6640] Compiling C object examples/dpdk-ipsec-secgw.p/ipsec-secgw_esp.c.o
[3287/6640] Compiling C object examples/dpdk-ip_pipeline.p/ip_pipeline_cli.c.o
[3288/6640] Compiling C object examples/dpdk-ipv4_multicast.p/ipv4_multicast_main.c.o
[3289/6640] Compiling C object examples/dpdk-ip_pipeline.p/ip_pipeline_thread.c.o
ninja: build stopped: subcommand failed.
##[error]Process completed with exit code 1.
####################################################################################
#### [End job log] "ubuntu-22.04-gcc-shared-aarch64" at step Build and test
####################################################################################




####################################################################################
#### [Begin job log] "ubuntu-22.04-gcc-ppc64le" at step Build and test
####################################################################################
[29/1844] Linking target app/dpdk-test-security-perf
[30/1844] Linking target app/dpdk-test-pipeline
[31/1844] Linking target app/dpdk-test-regex
[32/1844] Linking target app/dpdk-testpmd
[33/1844] Compiling C object examples/dpdk-cmdline.p/cmdline_main.c.o
[34/1844] Compiling C object examples/dpdk-cmdline.p/cmdline_parse_obj_list.c.o
[35/1844] Generating commands_hdr with a custom command (wrapped by meson to capture output)
[36/1844] Compiling C object examples/dpdk-cmdline.p/cmdline_commands.c.o
[37/1844] Linking target examples/dpdk-cmdline
[38/1844] Linking target app/dpdk-test
FAILED: app/dpdk-test 
powerpc64le-linux-gnu-gcc  -o app/dpdk-test app/dpdk-test.p/test_commands.c.o app/dpdk-test.p/test_test.c.o app/dpdk-test.p/test_packet_burst_generator.c.o app/dpdk-test.p/test_sample_packet_forward.c.o app/dpdk-test.p/test_test_acl.c.o app/dpdk-test.p/test_test_alarm.c.o app/dpdk-test.p/test_test_argparse.c.o app/dpdk-test.p/test_test_atomic.c.o app/dpdk-test.p/test_test_barrier.c.o app/dpdk-test.p/test_test_bitcount.c.o app/dpdk-test.p/test_test_bitmap.c.o app/dpdk-test.p/test_test_bitops.c.o app/dpdk-test.p/test_test_bitratestats.c.o app/dpdk-test.p/test_test_bitset.c.o app/dpdk-test.p/test_test_bpf.c.o app/dpdk-test.p/test_test_byteorder.c.o app/dpdk-test.p/test_test_cfgfile.c.o app/dpdk-test.p/test_test_cksum.c.o app/dpdk-test.p/test_test_cksum_perf.c.o app/dpdk-test.p/test_test_cmdline.c.o app/dpdk-test.p/test_test_cmdline_cirbuf.c.o app/dpdk-test.p/test_test_cmdline_etheraddr.c.o app/dpdk-test.p/test_test_cmdline_ipaddr.c.o app/dpdk-test.p/test_test_cmdline_lib.c.o app/dpdk-test.p/test_test_cmdline_num.c.o app/dpdk-test.p/test_test_cmdline_portlist.c.o app/dpdk-test.p/test_test_cmdline_string.c.o app/dpdk-test.p/test_test_common.c.o app/dpdk-test.p/test_test_cpuflags.c.o app/dpdk-test.p/test_test_crc.c.o app/dpdk-test.p/test_test_cryptodev.c.o app/dpdk-test.p/test_test_cryptodev_asym.c.o app/dpdk-test.p/test_test_cryptodev_blockcipher.c.o app/dpdk-test.p/test_test_cryptodev_crosscheck.c.o app/dpdk-test.p/test_test_cryptodev_security_ipsec.c.o app/dpdk-test.p/test_test_cryptodev_security_pdcp.c.o app/dpdk-test.p/test_test_cryptodev_security_tls_record.c.o app/dpdk-test.p/test_test_cycles.c.o app/dpdk-test.p/test_test_debug.c.o app/dpdk-test.p/test_test_devargs.c.o app/dpdk-test.p/test_test_dispatcher.c.o app/dpdk-test.p/test_test_distributor.c.o app/dpdk-test.p/test_test_distributor_perf.c.o app/dpdk-test.p/test_test_dmadev.c.o app/dpdk-test.p/test_test_dmadev_api.c.o app/dpdk-test.p/test_test_eal_flags.c.o app/dpdk-test.p/test_test_eal_fs.c.o app/dpdk-test.p/test_test_efd.c.o app/dpdk-test.p/test_test_efd_perf.c.o app/dpdk-test.p/test_test_errno.c.o app/dpdk-test.p/test_test_ethdev_api.c.o app/dpdk-test.p/test_test_ethdev_link.c.o app/dpdk-test.p/test_test_event_crypto_adapter.c.o app/dpdk-test.p/test_test_event_dma_adapter.c.o app/dpdk-test.p/test_test_event_eth_rx_adapter.c.o app/dpdk-test.p/test_test_event_eth_tx_adapter.c.o app/dpdk-test.p/test_test_event_ring.c.o app/dpdk-test.p/test_test_event_timer_adapter.c.o app/dpdk-test.p/test_test_eventdev.c.o app/dpdk-test.p/test_test_external_mem.c.o app/dpdk-test.p/test_test_fbarray.c.o app/dpdk-test.p/test_test_fib.c.o app/dpdk-test.p/test_test_fib6.c.o app/dpdk-test.p/test_test_fib6_perf.c.o app/dpdk-test.p/test_test_fib_perf.c.o app/dpdk-test.p/test_test_func_reentrancy.c.o app/dpdk-test.p/test_test_graph.c.o app/dpdk-test.p/test_test_graph_perf.c.o app/dpdk-test.p/test_test_hash.c.o app/dpdk-test.p/test_test_hash_functions.c.o app/dpdk-test.p/test_test_hash_multiwriter.c.o app/dpdk-test.p/test_test_hash_perf.c.o app/dpdk-test.p/test_test_hash_readwrite.c.o app/dpdk-test.p/test_test_hash_readwrite_lf_perf.c.o app/dpdk-test.p/test_test_interrupts.c.o app/dpdk-test.p/test_test_ipfrag.c.o app/dpdk-test.p/test_test_ipsec.c.o app/dpdk-test.p/test_test_ipsec_perf.c.o app/dpdk-test.p/test_test_ipsec_sad.c.o app/dpdk-test.p/test_test_kvargs.c.o app/dpdk-test.p/test_test_latencystats.c.o app/dpdk-test.p/test_test_lcore_var.c.o app/dpdk-test.p/test_test_lcore_var_perf.c.o app/dpdk-test.p/test_test_lcores.c.o app/dpdk-test.p/test_test_link_bonding.c.o app/dpdk-test.p/test_test_link_bonding_mode4.c.o app/dpdk-test.p/test_test_link_bonding_rssconf.c.o app/dpdk-test.p/test_test_logs.c.o app/dpdk-test.p/test_test_lpm.c.o app/dpdk-test.p/test_test_lpm6.c.o app/dpdk-test.p/test_test_lpm6_perf.c.o app/dpdk-test.p/test_test_lpm_perf.c.o app/dpdk-test.p/test_test_malloc.c.o app/dpdk-test.p/test_test_malloc_perf.c.o app/dpdk-test.p/test_test_mbuf.c.o app/dpdk-test.p/test_test_mcslock.c.o app/dpdk-test.p/test_test_member.c.o app/dpdk-test.p/test_test_member_perf.c.o app/dpdk-test.p/test_test_memcpy.c.o app/dpdk-test.p/test_test_memcpy_perf.c.o app/dpdk-test.p/test_test_memory.c.o app/dpdk-test.p/test_test_mempool.c.o app/dpdk-test.p/test_test_mempool_perf.c.o app/dpdk-test.p/test_test_memzone.c.o app/dpdk-test.p/test_test_meter.c.o app/dpdk-test.p/test_test_metrics.c.o app/dpdk-test.p/test_test_mp_secondary.c.o app/dpdk-test.p/test_test_net_ether.c.o app/dpdk-test.p/test_test_net_ip6.c.o app/dpdk-test.p/test_test_pdcp.c.o app/dpdk-test.p/test_test_pdump.c.o app/dpdk-test.p/test_test_per_lcore.c.o app/dpdk-test.p/test_test_pflock.c.o app/dpdk-test.p/test_test_pie.c.o app/dpdk-test.p/test_test_pmd_perf.c.o app/dpdk-test.p/test_test_pmd_ring.c.o app/dpdk-test.p/test_test_pmd_ring_perf.c.o app/dpdk-test.p/test_test_power.c.o app/dpdk-test.p/test_test_power_cpufreq.c.o app/dpdk-test.p/test_test_power_intel_uncore.c.o app/dpdk-test.p/test_test_power_kvm_vm.c.o app/dpdk-test.p/test_test_prefetch.c.o app/dpdk-test.p/test_test_ptr_compress.c.o app/dpdk-test.p/test_test_rand_perf.c.o app/dpdk-test.p/test_test_rawdev.c.o app/dpdk-test.p/test_test_rcu_qsbr.c.o app/dpdk-test.p/test_test_rcu_qsbr_perf.c.o app/dpdk-test.p/test_test_reassembly_perf.c.o app/dpdk-test.p/test_test_reciprocal_division.c.o app/dpdk-test.p/test_test_reciprocal_division_perf.c.o app/dpdk-test.p/test_test_red.c.o app/dpdk-test.p/test_test_reorder.c.o app/dpdk-test.p/test_test_rib.c.o app/dpdk-test.p/test_test_rib6.c.o app/dpdk-test.p/test_test_ring.c.o app/dpdk-test.p/test_test_ring_hts_stress.c.o app/dpdk-test.p/test_test_ring_mpmc_stress.c.o app/dpdk-test.p/test_test_ring_mt_peek_stress.c.o app/dpdk-test.p/test_test_ring_mt_peek_stress_zc.c.o app/dpdk-test.p/test_test_ring_perf.c.o app/dpdk-test.p/test_test_ring_rts_stress.c.o app/dpdk-test.p/test_test_ring_st_peek_stress.c.o app/dpdk-test.p/test_test_ring_st_peek_stress_zc.c.o app/dpdk-test.p/test_test_ring_stress.c.o app/dpdk-test.p/test_test_rwlock.c.o app/dpdk-test.p/test_test_sched.c.o app/dpdk-test.p/test_test_security.c.o app/dpdk-test.p/test_test_security_inline_macsec.c.o app/dpdk-test.p/test_test_security_inline_proto.c.o app/dpdk-test.p/test_test_security_proto.c.o app/dpdk-test.p/test_test_seqlock.c.o app/dpdk-test.p/test_test_service_cores.c.o app/dpdk-test.p/test_test_soring.c.o app/dpdk-test.p/test_test_soring_mt_stress.c.o app/dpdk-test.p/test_test_soring_stress.c.o app/dpdk-test.p/test_test_spinlock.c.o app/dpdk-test.p/test_test_stack.c.o app/dpdk-test.p/test_test_stack_perf.c.o app/dpdk-test.p/test_test_string_fns.c.o app/dpdk-test.p/test_test_table.c.o app/dpdk-test.p/test_test_table_acl.c.o app/dpdk-test.p/test_test_table_combined.c.o app/dpdk-test.p/test_test_table_pipeline.c.o app/dpdk-test.p/test_test_table_ports.c.o app/dpdk-test.p/test_test_table_tables.c.o app/dpdk-test.p/test_test_tailq.c.o app/dpdk-test.p/test_test_telemetry_data.c.o app/dpdk-test.p/test_test_telemetry_json.c.o app/dpdk-test.p/test_test_thash.c.o app/dpdk-test.p/test_test_thash_perf.c.o app/dpdk-test.p/test_test_threads.c.o app/dpdk-test.p/test_test_ticketlock.c.o app/dpdk-test.p/test_test_timer.c.o app/dpdk-test.p/test_test_timer_perf.c.o app/dpdk-test.p/test_test_timer_racecond.c.o app/dpdk-test.p/test_test_timer_secondary.c.o app/dpdk-test.p/test_test_trace.c.o app/dpdk-test.p/test_test_trace_perf.c.o app/dpdk-test.p/test_test_trace_register.c.o app/dpdk-test.p/test_test_vdev.c.o app/dpdk-test.p/test_test_version.c.o app/dpdk-test.p/test_virtual_pmd.c.o -Wl,--as-needed -Wl,--no-undefined -Wl,--no-as-needed -pthread -Wl,--start-group -lm -ldl '-Wl,-rpath,$ORIGIN/../lib:$ORIGIN/../drivers' -Wl,-rpath-link,/home/runner/work/dpdk/dpdk/build/lib -Wl,-rpath-link,/home/runner/work/dpdk/dpdk/build/drivers lib/librte_cmdline.so.25.1 lib/librte_eal.so.25.1 lib/librte_kvargs.so.25.1 lib/librte_log.so.25.1 lib/librte_telemetry.so.25.1 lib/librte_net.so.25.1 lib/librte_mbuf.so.25.1 lib/librte_mempool.so.25.1 lib/librte_ring.so.25.1 drivers/librte_net_ring.so.25.1 lib/librte_ethdev.so.25.1 lib/librte_meter.so.25.1 drivers/librte_bus_pci.so.25.1 lib/librte_pci.so.25.1 drivers/librte_bus_vdev.so.25.1 lib/librte_acl.so.25.1 lib/librte_argparse.so.25.1 lib/librte_hash.so.25.1 lib/librte_rcu.so.25.1 lib/librte_metrics.so.25.1 lib/librte_bitratestats.so.25.1 lib/librte_bpf.so.25.1 lib/librte_cfgfile.so.25.1 lib/librte_compressdev.so.25.1 lib/librte_cryptodev.so.25.1 lib/librte_security.so.25.1 lib/librte_dispatcher.so.25.1 lib/librte_eventdev.so.25.1 lib/librte_timer.so.25.1 lib/librte_dmadev.so.25.1 lib/librte_distributor.so.25.1 lib/librte_efd.so.25.1 lib/librte_fib.so.25.1 lib/librte_rib.so.25.1 lib/librte_table.so.25.1 lib/librte_port.so.25.1 lib/librte_sched.so.25.1 lib/librte_ip_frag.so.25.1 lib/librte_lpm.so.25.1 lib/librte_graph.so.25.1 lib/librte_pcapng.so.25.1 lib/librte_ipsec.so.25.1 lib/librte_latencystats.so.25.1 drivers/librte_net_bond.so.25.1 lib/librte_member.so.25.1 lib/librte_pdcp.so.25.1 lib/librte_reorder.so.25.1 lib/librte_pdump.so.25.1 lib/librte_power.so.25.1 lib/librte_rawdev.so.25.1 lib/librte_stack.so.25.1 lib/librte_pipeline.so.25.1 drivers/librte_crypto_scheduler.so.25.1 -Wl,--end-group
/usr/lib/gcc-cross/powerpc64le-linux-gnu/11/../../../../powerpc64le-linux-gnu/bin/ld: app/dpdk-test.p/test_test_crc.c.o: in function `crc_all_algs':
/home/runner/work/dpdk/dpdk/build/../app/test/test_crc.c:66: undefined reference to `rte_net_crc_free'
/usr/lib/gcc-cross/powerpc64le-linux-gnu/11/../../../../powerpc64le-linux-gnu/bin/ld: /home/runner/work/dpdk/dpdk/build/../app/test/test_crc.c:77: undefined reference to `rte_net_crc_free'
/usr/lib/gcc-cross/powerpc64le-linux-gnu/11/../../../../powerpc64le-linux-gnu/bin/ld: /home/runner/work/dpdk/dpdk/build/../app/test/test_crc.c:87: undefined reference to `rte_net_crc_free'
/usr/lib/gcc-cross/powerpc64le-linux-gnu/11/../../../../powerpc64le-linux-gnu/bin/ld: /home/runner/work/dpdk/dpdk/build/../app/test/test_crc.c:97: undefined reference to `rte_net_crc_free'
collect2: error: ld returned 1 exit status
[39/1844] Compiling C object examples/dpdk-bond.p/bond_main.c.o
[40/1844] Compiling C object examples/dpdk-ethtool.p/ethtool_lib_rte_ethtool.c.o
[41/1844] Compiling C object examples/dpdk-dma.p/dma_dmafwd.c.o
[42/1844] Compiling C object examples/dpdk-bbdev_app.p/bbdev_app_main.c.o
[43/1844] Compiling C object examples/dpdk-distributor.p/distributor_main.c.o
ninja: build stopped: subcommand failed.
##[error]Process completed with exit code 1.
####################################################################################
#### [End job log] "ubuntu-22.04-gcc-ppc64le" at step Build and test
####################################################################################




####################################################################################
#### [Begin job log] "ubuntu-22.04-gcc-riscv64" at step Build and test
####################################################################################
[34/1843] Linking target app/dpdk-testpmd
[35/1843] Compiling C object examples/dpdk-cmdline.p/cmdline_parse_obj_list.c.o
[36/1843] Linking target examples/dpdk-cmdline
[37/1843] Compiling C object examples/dpdk-ethtool.p/ethtool_lib_rte_ethtool.c.o
[38/1843] Compiling C object examples/dpdk-bond.p/bond_main.c.o
[39/1843] Linking target examples/dpdk-bond
[40/1843] Compiling C object examples/dpdk-ethtool.p/ethtool_ethtool-app_ethapp.c.o
[41/1843] Compiling C object examples/dpdk-ethtool.p/ethtool_ethtool-app_main.c.o
[42/1843] Linking target examples/dpdk-ethtool
[43/1843] Linking target app/dpdk-test
FAILED: app/dpdk-test 
riscv64-linux-gnu-gcc  -o app/dpdk-test app/dpdk-test.p/test_commands.c.o app/dpdk-test.p/test_test.c.o app/dpdk-test.p/test_packet_burst_generator.c.o app/dpdk-test.p/test_sample_packet_forward.c.o app/dpdk-test.p/test_test_acl.c.o app/dpdk-test.p/test_test_alarm.c.o app/dpdk-test.p/test_test_argparse.c.o app/dpdk-test.p/test_test_atomic.c.o app/dpdk-test.p/test_test_barrier.c.o app/dpdk-test.p/test_test_bitcount.c.o app/dpdk-test.p/test_test_bitmap.c.o app/dpdk-test.p/test_test_bitops.c.o app/dpdk-test.p/test_test_bitratestats.c.o app/dpdk-test.p/test_test_bitset.c.o app/dpdk-test.p/test_test_bpf.c.o app/dpdk-test.p/test_test_byteorder.c.o app/dpdk-test.p/test_test_cfgfile.c.o app/dpdk-test.p/test_test_cksum.c.o app/dpdk-test.p/test_test_cksum_perf.c.o app/dpdk-test.p/test_test_cmdline.c.o app/dpdk-test.p/test_test_cmdline_cirbuf.c.o app/dpdk-test.p/test_test_cmdline_etheraddr.c.o app/dpdk-test.p/test_test_cmdline_ipaddr.c.o app/dpdk-test.p/test_test_cmdline_lib.c.o app/dpdk-test.p/test_test_cmdline_num.c.o app/dpdk-test.p/test_test_cmdline_portlist.c.o app/dpdk-test.p/test_test_cmdline_string.c.o app/dpdk-test.p/test_test_common.c.o app/dpdk-test.p/test_test_cpuflags.c.o app/dpdk-test.p/test_test_crc.c.o app/dpdk-test.p/test_test_cryptodev.c.o app/dpdk-test.p/test_test_cryptodev_asym.c.o app/dpdk-test.p/test_test_cryptodev_blockcipher.c.o app/dpdk-test.p/test_test_cryptodev_crosscheck.c.o app/dpdk-test.p/test_test_cryptodev_security_ipsec.c.o app/dpdk-test.p/test_test_cryptodev_security_pdcp.c.o app/dpdk-test.p/test_test_cryptodev_security_tls_record.c.o app/dpdk-test.p/test_test_cycles.c.o app/dpdk-test.p/test_test_debug.c.o app/dpdk-test.p/test_test_devargs.c.o app/dpdk-test.p/test_test_dispatcher.c.o app/dpdk-test.p/test_test_distributor.c.o app/dpdk-test.p/test_test_distributor_perf.c.o app/dpdk-test.p/test_test_dmadev.c.o app/dpdk-test.p/test_test_dmadev_api.c.o app/dpdk-test.p/test_test_eal_flags.c.o app/dpdk-test.p/test_test_eal_fs.c.o app/dpdk-test.p/test_test_efd.c.o app/dpdk-test.p/test_test_efd_perf.c.o app/dpdk-test.p/test_test_errno.c.o app/dpdk-test.p/test_test_ethdev_api.c.o app/dpdk-test.p/test_test_ethdev_link.c.o app/dpdk-test.p/test_test_event_crypto_adapter.c.o app/dpdk-test.p/test_test_event_dma_adapter.c.o app/dpdk-test.p/test_test_event_eth_rx_adapter.c.o app/dpdk-test.p/test_test_event_eth_tx_adapter.c.o app/dpdk-test.p/test_test_event_ring.c.o app/dpdk-test.p/test_test_event_timer_adapter.c.o app/dpdk-test.p/test_test_eventdev.c.o app/dpdk-test.p/test_test_external_mem.c.o app/dpdk-test.p/test_test_fbarray.c.o app/dpdk-test.p/test_test_fib.c.o app/dpdk-test.p/test_test_fib6.c.o app/dpdk-test.p/test_test_fib6_perf.c.o app/dpdk-test.p/test_test_fib_perf.c.o app/dpdk-test.p/test_test_func_reentrancy.c.o app/dpdk-test.p/test_test_graph.c.o app/dpdk-test.p/test_test_graph_perf.c.o app/dpdk-test.p/test_test_hash.c.o app/dpdk-test.p/test_test_hash_functions.c.o app/dpdk-test.p/test_test_hash_multiwriter.c.o app/dpdk-test.p/test_test_hash_perf.c.o app/dpdk-test.p/test_test_hash_readwrite.c.o app/dpdk-test.p/test_test_hash_readwrite_lf_perf.c.o app/dpdk-test.p/test_test_interrupts.c.o app/dpdk-test.p/test_test_ipfrag.c.o app/dpdk-test.p/test_test_ipsec.c.o app/dpdk-test.p/test_test_ipsec_perf.c.o app/dpdk-test.p/test_test_ipsec_sad.c.o app/dpdk-test.p/test_test_kvargs.c.o app/dpdk-test.p/test_test_latencystats.c.o app/dpdk-test.p/test_test_lcore_var.c.o app/dpdk-test.p/test_test_lcore_var_perf.c.o app/dpdk-test.p/test_test_lcores.c.o app/dpdk-test.p/test_test_link_bonding.c.o app/dpdk-test.p/test_test_link_bonding_mode4.c.o app/dpdk-test.p/test_test_link_bonding_rssconf.c.o app/dpdk-test.p/test_test_logs.c.o app/dpdk-test.p/test_test_lpm.c.o app/dpdk-test.p/test_test_lpm6.c.o app/dpdk-test.p/test_test_lpm6_perf.c.o app/dpdk-test.p/test_test_lpm_perf.c.o app/dpdk-test.p/test_test_malloc.c.o app/dpdk-test.p/test_test_malloc_perf.c.o app/dpdk-test.p/test_test_mbuf.c.o app/dpdk-test.p/test_test_mcslock.c.o app/dpdk-test.p/test_test_member.c.o app/dpdk-test.p/test_test_member_perf.c.o app/dpdk-test.p/test_test_memcpy.c.o app/dpdk-test.p/test_test_memcpy_perf.c.o app/dpdk-test.p/test_test_memory.c.o app/dpdk-test.p/test_test_mempool.c.o app/dpdk-test.p/test_test_mempool_perf.c.o app/dpdk-test.p/test_test_memzone.c.o app/dpdk-test.p/test_test_meter.c.o app/dpdk-test.p/test_test_metrics.c.o app/dpdk-test.p/test_test_mp_secondary.c.o app/dpdk-test.p/test_test_net_ether.c.o app/dpdk-test.p/test_test_net_ip6.c.o app/dpdk-test.p/test_test_pdcp.c.o app/dpdk-test.p/test_test_pdump.c.o app/dpdk-test.p/test_test_per_lcore.c.o app/dpdk-test.p/test_test_pflock.c.o app/dpdk-test.p/test_test_pie.c.o app/dpdk-test.p/test_test_pmd_perf.c.o app/dpdk-test.p/test_test_pmd_ring.c.o app/dpdk-test.p/test_test_pmd_ring_perf.c.o app/dpdk-test.p/test_test_power.c.o app/dpdk-test.p/test_test_power_cpufreq.c.o app/dpdk-test.p/test_test_power_intel_uncore.c.o app/dpdk-test.p/test_test_power_kvm_vm.c.o app/dpdk-test.p/test_test_prefetch.c.o app/dpdk-test.p/test_test_ptr_compress.c.o app/dpdk-test.p/test_test_rand_perf.c.o app/dpdk-test.p/test_test_rawdev.c.o app/dpdk-test.p/test_test_rcu_qsbr.c.o app/dpdk-test.p/test_test_rcu_qsbr_perf.c.o app/dpdk-test.p/test_test_reassembly_perf.c.o app/dpdk-test.p/test_test_reciprocal_division.c.o app/dpdk-test.p/test_test_reciprocal_division_perf.c.o app/dpdk-test.p/test_test_red.c.o app/dpdk-test.p/test_test_reorder.c.o app/dpdk-test.p/test_test_rib.c.o app/dpdk-test.p/test_test_rib6.c.o app/dpdk-test.p/test_test_ring.c.o app/dpdk-test.p/test_test_ring_hts_stress.c.o app/dpdk-test.p/test_test_ring_mpmc_stress.c.o app/dpdk-test.p/test_test_ring_mt_peek_stress.c.o app/dpdk-test.p/test_test_ring_mt_peek_stress_zc.c.o app/dpdk-test.p/test_test_ring_perf.c.o app/dpdk-test.p/test_test_ring_rts_stress.c.o app/dpdk-test.p/test_test_ring_st_peek_stress.c.o app/dpdk-test.p/test_test_ring_st_peek_stress_zc.c.o app/dpdk-test.p/test_test_ring_stress.c.o app/dpdk-test.p/test_test_rwlock.c.o app/dpdk-test.p/test_test_sched.c.o app/dpdk-test.p/test_test_security.c.o app/dpdk-test.p/test_test_security_inline_macsec.c.o app/dpdk-test.p/test_test_security_inline_proto.c.o app/dpdk-test.p/test_test_security_proto.c.o app/dpdk-test.p/test_test_seqlock.c.o app/dpdk-test.p/test_test_service_cores.c.o app/dpdk-test.p/test_test_soring.c.o app/dpdk-test.p/test_test_soring_mt_stress.c.o app/dpdk-test.p/test_test_soring_stress.c.o app/dpdk-test.p/test_test_spinlock.c.o app/dpdk-test.p/test_test_stack.c.o app/dpdk-test.p/test_test_stack_perf.c.o app/dpdk-test.p/test_test_string_fns.c.o app/dpdk-test.p/test_test_table.c.o app/dpdk-test.p/test_test_table_acl.c.o app/dpdk-test.p/test_test_table_combined.c.o app/dpdk-test.p/test_test_table_pipeline.c.o app/dpdk-test.p/test_test_table_ports.c.o app/dpdk-test.p/test_test_table_tables.c.o app/dpdk-test.p/test_test_tailq.c.o app/dpdk-test.p/test_test_telemetry_data.c.o app/dpdk-test.p/test_test_telemetry_json.c.o app/dpdk-test.p/test_test_thash.c.o app/dpdk-test.p/test_test_thash_perf.c.o app/dpdk-test.p/test_test_threads.c.o app/dpdk-test.p/test_test_ticketlock.c.o app/dpdk-test.p/test_test_timer.c.o app/dpdk-test.p/test_test_timer_perf.c.o app/dpdk-test.p/test_test_timer_racecond.c.o app/dpdk-test.p/test_test_timer_secondary.c.o app/dpdk-test.p/test_test_trace.c.o app/dpdk-test.p/test_test_trace_perf.c.o app/dpdk-test.p/test_test_trace_register.c.o app/dpdk-test.p/test_test_vdev.c.o app/dpdk-test.p/test_test_version.c.o app/dpdk-test.p/test_virtual_pmd.c.o -Wl,--as-needed -Wl,--no-undefined -Wl,--no-as-needed -pthread -Wl,--start-group -lm -ldl '-Wl,-rpath,$ORIGIN/../lib:$ORIGIN/../drivers' -Wl,-rpath-link,/home/runner/work/dpdk/dpdk/build/lib -Wl,-rpath-link,/home/runner/work/dpdk/dpdk/build/drivers lib/librte_cmdline.so.25.1 lib/librte_eal.so.25.1 lib/librte_kvargs.so.25.1 lib/librte_log.so.25.1 lib/librte_telemetry.so.25.1 lib/librte_net.so.25.1 lib/librte_mbuf.so.25.1 lib/librte_mempool.so.25.1 lib/librte_ring.so.25.1 drivers/librte_net_ring.so.25.1 lib/librte_ethdev.so.25.1 lib/librte_meter.so.25.1 drivers/librte_bus_pci.so.25.1 lib/librte_pci.so.25.1 drivers/librte_bus_vdev.so.25.1 lib/librte_acl.so.25.1 lib/librte_argparse.so.25.1 lib/librte_hash.so.25.1 lib/librte_rcu.so.25.1 lib/librte_metrics.so.25.1 lib/librte_bitratestats.so.25.1 lib/librte_bpf.so.25.1 lib/librte_cfgfile.so.25.1 lib/librte_compressdev.so.25.1 lib/librte_cryptodev.so.25.1 lib/librte_security.so.25.1 lib/librte_dispatcher.so.25.1 lib/librte_eventdev.so.25.1 lib/librte_timer.so.25.1 lib/librte_dmadev.so.25.1 lib/librte_distributor.so.25.1 lib/librte_efd.so.25.1 lib/librte_fib.so.25.1 lib/librte_rib.so.25.1 lib/librte_table.so.25.1 lib/librte_port.so.25.1 lib/librte_sched.so.25.1 lib/librte_ip_frag.so.25.1 lib/librte_lpm.so.25.1 lib/librte_graph.so.25.1 lib/librte_pcapng.so.25.1 lib/librte_ipsec.so.25.1 lib/librte_latencystats.so.25.1 drivers/librte_net_bond.so.25.1 lib/librte_member.so.25.1 lib/librte_pdcp.so.25.1 lib/librte_reorder.so.25.1 lib/librte_pdump.so.25.1 lib/librte_power.so.25.1 lib/librte_rawdev.so.25.1 lib/librte_stack.so.25.1 lib/librte_pipeline.so.25.1 drivers/librte_crypto_scheduler.so.25.1 -Wl,--end-group
/usr/lib/gcc-cross/riscv64-linux-gnu/11/../../../../riscv64-linux-gnu/bin/ld: app/dpdk-test.p/test_test_crc.c.o: in function `crc_all_algs':
/home/runner/work/dpdk/dpdk/build/../app/test/test_crc.c:56: undefined reference to `rte_net_crc_free'
/usr/lib/gcc-cross/riscv64-linux-gnu/11/../../../../riscv64-linux-gnu/bin/ld: /home/runner/work/dpdk/dpdk/build/../app/test/test_crc.c:70: undefined reference to `rte_net_crc_free'
/usr/lib/gcc-cross/riscv64-linux-gnu/11/../../../../riscv64-linux-gnu/bin/ld: /home/runner/work/dpdk/dpdk/build/../app/test/test_crc.c:79: undefined reference to `rte_net_crc_free'
/usr/lib/gcc-cross/riscv64-linux-gnu/11/../../../../riscv64-linux-gnu/bin/ld: /home/runner/work/dpdk/dpdk/build/../app/test/test_crc.c:89: undefined reference to `rte_net_crc_free'
collect2: error: ld returned 1 exit status
[44/1843] Compiling C object examples/dpdk-bbdev_app.p/bbdev_app_main.c.o
[45/1843] Compiling C object examples/dpdk-dma.p/dma_dmafwd.c.o
[46/1843] Compiling C object examples/dpdk-eventdev_pipeline.p/eventdev_pipeline_main.c.o
[47/1843] Compiling C object examples/dpdk-distributor.p/distributor_main.c.o
[48/1843] Compiling C object examples/dpdk-eventdev_pipeline.p/eventdev_pipeline_pipeline_worker_generic.c.o
ninja: build stopped: subcommand failed.
##[error]Process completed with exit code 1.
####################################################################################
#### [End job log] "ubuntu-22.04-gcc-riscv64" at step Build and test
####################################################################################




####################################################################################
#### [Begin job log] "fedora:39-gcc" at step Build
####################################################################################
####################################################################################
#### [End job log] "fedora:39-gcc" at step Build
####################################################################################




####################################################################################
#### [Begin job log] "fedora:39-clang" at step Build
####################################################################################
####################################################################################
#### [End job log] "fedora:39-clang" at step Build
####################################################################################
--------------------------------END LOGS-----------------------------

^ permalink raw reply	[flat|nested] 20+ messages in thread

* |FAILURE| pw151071 [PATCH] [v3] net: add thread-safe crc api
       [not found] <20250206203844.3874038-1-arkadiuszx.kusztal@intel.com>
                   ` (15 preceding siblings ...)
  2025-02-07  2:04 ` |FAILURE| pw151071 [PATCH v3] " 0-day Robot
@ 2025-02-07  2:21 ` dpdklab
  2025-02-07  2:30 ` |SUCCESS| " dpdklab
                   ` (2 subsequent siblings)
  19 siblings, 0 replies; 20+ messages in thread
From: dpdklab @ 2025-02-07  2:21 UTC (permalink / raw)
  To: Test Report; +Cc: dpdk-test-reports, Kusztal, ArkadiuszX

Test-Label: iol-compile-arm64-testing
Test-Status: FAILURE
http://dpdk.org/patch/151071

_Testing issues_

Submitter: Kusztal, ArkadiuszX <arkadiuszx.kusztal@intel.com>
Date: Thursday, February 06 2025 20:38:44 
DPDK git baseline: Repo:dpdk
  Branch: master
  CommitID:7125636162d67b1c40ba6802a3ff4466d125d243

151071 --> testing issues

Upstream job id: Generic-DPDK-Compile-Meson#358824

Test environment and result as below:

+----------------------------------------+--------------------+
|              Environment               | dpdk_meson_compile |
+========================================+====================+
| RHEL9 (ARM)                            | PEND               |
+----------------------------------------+--------------------+
| Ubuntu 20.04 ARM GCC Cross Compile     | PEND               |
+----------------------------------------+--------------------+
| Ubuntu 20.04 ARM SVE                   | PEND               |
+----------------------------------------+--------------------+
| Fedora 40 (ARM)                        | PEND               |
+----------------------------------------+--------------------+
| Debian 12 with MUSDK                   | PEND               |
+----------------------------------------+--------------------+
| Fedora 40 (ARM Clang)                  | PEND               |
+----------------------------------------+--------------------+
| Fedora 41 (ARM)                        | PEND               |
+----------------------------------------+--------------------+
| Fedora 41 (ARM Clang)                  | PEND               |
+----------------------------------------+--------------------+
| Ubuntu 20.04 (ARM)                     | PEND               |
+----------------------------------------+--------------------+
| Ubuntu 22.04 (ARM)                     | PEND               |
+----------------------------------------+--------------------+
| Ubuntu 24.04 (ARM)                     | PEND               |
+----------------------------------------+--------------------+
| CentOS Stream 9 (ARM)                  | PEND               |
+----------------------------------------+--------------------+
| Debian 11 (Buster) (ARM)               | PEND               |
+----------------------------------------+--------------------+
| Debian 12 (arm)                        | PEND               |
+----------------------------------------+--------------------+
| Ubuntu 20.04 ARM Clang Cross Compile   | PEND               |
+----------------------------------------+--------------------+
| Ubuntu 20.04 aarch32 GCC Cross Compile | FAIL               |
+----------------------------------------+--------------------+

==== 20 line log output for Ubuntu 20.04 aarch32 GCC Cross Compile (dpdk_meson_compile): ====
[2227/2419] Compiling C object app/dpdk-test.p/test_test_timer.c.o
[2228/2419] Compiling C object app/dpdk-test.p/test_test_timer_perf.c.o
[2229/2419] Compiling C object app/dpdk-test.p/test_test_timer_racecond.c.o
[2230/2419] Compiling C object app/dpdk-test.p/test_test_timer_secondary.c.o
[2231/2419] Compiling C object app/dpdk-test.p/test_test_trace.c.o
[2232/2419] Compiling C object app/dpdk-test.p/test_test_trace_perf.c.o
[2233/2419] Compiling C object app/dpdk-test.p/test_test_trace_register.c.o
[2234/2419] Compiling C object app/dpdk-test.p/test_test_vdev.c.o
[2235/2419] Compiling C object app/dpdk-test.p/test_test_version.c.o
[2236/2419] Compiling C object app/dpdk-test.p/test_virtual_pmd.c.o
[2237/2419] Linking target app/dpdk-test
FAILED: app/dpdk-test
arm-linux-gnueabihf-gcc  -o app/dpdk-test app/dpdk-test.p/test_commands.c.o app/dpdk-test.p/test_test.c.o app/dpdk-test.p/test_packet_burst_generator.c.o app/dpdk-test.p/test_sample_packet_forward.c.o app/dpdk-test.p/test_test_acl.c.o app/dpdk-test.p/test_test_alarm.c.o app/dpdk-test.p/test_test_argparse.c.o app/dpdk-test.p/test_test_atomic.c.o app/dpdk-test.p/test_test_barrier.c.o app/dpdk-test.p/test_test_bitcount.c.o app/dpdk-test.p/test_test_bitmap.c.o app/dpdk-test.p/test_test_bitops.c.o app/dpdk-test.p/test_test_bitratestats.c.o app/dpdk-test.p/test_test_bitset.c.o app/dpdk-test.p/test_test_bpf.c.o app/dpdk-test.p/test_test_byteorder.c.o app/dpdk-test.p/test_test_cfgfile.c.o app/dpdk-test.p/test_test_cksum.c.o app/dpdk-test.p/test_test_cksum_perf.c.o app/dpdk-test.p/test_test_cmdline.c.o app/dpdk-test.p/test_test_cmdline_cirbuf.c.o app/dpdk-test.p/test_test_cmdline_etheraddr.c.o app/dpdk-test.p/test_test_cmdline_ipaddr.c.o app/dpdk-test.p/test_test_cmdline_lib.c.o app/dpdk-test
 .p/test_test_cmdline_num.c.o app/dpdk-test.p/test_test_cmdline_portlist.c.o app/dpdk-test.p/test_test_cmdline_string.c.o app/dpdk-test.p/test_test_common.c.o app/dpdk-test.p/test_test_cpuflags.c.o app/dpdk-test.p/test_test_crc.c.o app/dpdk-test.p/test_test_cryptodev.c.o app/dpdk-test.p/test_test_cryptodev_asym.c.o app/dpdk-test.p/test_test_cryptodev_blockcipher.c.o app/dpdk-test.p/test_test_cryptodev_crosscheck.c.o app/dpdk-test.p/test_test_cryptodev_security_ipsec.c.o app/dpdk-test.p/test_test_cryptodev_security_pdcp.c.o app/dpdk-test.p/test_test_cryptodev_security_tls_record.c.o app/dpdk-test.p/test_test_cycles.c.o app/dpdk-test.p/test_test_debug.c.o app/dpdk-test.p/test_test_devargs.c.o app/dpdk-test.p/test_test_dispatcher.c.o app/dpdk-test.p/test_test_distributor.c.o app/dpdk-test.p/test_test_distributor_perf.c.o app/dpdk-test.p/test_test_dmadev.c.o app/dpdk-test.p/test_test_dmadev_api.c.o app/dpdk-test.p/test_test_eal_flags.c.o app/dpdk-test.p/test_test_eal_fs.c.o app/dpdk-test
 .p/test_test_efd.c.o app/dpdk-test.p/test_test_efd_perf.c.o app/dpdk-test.p/test_test_errno.c.o app/dpdk-test.p/test_test_ethdev_api.c.o app/dpdk-test.p/test_test_ethdev_link.c.o app/dpdk-test.p/test_test_event_crypto_adapter.c.o app/dpdk-test.p/test_test_event_dma_adapter.c.o app/dpdk-test.p/test_test_event_eth_rx_adapter.c.o app/dpdk-test.p/test_test_event_eth_tx_adapter.c.o app/dpdk-test.p/test_test_event_ring.c.o app/dpdk-test.p/test_test_event_timer_adapter.c.o app/dpdk-test.p/test_test_eventdev.c.o app/dpdk-test.p/test_test_external_mem.c.o app/dpdk-test.p/test_test_fbarray.c.o app/dpdk-test.p/test_test_fib.c.o app/dpdk-test.p/test_test_fib6.c.o app/dpdk-test.p/test_test_fib6_perf.c.o app/dpdk-test.p/test_test_fib_perf.c.o app/dpdk-test.p/test_test_func_reentrancy.c.o app/dpdk-test.p/test_test_graph.c.o app/dpdk-test.p/test_test_graph_perf.c.o app/dpdk-test.p/test_test_hash.c.o app/dpdk-test.p/test_test_hash_functions.c.o app/dpdk-test.p/test_test_hash_multiwriter.c.o app/dpdk
 -test.p/test_test_hash_perf.c.o app/dpdk-test.p/test_test_hash_readwrite.c.o app/dpdk-test.p/test_test_hash_readwrite_lf_perf.c.o app/dpdk-test.p/test_test_interrupts.c.o app/dpdk-test.p/test_test_ipfrag.c.o app/dpdk-test.p/test_test_ipsec.c.o app/dpdk-test.p/test_test_ipsec_perf.c.o app/dpdk-test.p/test_test_ipsec_sad.c.o app/dpdk-test.p/test_test_kvargs.c.o app/dpdk-test.p/test_test_latencystats.c.o app/dpdk-test.p/test_test_lcore_var.c.o app/dpdk-test.p/test_test_lcore_var_perf.c.o app/dpdk-test.p/test_test_lcores.c.o app/dpdk-test.p/test_test_link_bonding.c.o app/dpdk-test.p/test_test_link_bonding_mode4.c.o app/dpdk-test.p/test_test_link_bonding_rssconf.c.o app/dpdk-test.p/test_test_logs.c.o app/dpdk-test.p/test_test_lpm.c.o app/dpdk-test.p/test_test_lpm6.c.o app/dpdk-test.p/test_test_lpm6_perf.c.o app/dpdk-test.p/test_test_lpm_perf.c.o app/dpdk-test.p/test_test_malloc.c.o app/dpdk-test.p/test_test_malloc_perf.c.o app/dpdk-test.p/test_test_mbuf.c.o app/dpdk-test.p/test_test_mcsl
 ock.c.o app/dpdk-test.p/test_test_member.c.o app/dpdk-test.p/test_test_member_perf.c.o app/dpdk-test.p/test_test_memcpy.c.o app/dpdk-test.p/test_test_memcpy_perf.c.o app/dpdk-test.p/test_test_memory.c.o app/dpdk-test.p/test_test_mempool.c.o app/dpdk-test.p/test_test_mempool_perf.c.o app/dpdk-test.p/test_test_memzone.c.o app/dpdk-test.p/test_test_meter.c.o app/dpdk-test.p/test_test_metrics.c.o app/dpdk-test.p/test_test_mp_secondary.c.o app/dpdk-test.p/test_test_net_ether.c.o app/dpdk-test.p/test_test_net_ip6.c.o app/dpdk-test.p/test_test_pdcp.c.o app/dpdk-test.p/test_test_pdump.c.o app/dpdk-test.p/test_test_per_lcore.c.o app/dpdk-test.p/test_test_pflock.c.o app/dpdk-test.p/test_test_pie.c.o app/dpdk-test.p/test_test_pmd_perf.c.o app/dpdk-test.p/test_test_pmd_ring.c.o app/dpdk-test.p/test_test_pmd_ring_perf.c.o app/dpdk-test.p/test_test_power.c.o app/dpdk-test.p/test_test_power_cpufreq.c.o app/dpdk-test.p/test_test_power_intel_uncore.c.o app/dpdk-test.p/test_test_power_kvm_vm.c.o app/
 dpdk-test.p/test_test_prefetch.c.o app/dpdk-test.p/test_test_ptr_compress.c.o app/dpdk-test.p/test_test_rand_perf.c.o app/dpdk-test.p/test_test_rawdev.c.o app/dpdk-test.p/test_test_rcu_qsbr.c.o app/dpdk-test.p/test_test_rcu_qsbr_perf.c.o app/dpdk-test.p/test_test_reassembly_perf.c.o app/dpdk-test.p/test_test_reciprocal_division.c.o app/dpdk-test.p/test_test_reciprocal_division_perf.c.o app/dpdk-test.p/test_test_red.c.o app/dpdk-test.p/test_test_reorder.c.o app/dpdk-test.p/test_test_rib.c.o app/dpdk-test.p/test_test_rib6.c.o app/dpdk-test.p/test_test_ring.c.o app/dpdk-test.p/test_test_ring_hts_stress.c.o app/dpdk-test.p/test_test_ring_mpmc_stress.c.o app/dpdk-test.p/test_test_ring_mt_peek_stress.c.o app/dpdk-test.p/test_test_ring_mt_peek_stress_zc.c.o app/dpdk-test.p/test_test_ring_perf.c.o app/dpdk-test.p/test_test_ring_rts_stress.c.o app/dpdk-test.p/test_test_ring_st_peek_stress.c.o app/dpdk-test.p/test_test_ring_st_peek_stress_zc.c.o app/dpdk-test.p/test_test_ring_stress.c.o app/d
 pdk-test.p/test_test_rwlock.c.o app/dpdk-test.p/test_test_sched.c.o app/dpdk-test.p/test_test_security.c.o app/dpdk-test.p/test_test_security_inline_macsec.c.o app/dpdk-test.p/test_test_security_inline_proto.c.o app/dpdk-test.p/test_test_security_proto.c.o app/dpdk-test.p/test_test_seqlock.c.o app/dpdk-test.p/test_test_service_cores.c.o app/dpdk-test.p/test_test_soring.c.o app/dpdk-test.p/test_test_soring_mt_stress.c.o app/dpdk-test.p/test_test_soring_stress.c.o app/dpdk-test.p/test_test_spinlock.c.o app/dpdk-test.p/test_test_stack.c.o app/dpdk-test.p/test_test_stack_perf.c.o app/dpdk-test.p/test_test_string_fns.c.o app/dpdk-test.p/test_test_table.c.o app/dpdk-test.p/test_test_table_acl.c.o app/dpdk-test.p/test_test_table_combined.c.o app/dpdk-test.p/test_test_table_pipeline.c.o app/dpdk-test.p/test_test_table_ports.c.o app/dpdk-test.p/test_test_table_tables.c.o app/dpdk-test.p/test_test_tailq.c.o app/dpdk-test.p/test_test_telemetry_data.c.o app/dpdk-test.p/test_test_telemetry_json.
 c.o app/dpdk-test.p/test_test_thash.c.o app/dpdk-test.p/test_test_thash_perf.c.o app/dpdk-test.p/test_test_threads.c.o app/dpdk-test.p/test_test_ticketlock.c.o app/dpdk-test.p/test_test_timer.c.o app/dpdk-test.p/test_test_timer_perf.c.o app/dpdk-test.p/test_test_timer_racecond.c.o app/dpdk-test.p/test_test_timer_secondary.c.o app/dpdk-test.p/test_test_trace.c.o app/dpdk-test.p/test_test_trace_perf.c.o app/dpdk-test.p/test_test_trace_register.c.o app/dpdk-test.p/test_test_vdev.c.o app/dpdk-test.p/test_test_version.c.o app/dpdk-test.p/test_virtual_pmd.c.o -Wl,--as-needed -Wl,--no-undefined -Wl,-O1 -Wl,--no-as-needed -pthread -Wl,--start-group -lm -ldl '-Wl,-rpath,$ORIGIN/../lib:$ORIGIN/../drivers' -Wl,-rpath-link,/home-local/jenkins-local/jenkins-agent/workspace/Generic-DPDK-Compile-Meson/dpdk/build/lib -Wl,-rpath-link,/home-local/jenkins-local/jenkins-agent/workspace/Generic-DPDK-Compile-Meson/dpdk/build/drivers lib/librte_cmdline.so.25.1 lib/librte_eal.so.25.1 lib/librte_kvargs.so.2
 5.1 lib/librte_log.so.25.1 lib/librte_telemetry.so.25.1 lib/librte_net.so.25.1 lib/librte_mbuf.so.25.1 lib/librte_mempool.so.25.1 lib/librte_ring.so.25.1 drivers/librte_net_ring.so.25.1 lib/librte_ethdev.so.25.1 lib/librte_meter.so.25.1 drivers/librte_bus_pci.so.25.1 lib/librte_pci.so.25.1 drivers/librte_bus_vdev.so.25.1 lib/librte_acl.so.25.1 lib/librte_argparse.so.25.1 lib/librte_hash.so.25.1 lib/librte_rcu.so.25.1 lib/librte_metrics.so.25.1 lib/librte_bitratestats.so.25.1 lib/librte_bpf.so.25.1 lib/librte_cfgfile.so.25.1 lib/librte_compressdev.so.25.1 lib/librte_cryptodev.so.25.1 lib/librte_security.so.25.1 lib/librte_dispatcher.so.25.1 lib/librte_eventdev.so.25.1 lib/librte_timer.so.25.1 lib/librte_dmadev.so.25.1 lib/librte_distributor.so.25.1 lib/librte_efd.so.25.1 lib/librte_fib.so.25.1 lib/librte_rib.so.25.1 lib/librte_table.so.25.1 lib/librte_port.so.25.1 lib/librte_sched.so.25.1 lib/librte_ip_frag.so.25.1 lib/librte_lpm.so.25.1 lib/librte_graph.so.25.1 lib/librte_pcapng.so.
 25.1 lib/librte_ipsec.so.25.1 lib/librte_latencystats.so.25.1 drivers/librte_net_bond.so.25.1 lib/librte_member.so.25.1 lib/librte_pdcp.so.25.1 lib/librte_reorder.so.25.1 lib/librte_pdump.so.25.1 lib/librte_power.so.25.1 lib/librte_rawdev.so.25.1 lib/librte_stack.so.25.1 lib/librte_pipeline.so.25.1 drivers/librte_crypto_scheduler.so.25.1 -Wl,--end-group
/usr/lib/gcc-cross/arm-linux-gnueabihf/9/../../../../arm-linux-gnueabihf/bin/ld: app/dpdk-test.p/test_test_crc.c.o: in function `crc_all_algs':
test_crc.c:(.text+0x4a): undefined reference to `rte_net_crc_free'
/usr/lib/gcc-cross/arm-linux-gnueabihf/9/../../../../arm-linux-gnueabihf/bin/ld: test_crc.c:(.text+0x70): undefined reference to `rte_net_crc_free'
/usr/lib/gcc-cross/arm-linux-gnueabihf/9/../../../../arm-linux-gnueabihf/bin/ld: test_crc.c:(.text+0x92): undefined reference to `rte_net_crc_free'
/usr/lib/gcc-cross/arm-linux-gnueabihf/9/../../../../arm-linux-gnueabihf/bin/ld: test_crc.c:(.text+0xb2): undefined reference to `rte_net_crc_free'
collect2: error: ld returned 1 exit status
ninja: build stopped: subcommand failed.
==== End log output ====

RHEL9 (ARM)
	Kernel: Depends on container host
	Compiler: gcc 11.5.0 20240719 (Red Hat 11.5.0-2)

Ubuntu 20.04 ARM GCC Cross Compile
	Kernel: Depends on container host
	Compiler: aarch64-linux-gnu-gcc (Ubuntu 9.4.0-1ubuntu1~20.04.2) 9.4.0

Ubuntu 20.04 ARM SVE
	Kernel: Depends on container host
	Compiler: gcc (Ubuntu 10.5.0-1ubuntu1~20.04) 10.5.0

Fedora 40 (ARM)
	Kernel: Depends on container host
	Compiler: gcc 14.2.1 20240912 (Red Hat 14.2.1-3)

Debian 12 with MUSDK
	Kernel: Depends on container host
	Compiler: gcc (Debian 12.2.0-14) 12.2.0

Fedora 40 (ARM Clang)
	Kernel: Depends on container host
	Compiler: clang 18.1.8 (Fedora 18.1.8-1.fc40)

Fedora 41 (ARM)
	Kernel: Depends on container host
	Compiler: gcc 14.2.1 20240912 (Red Hat 14.2.1-3)

Fedora 41 (ARM Clang)
	Kernel: Depends on container host
	Compiler: clang 19.1.5 (Fedora 19.1.5-1.fc41)

Ubuntu 20.04 (ARM)
	Kernel: Depends on container host
	Compiler: gcc (Ubuntu 9.4.0-1ubuntu1~20.04.2) 9.4.0

Ubuntu 22.04 (ARM)
	Kernel: Depends on container host
	Compiler: gcc (Ubuntu 11.4.0-1ubuntu1~22.04) 11.4.0

Ubuntu 24.04 (ARM)
	Kernel: Depends on container host
	Compiler: gcc (Ubuntu 13.3.0-6ubuntu2~24.04) 13.3.0

CentOS Stream 9 (ARM)
	Kernel: Depends on container host
	Compiler: gcc 11.5.0 20240719 (Red Hat 11.5.0-2)

Debian 11 (Buster) (ARM)
	Kernel: Depends on container host
	Compiler: gcc (Debian 10.2.1-6) 10.2.1 20210110

Debian 12 (arm)
	Kernel: Depends on container host
	Compiler: gcc (Debian 12.2.0-14) 12.2.0

Ubuntu 20.04 ARM Clang Cross Compile
	Kernel: Depends on container host
	Compiler: clang 10.0.0-4ubuntu1

Ubuntu 20.04 aarch32 GCC Cross Compile
	Kernel: Depends on container host
	Compiler: gcc 9.4.0

To view detailed results, visit:
https://lab.dpdk.org/results/dashboard/patchsets/32514/

UNH-IOL DPDK Community Lab

To manage your email subscriptions, visit: 
https://lab.dpdk.org/results/dashboard/preferences/subscriptions/

^ permalink raw reply	[flat|nested] 20+ messages in thread

* |SUCCESS| pw151071 [PATCH] [v3] net: add thread-safe crc api
       [not found] <20250206203844.3874038-1-arkadiuszx.kusztal@intel.com>
                   ` (16 preceding siblings ...)
  2025-02-07  2:21 ` |FAILURE| pw151071 [PATCH] [v3] " dpdklab
@ 2025-02-07  2:30 ` dpdklab
  2025-02-07  2:32 ` dpdklab
  2025-02-07  2:43 ` dpdklab
  19 siblings, 0 replies; 20+ messages in thread
From: dpdklab @ 2025-02-07  2:30 UTC (permalink / raw)
  To: Test Report; +Cc: dpdk-test-reports

Test-Label: iol-sample-apps-testing
Test-Status: SUCCESS
http://dpdk.org/patch/151071

_Testing PASS_

Submitter: Kusztal, ArkadiuszX <arkadiuszx.kusztal@intel.com>
Date: Thursday, February 06 2025 20:38:44 
DPDK git baseline: Repo:dpdk
  Branch: master
  CommitID:7125636162d67b1c40ba6802a3ff4466d125d243

151071 --> testing pass

Upstream job id: Template-DTS-Pipeline#211275

Test environment and result as below:

+--------------------+----------------------+
|    Environment     | compressdev_zlib_pmd |
+====================+======================+
| Ubuntu 22.04 (ARM) | PASS                 |
+--------------------+----------------------+
| Ubuntu 22.04       | PASS                 |
+--------------------+----------------------+


Ubuntu 22.04 (ARM)
	Kernel: 5.15.0-97-generic
	Compiler: gcc gcc (Ubuntu 11.4.0-1ubuntu1~22.04) 11.4.0

Ubuntu 22.04
	Kernel: 5.15.0-100-generic
	Compiler: gcc gcc (Ubuntu 11.4.0-1ubuntu1~22.04) 11.4.0

To view detailed results, visit:
https://lab.dpdk.org/results/dashboard/patchsets/32514/

UNH-IOL DPDK Community Lab

To manage your email subscriptions, visit: 
https://lab.dpdk.org/results/dashboard/preferences/subscriptions/

^ permalink raw reply	[flat|nested] 20+ messages in thread

* |SUCCESS| pw151071 [PATCH] [v3] net: add thread-safe crc api
       [not found] <20250206203844.3874038-1-arkadiuszx.kusztal@intel.com>
                   ` (17 preceding siblings ...)
  2025-02-07  2:30 ` |SUCCESS| " dpdklab
@ 2025-02-07  2:32 ` dpdklab
  2025-02-07  2:43 ` dpdklab
  19 siblings, 0 replies; 20+ messages in thread
From: dpdklab @ 2025-02-07  2:32 UTC (permalink / raw)
  To: Test Report; +Cc: dpdk-test-reports

Test-Label: iol-unit-amd64-testing
Test-Status: SUCCESS
http://dpdk.org/patch/151071

_Testing PASS_

Submitter: Kusztal, ArkadiuszX <arkadiuszx.kusztal@intel.com>
Date: Thursday, February 06 2025 20:38:44 
DPDK git baseline: Repo:dpdk
  Branch: master
  CommitID:7125636162d67b1c40ba6802a3ff4466d125d243

151071 --> testing pass

Upstream job id: Generic-Unit-Test-DPDK#312497

Test environment and result as below:

+---------------------+----------------+
|     Environment     | dpdk_unit_test |
+=====================+================+
| Ubuntu 20.04        | PASS           |
+---------------------+----------------+
| Fedora 41           | PASS           |
+---------------------+----------------+
| RHEL8               | PASS           |
+---------------------+----------------+
| Fedora 40 (Clang)   | PASS           |
+---------------------+----------------+
| Fedora 40           | PASS           |
+---------------------+----------------+
| Debian Bullseye     | PASS           |
+---------------------+----------------+
| Ubuntu 22.04        | PASS           |
+---------------------+----------------+
| Debian 12           | PASS           |
+---------------------+----------------+
| CentOS Stream 9     | PASS           |
+---------------------+----------------+
| Fedora 41 (Clang)   | PASS           |
+---------------------+----------------+
| RHEL9               | PASS           |
+---------------------+----------------+
| Ubuntu 24.04        | PASS           |
+---------------------+----------------+
| Windows Server 2022 | PASS           |
+---------------------+----------------+


Ubuntu 20.04
	Kernel: Depends on container host
	Compiler: gcc (Ubuntu 9.4.0-1ubuntu1~20.04.2) 9.4.0

Fedora 41
	Kernel: Depends on container host
	Compiler: gcc 14.2.1 20240912 (Red Hat 14.2.1-3)

RHEL8
	Kernel: Depends on container host
	Compiler: gcc 8.5.0 20210514 (Red Hat 8.5.0-22)

Fedora 40 (Clang)
	Kernel: Depends on container host
	Compiler: clang 18.1.8 (Fedora 18.1.8-1.fc40)

Fedora 40
	Kernel: Depends on container host
	Compiler: gcc 14.2.1 20240912 (Red Hat 14.2.1-3)

Debian Bullseye
	Kernel: Depends on container host
	Compiler: gcc (Debian 10.2.1-6) 10.2.1 20210110

Ubuntu 22.04
	Kernel: Depends on container host
	Compiler: gcc (Ubuntu 11.4.0-1ubuntu1~22.04) 11.4.0

Debian 12
	Kernel: Depends on container host
	Compiler: gcc (Debian 12.2.0-14) 12.2.0

CentOS Stream 9
	Kernel: Depends on container host
	Compiler: gcc 11.5.0 20240719 (Red Hat 11.5.0-2)

Fedora 41 (Clang)
	Kernel: Depends on container host
	Compiler: clang 19.1.5 (Fedora 19.1.5-1.fc41)

RHEL9
	Kernel: Depends on container host
	Compiler: gcc 11.5.0 20240719 (Red Hat 11.5.0-2)

Ubuntu 24.04
	Kernel: Depends on container host
	Compiler: gcc (Ubuntu 13.3.0-6ubuntu2~24.04) 13.3.0

Windows Server 2022
	Kernel: 10.0.20348.2031
	Compiler: clang 15.0.7, gcc 14.1.0 (MinGW), and MSVC VS 19.39.33521

To view detailed results, visit:
https://lab.dpdk.org/results/dashboard/patchsets/32514/

UNH-IOL DPDK Community Lab

To manage your email subscriptions, visit: 
https://lab.dpdk.org/results/dashboard/preferences/subscriptions/

^ permalink raw reply	[flat|nested] 20+ messages in thread

* |SUCCESS| pw151071 [PATCH] [v3] net: add thread-safe crc api
       [not found] <20250206203844.3874038-1-arkadiuszx.kusztal@intel.com>
                   ` (18 preceding siblings ...)
  2025-02-07  2:32 ` dpdklab
@ 2025-02-07  2:43 ` dpdklab
  19 siblings, 0 replies; 20+ messages in thread
From: dpdklab @ 2025-02-07  2:43 UTC (permalink / raw)
  To: Test Report; +Cc: dpdk-test-reports

Test-Label: iol-abi-testing
Test-Status: SUCCESS
http://dpdk.org/patch/151071

_Testing PASS_

Submitter: Kusztal, ArkadiuszX <arkadiuszx.kusztal@intel.com>
Date: Thursday, February 06 2025 20:38:44 
DPDK git baseline: Repo:dpdk
  Branch: master
  CommitID:7125636162d67b1c40ba6802a3ff4466d125d243

151071 --> testing pass

Upstream job id: Generic-DPDK-Compile-ABI#115144

Test environment and result as below:

+-------------------+----------+
|    Environment    | abi_test |
+===================+==========+
| CentOS Stream 9   | PASS     |
+-------------------+----------+
| Debian Bullseye   | PASS     |
+-------------------+----------+
| Fedora 40         | PASS     |
+-------------------+----------+
| Debian 12         | PASS     |
+-------------------+----------+
| Fedora 41 (Clang) | PASS     |
+-------------------+----------+
| RHEL9             | PASS     |
+-------------------+----------+
| openSUSE Leap 15  | PASS     |
+-------------------+----------+
| Ubuntu 24.04      | PASS     |
+-------------------+----------+
| Fedora 41         | PASS     |
+-------------------+----------+
| Ubuntu 22.04      | PASS     |
+-------------------+----------+
| RHEL8             | PASS     |
+-------------------+----------+
| Fedora 40 (Clang) | PASS     |
+-------------------+----------+


CentOS Stream 9
	Kernel: Depends on container host
	Compiler: gcc 11.5.0 20240719 (Red Hat 11.5.0-2)

Debian Bullseye
	Kernel: Depends on container host
	Compiler: gcc (Debian 10.2.1-6) 10.2.1 20210110

Fedora 40
	Kernel: Depends on container host
	Compiler: gcc 14.2.1 20240912 (Red Hat 14.2.1-3)

Debian 12
	Kernel: Depends on container host
	Compiler: gcc (Debian 12.2.0-14) 12.2.0

Fedora 41 (Clang)
	Kernel: Depends on container host
	Compiler: clang 19.1.5 (Fedora 19.1.5-1.fc41)

RHEL9
	Kernel: Depends on container host
	Compiler: gcc 11.5.0 20240719 (Red Hat 11.5.0-2)

openSUSE Leap 15
	Kernel: Depends on container host
	Compiler: gcc (SUSE Linux) 7.5.0

Ubuntu 24.04
	Kernel: Depends on container host
	Compiler: gcc (Ubuntu 13.3.0-6ubuntu2~24.04) 13.3.0

Fedora 41
	Kernel: Depends on container host
	Compiler: gcc 14.2.1 20240912 (Red Hat 14.2.1-3)

Ubuntu 22.04
	Kernel: Depends on container host
	Compiler: gcc (Ubuntu 11.4.0-1ubuntu1~22.04) 11.4.0

RHEL8
	Kernel: Depends on container host
	Compiler: gcc 8.5.0 20210514 (Red Hat 8.5.0-22)

Fedora 40 (Clang)
	Kernel: Depends on container host
	Compiler: clang 18.1.8 (Fedora 18.1.8-1.fc40)

To view detailed results, visit:
https://lab.dpdk.org/results/dashboard/patchsets/32514/

UNH-IOL DPDK Community Lab

To manage your email subscriptions, visit: 
https://lab.dpdk.org/results/dashboard/preferences/subscriptions/

^ permalink raw reply	[flat|nested] 20+ messages in thread

end of thread, other threads:[~2025-02-07  2:43 UTC | newest]

Thread overview: 20+ messages (download: mbox.gz / follow: Atom feed)
-- links below jump to the message on this page --
     [not found] <20250206203844.3874038-1-arkadiuszx.kusztal@intel.com>
2025-02-06 20:11 ` |SUCCESS| pw151071 [PATCH v3] net: add thread-safe crc api qemudev
2025-02-06 20:16 ` qemudev
2025-02-06 20:38 ` |WARNING| " checkpatch
2025-02-07  0:01 ` |SUCCESS| pw151071 [PATCH] [v3] " dpdklab
2025-02-07  0:05 ` |PENDING| " dpdklab
2025-02-07  0:10 ` |SUCCESS| " dpdklab
2025-02-07  0:11 ` dpdklab
2025-02-07  0:11 ` dpdklab
2025-02-07  0:27 ` |PENDING| " dpdklab
2025-02-07  0:43 ` |SUCCESS| " dpdklab
2025-02-07  0:46 ` dpdklab
2025-02-07  0:52 ` |PENDING| " dpdklab
2025-02-07  1:10 ` |SUCCESS| " dpdklab
2025-02-07  1:32 ` dpdklab
2025-02-07  1:33 ` |PENDING| " dpdklab
2025-02-07  2:04 ` |FAILURE| pw151071 [PATCH v3] " 0-day Robot
2025-02-07  2:21 ` |FAILURE| pw151071 [PATCH] [v3] " dpdklab
2025-02-07  2:30 ` |SUCCESS| " dpdklab
2025-02-07  2:32 ` dpdklab
2025-02-07  2:43 ` dpdklab

This is a public inbox, see mirroring instructions
for how to clone and mirror all data and code used for this inbox;
as well as URLs for NNTP newsgroup(s).