From: dpdklab@iol.unh.edu
To: Test Report <test-report@dpdk.org>
Cc: dpdk-test-reports@iol.unh.edu
Subject: |PENDING| pw151071 [PATCH] [v3] net: add thread-safe crc api
Date: Thu, 06 Feb 2025 16:05:03 -0800 (PST) [thread overview]
Message-ID: <67a54e2f.670a0220.19dfe1.1abcSMTPIN_ADDED_MISSING@mx.google.com> (raw)
In-Reply-To: <20250206203844.3874038-1-arkadiuszx.kusztal@intel.com>
Test-Label: iol-compile-amd64-testing
Test-Status: PENDING
http://dpdk.org/patch/151071
_Testing pending_
Submitter: Kusztal, ArkadiuszX <arkadiuszx.kusztal@intel.com>
Date: Thursday, February 06 2025 20:38:44
DPDK git baseline: Repo:dpdk
Branch: master
CommitID:7125636162d67b1c40ba6802a3ff4466d125d243
151071 --> testing pending
Upstream job id: Generic-VM-DPDK-Compile-Meson#33109
Test environment and result as below:
+--------------+--------------------+
| Environment | dpdk_meson_compile |
+==============+====================+
| FreeBSD 13.4 | PASS |
+--------------+--------------------+
| FreeBSD 14.2 | PEND |
+--------------+--------------------+
FreeBSD 13.4
Kernel: 13.4-RELEASE-p1
Compiler: clang 18.1.6
FreeBSD 14.2
Kernel: 14.2-RELEASE
Compiler: clang 18.1.6
To view detailed results, visit:
https://lab.dpdk.org/results/dashboard/patchsets/32514/
UNH-IOL DPDK Community Lab
To manage your email subscriptions, visit:
https://lab.dpdk.org/results/dashboard/preferences/subscriptions/
next prev parent reply other threads:[~2025-02-07 0:05 UTC|newest]
Thread overview: 21+ messages / expand[flat|nested] mbox.gz Atom feed top
[not found] <20250206203844.3874038-1-arkadiuszx.kusztal@intel.com>
2025-02-06 20:11 ` |SUCCESS| pw151071 [PATCH v3] " qemudev
2025-02-06 20:16 ` qemudev
2025-02-06 20:38 ` |WARNING| " checkpatch
2025-02-07 0:01 ` |SUCCESS| pw151071 [PATCH] [v3] " dpdklab
2025-02-07 0:05 ` dpdklab [this message]
2025-02-07 0:10 ` dpdklab
2025-02-07 0:11 ` dpdklab
2025-02-07 0:11 ` dpdklab
2025-02-07 0:27 ` |PENDING| " dpdklab
2025-02-07 0:43 ` |SUCCESS| " dpdklab
2025-02-07 0:46 ` dpdklab
2025-02-07 0:52 ` |PENDING| " dpdklab
2025-02-07 1:10 ` |SUCCESS| " dpdklab
2025-02-07 1:32 ` dpdklab
2025-02-07 1:33 ` |PENDING| " dpdklab
2025-02-07 2:04 ` |FAILURE| pw151071 [PATCH v3] " 0-day Robot
2025-02-07 2:21 ` |FAILURE| pw151071 [PATCH] [v3] " dpdklab
2025-02-07 2:30 ` |SUCCESS| " dpdklab
2025-02-07 2:32 ` dpdklab
2025-02-07 2:43 ` dpdklab
2025-02-07 3:12 ` |FAILURE| " dpdklab
Reply instructions:
You may reply publicly to this message via plain-text email
using any one of the following methods:
* Save the following mbox file, import it into your mail client,
and reply-to-all from there: mbox
Avoid top-posting and favor interleaved quoting:
https://en.wikipedia.org/wiki/Posting_style#Interleaved_style
* Reply using the --to, --cc, and --in-reply-to
switches of git-send-email(1):
git send-email \
--in-reply-to=67a54e2f.670a0220.19dfe1.1abcSMTPIN_ADDED_MISSING@mx.google.com \
--to=dpdklab@iol.unh.edu \
--cc=dpdk-test-reports@iol.unh.edu \
--cc=test-report@dpdk.org \
/path/to/YOUR_REPLY
https://kernel.org/pub/software/scm/git/docs/git-send-email.html
* If your mail client supports setting the In-Reply-To header
via mailto: links, try the mailto: link
Be sure your reply has a Subject: header at the top and a blank line
before the message body.
This is a public inbox, see mirroring instructions
for how to clone and mirror all data and code used for this inbox;
as well as URLs for NNTP newsgroup(s).