From: dpdklab@iol.unh.edu
To: Test Report <test-report@dpdk.org>
Cc: dpdk-test-reports@iol.unh.edu
Subject: |SUCCESS| pw151071 [PATCH] [v3] net: add thread-safe crc api
Date: Thu, 06 Feb 2025 18:30:36 -0800 (PST) [thread overview]
Message-ID: <67a5704c.050a0220.2317a3.7c96SMTPIN_ADDED_MISSING@mx.google.com> (raw)
In-Reply-To: <20250206203844.3874038-1-arkadiuszx.kusztal@intel.com>
Test-Label: iol-sample-apps-testing
Test-Status: SUCCESS
http://dpdk.org/patch/151071
_Testing PASS_
Submitter: Kusztal, ArkadiuszX <arkadiuszx.kusztal@intel.com>
Date: Thursday, February 06 2025 20:38:44
DPDK git baseline: Repo:dpdk
Branch: master
CommitID:7125636162d67b1c40ba6802a3ff4466d125d243
151071 --> testing pass
Upstream job id: Template-DTS-Pipeline#211275
Test environment and result as below:
+--------------------+----------------------+
| Environment | compressdev_zlib_pmd |
+====================+======================+
| Ubuntu 22.04 (ARM) | PASS |
+--------------------+----------------------+
| Ubuntu 22.04 | PASS |
+--------------------+----------------------+
Ubuntu 22.04 (ARM)
Kernel: 5.15.0-97-generic
Compiler: gcc gcc (Ubuntu 11.4.0-1ubuntu1~22.04) 11.4.0
Ubuntu 22.04
Kernel: 5.15.0-100-generic
Compiler: gcc gcc (Ubuntu 11.4.0-1ubuntu1~22.04) 11.4.0
To view detailed results, visit:
https://lab.dpdk.org/results/dashboard/patchsets/32514/
UNH-IOL DPDK Community Lab
To manage your email subscriptions, visit:
https://lab.dpdk.org/results/dashboard/preferences/subscriptions/
next prev parent reply other threads:[~2025-02-07 2:30 UTC|newest]
Thread overview: 21+ messages / expand[flat|nested] mbox.gz Atom feed top
[not found] <20250206203844.3874038-1-arkadiuszx.kusztal@intel.com>
2025-02-06 20:11 ` |SUCCESS| pw151071 [PATCH v3] " qemudev
2025-02-06 20:16 ` qemudev
2025-02-06 20:38 ` |WARNING| " checkpatch
2025-02-07 0:01 ` |SUCCESS| pw151071 [PATCH] [v3] " dpdklab
2025-02-07 0:05 ` |PENDING| " dpdklab
2025-02-07 0:10 ` |SUCCESS| " dpdklab
2025-02-07 0:11 ` dpdklab
2025-02-07 0:11 ` dpdklab
2025-02-07 0:27 ` |PENDING| " dpdklab
2025-02-07 0:43 ` |SUCCESS| " dpdklab
2025-02-07 0:46 ` dpdklab
2025-02-07 0:52 ` |PENDING| " dpdklab
2025-02-07 1:10 ` |SUCCESS| " dpdklab
2025-02-07 1:32 ` dpdklab
2025-02-07 1:33 ` |PENDING| " dpdklab
2025-02-07 2:04 ` |FAILURE| pw151071 [PATCH v3] " 0-day Robot
2025-02-07 2:21 ` |FAILURE| pw151071 [PATCH] [v3] " dpdklab
2025-02-07 2:30 ` dpdklab [this message]
2025-02-07 2:32 ` |SUCCESS| " dpdklab
2025-02-07 2:43 ` dpdklab
2025-02-07 3:12 ` |FAILURE| " dpdklab
Reply instructions:
You may reply publicly to this message via plain-text email
using any one of the following methods:
* Save the following mbox file, import it into your mail client,
and reply-to-all from there: mbox
Avoid top-posting and favor interleaved quoting:
https://en.wikipedia.org/wiki/Posting_style#Interleaved_style
* Reply using the --to, --cc, and --in-reply-to
switches of git-send-email(1):
git send-email \
--in-reply-to=67a5704c.050a0220.2317a3.7c96SMTPIN_ADDED_MISSING@mx.google.com \
--to=dpdklab@iol.unh.edu \
--cc=dpdk-test-reports@iol.unh.edu \
--cc=test-report@dpdk.org \
/path/to/YOUR_REPLY
https://kernel.org/pub/software/scm/git/docs/git-send-email.html
* If your mail client supports setting the In-Reply-To header
via mailto: links, try the mailto: link
Be sure your reply has a Subject: header at the top and a blank line
before the message body.
This is a public inbox, see mirroring instructions
for how to clone and mirror all data and code used for this inbox;
as well as URLs for NNTP newsgroup(s).