From mboxrd@z Thu Jan 1 00:00:00 1970 Return-Path: Received: from mails.dpdk.org (mails.dpdk.org [217.70.189.124]) by inbox.dpdk.org (Postfix) with ESMTP id AB24D461B5 for ; Fri, 7 Feb 2025 04:12:05 +0100 (CET) Received: from mails.dpdk.org (localhost [127.0.0.1]) by mails.dpdk.org (Postfix) with ESMTP id 87130402D5; Fri, 7 Feb 2025 04:12:05 +0100 (CET) Received: from mail-pj1-f100.google.com (mail-pj1-f100.google.com [209.85.216.100]) by mails.dpdk.org (Postfix) with ESMTP id 0F5EE402A7 for ; Fri, 7 Feb 2025 04:12:04 +0100 (CET) Received: by mail-pj1-f100.google.com with SMTP id 98e67ed59e1d1-2f9da2a7004so2567744a91.0 for ; Thu, 06 Feb 2025 19:12:03 -0800 (PST) DKIM-Signature: v=1; a=rsa-sha256; c=relaxed/relaxed; d=iol.unh.edu; s=unh-iol; t=1738897923; x=1739502723; darn=dpdk.org; h=references:in-reply-to:cc:to:from:subject:message-id:date:from:to :cc:subject:date:message-id:reply-to; bh=g01I80Bf7uAiU3f7RhC5QZqOTa4e1eU92iiaCKr5qY8=; b=JWVVkx/CBufeTCaInO/xNlGNgA5c2Zv3nJu5x+BbEjqPjmzICv2avxLZrnh4g8UTkG NA6/6/DUI55uysiFbyeF1I3rkYLXBr7WywS7SUD/LNSB727JR0DJlSxVZFSw0608vXCx v2anMGWSPbkKkU+BE6tRMQRAwCG+z4BbN2ds0= X-Google-DKIM-Signature: v=1; a=rsa-sha256; c=relaxed/relaxed; d=1e100.net; s=20230601; t=1738897923; x=1739502723; h=references:in-reply-to:cc:to:from:subject:message-id:date :x-gm-message-state:from:to:cc:subject:date:message-id:reply-to; bh=g01I80Bf7uAiU3f7RhC5QZqOTa4e1eU92iiaCKr5qY8=; b=uszW+3LylkguGRcZOSmTbdQJTxXC7jY/gu2G2RIkKc9cYerVkp2cQkA7b8CXgOWhrc qTFnbZj6hANJkTGOXUy+inw78kVQPHNCy1rtjW5As39xvZSdAxfdDDyjz62olheSxUW+ YAXukbclz/pjpMASmSZxG7JzVvicTf9hg/+rqGfLI77hZ52qx1UuNs1DwKTAU2vcYP3U p1aKSAbYth13LcJ7zG+wyiLZOFLsiTaXZ8Zuz8nMjljcmSTycfkF/lsvZwBfAl7bWS0R /mHte9gKdMF9boTOkvKz8/8/wR9c4vzv930SGFLWdPDP/+alrQVK4AqWo7cKE7BK8+Ak OBkg== X-Gm-Message-State: AOJu0YxhMHvybLdEBnrmLP4mT7oRrZQnd4vpty8OYWr7V25ntDjS2Nys mv5Cx2H6YhtF5UmHOOYOzLMxIY99bicwz00cL1sB/aOtccXKTg9YdLfIMCq6t/6cCerhDdlhw6z z1JQ0zivuHa+2NRharCgd6xjWIs+6UbNkgsl3Mk9D2zl+abBVpZWiIWOu X-Gm-Gg: ASbGncvfgPvwdwkBUP0h+ku56WMPUBHB0kfFSllm3DRjyLndxRJdmIaEFN16LSRyUuY z7jdu14ZZZOJYPj11/I+MgCsM+2MI6PDG/YWF5KTCev+eQ9OZQkhhgLiHctu736H/qgFrQCJP+F kUkyUZj3brCs9pgwyVqjU6uFTuVkeidXt5NPUEmdlUdt/qKORJL+TjglvQeA1438R+X26rExQWx XH6grrsuOZ8hIIOpI2jFqkhBMlNEoZOl8Vy2iy+0eakHId/lM9byfMZaV8PWs+Tg0fT9Xq3Gzsg aZYSNGFf95ECrmT+rTRdhdp4o7SXlDyltt21pefjcg== X-Google-Smtp-Source: AGHT+IH9d3fKW6vlfRWhJRHlFvMKepKM+BMlRc84w7Iyku3c9VduO/0rZVnByE9cjXpR2QO/iPHmLNoTM1Mr X-Received: by 2002:a17:90a:da87:b0:2ee:bbe0:98c6 with SMTP id 98e67ed59e1d1-2fa240634ecmr2393009a91.8.1738897923055; Thu, 06 Feb 2025 19:12:03 -0800 (PST) Received: from postal.iol.unh.edu (postal.iol.unh.edu. [2606:4100:3880:1234::84]) by smtp-relay.gmail.com with ESMTPS id d9443c01a7336-21f3653af90sm1224325ad.30.2025.02.06.19.12.02 (version=TLS1_2 cipher=ECDHE-ECDSA-AES128-GCM-SHA256 bits=128/128); Thu, 06 Feb 2025 19:12:03 -0800 (PST) X-Relaying-Domain: iol.unh.edu Date: Thu, 06 Feb 2025 19:12:03 -0800 (PST) Message-ID: <67a57a03.170a0220.790b6.66c8SMTPIN_ADDED_MISSING@mx.google.com> Received: from [172.21.0.6] (unknown [172.18.0.240]) by postal.iol.unh.edu (Postfix) with ESMTP id 226276052471; Thu, 6 Feb 2025 22:12:02 -0500 (EST) Subject: |FAILURE| pw151071 [PATCH] [v3] net: add thread-safe crc api From: dpdklab@iol.unh.edu To: Test Report Cc: dpdk-test-reports@iol.unh.edu, "Kusztal, ArkadiuszX" In-Reply-To: <20250206203844.3874038-1-arkadiuszx.kusztal@intel.com> References: <20250206203844.3874038-1-arkadiuszx.kusztal@intel.com> Content-Type: text/plain X-BeenThere: test-report@dpdk.org X-Mailman-Version: 2.1.29 Precedence: list List-Id: automatic DPDK test reports List-Unsubscribe: , List-Archive: List-Post: List-Help: List-Subscribe: , Errors-To: test-report-bounces@dpdk.org Test-Label: iol-compile-amd64-testing Test-Status: FAILURE http://dpdk.org/patch/151071 _Testing issues_ Submitter: Kusztal, ArkadiuszX Date: Thursday, February 06 2025 20:38:44 DPDK git baseline: Repo:dpdk Branch: master CommitID:7125636162d67b1c40ba6802a3ff4466d125d243 151071 --> testing issues Upstream job id: Generic-DPDK-Compile-Meson#358830 Test environment and result as below: +---------------------+--------------------+-------------------+-------------------------+----------------------+------------------+-------------------+ | Environment | dpdk_meson_compile | dpdk_msvc_compile | dpdk_llvm_clang_compile | dpdk_mingw64_compile | dpdk_compile_ovs | dpdk_compile_spdk | +=====================+====================+===================+=========================+======================+==================+===================+ | FreeBSD 13.4 | PASS | SKIPPED | SKIPPED | SKIPPED | SKIPPED | SKIPPED | +---------------------+--------------------+-------------------+-------------------------+----------------------+------------------+-------------------+ | FreeBSD 14.2 | PASS | SKIPPED | SKIPPED | SKIPPED | SKIPPED | SKIPPED | +---------------------+--------------------+-------------------+-------------------------+----------------------+------------------+-------------------+ | CentOS Stream 9 | FAIL | SKIPPED | SKIPPED | SKIPPED | WARN | WARN | +---------------------+--------------------+-------------------+-------------------------+----------------------+------------------+-------------------+ | Debian Bullseye | FAIL | SKIPPED | SKIPPED | SKIPPED | WARN | WARN | +---------------------+--------------------+-------------------+-------------------------+----------------------+------------------+-------------------+ | Debian 12 | FAIL | SKIPPED | SKIPPED | SKIPPED | WARN | WARN | +---------------------+--------------------+-------------------+-------------------------+----------------------+------------------+-------------------+ | Fedora 40 (Clang) | FAIL | SKIPPED | SKIPPED | SKIPPED | WARN | WARN | +---------------------+--------------------+-------------------+-------------------------+----------------------+------------------+-------------------+ | Fedora 40 | FAIL | SKIPPED | SKIPPED | SKIPPED | WARN | WARN | +---------------------+--------------------+-------------------+-------------------------+----------------------+------------------+-------------------+ | Fedora 41 (Clang) | FAIL | SKIPPED | SKIPPED | SKIPPED | WARN | WARN | +---------------------+--------------------+-------------------+-------------------------+----------------------+------------------+-------------------+ | Fedora 41 | FAIL | SKIPPED | SKIPPED | SKIPPED | WARN | WARN | +---------------------+--------------------+-------------------+-------------------------+----------------------+------------------+-------------------+ | openSUSE Leap 15 | FAIL | SKIPPED | SKIPPED | SKIPPED | SKIPPED | SKIPPED | +---------------------+--------------------+-------------------+-------------------------+----------------------+------------------+-------------------+ | RHEL8 | FAIL | SKIPPED | SKIPPED | SKIPPED | WARN | SKIPPED | +---------------------+--------------------+-------------------+-------------------------+----------------------+------------------+-------------------+ | RHEL9 | FAIL | SKIPPED | SKIPPED | SKIPPED | WARN | SKIPPED | +---------------------+--------------------+-------------------+-------------------------+----------------------+------------------+-------------------+ | Ubuntu 20.04 | FAIL | SKIPPED | SKIPPED | SKIPPED | SKIPPED | SKIPPED | +---------------------+--------------------+-------------------+-------------------------+----------------------+------------------+-------------------+ | Ubuntu 22.04 | FAIL | SKIPPED | SKIPPED | SKIPPED | WARN | WARN | +---------------------+--------------------+-------------------+-------------------------+----------------------+------------------+-------------------+ | Ubuntu 24.04 | FAIL | SKIPPED | SKIPPED | SKIPPED | WARN | WARN | +---------------------+--------------------+-------------------+-------------------------+----------------------+------------------+-------------------+ | Windows Server 2022 | SKIPPED | PASS | PASS | PASS | SKIPPED | SKIPPED | +---------------------+--------------------+-------------------+-------------------------+----------------------+------------------+-------------------+ ==== 20 line log output for Ubuntu 24.04 (dpdk_compile_spdk): ==== --- Failed to get log output --- ==== End log output ==== FreeBSD 13.4 Kernel: 13.4-RELEASE-p1 Compiler: clang 18.1.6 FreeBSD 14.2 Kernel: 14.2-RELEASE Compiler: clang 18.1.6 CentOS Stream 9 Kernel: Depends on container host Compiler: gcc 11.5.0 20240719 (Red Hat 11.5.0-2) Debian Bullseye Kernel: Depends on container host Compiler: gcc (Debian 10.2.1-6) 10.2.1 20210110 Debian 12 Kernel: Depends on container host Compiler: gcc (Debian 12.2.0-14) 12.2.0 Fedora 40 (Clang) Kernel: Depends on container host Compiler: clang 18.1.8 (Fedora 18.1.8-1.fc40) Fedora 40 Kernel: Depends on container host Compiler: gcc 14.2.1 20240912 (Red Hat 14.2.1-3) Fedora 41 (Clang) Kernel: Depends on container host Compiler: clang 19.1.5 (Fedora 19.1.5-1.fc41) Fedora 41 Kernel: Depends on container host Compiler: gcc 14.2.1 20240912 (Red Hat 14.2.1-3) openSUSE Leap 15 Kernel: Depends on container host Compiler: gcc (SUSE Linux) 7.5.0 RHEL8 Kernel: Depends on container host Compiler: gcc 8.5.0 20210514 (Red Hat 8.5.0-22) RHEL9 Kernel: Depends on container host Compiler: gcc 11.5.0 20240719 (Red Hat 11.5.0-2) Ubuntu 20.04 Kernel: Depends on container host Compiler: gcc (Ubuntu 9.4.0-1ubuntu1~20.04.2) 9.4.0 Ubuntu 22.04 Kernel: Depends on container host Compiler: gcc (Ubuntu 11.4.0-1ubuntu1~22.04) 11.4.0 Ubuntu 24.04 Kernel: Depends on container host Compiler: gcc (Ubuntu 13.3.0-6ubuntu2~24.04) 13.3.0 Windows Server 2022 Kernel: 10.0.20348.2031 Compiler: clang 15.0.7, gcc 14.1.0 (MinGW), and MSVC VS 19.39.33521 To view detailed results, visit: https://lab.dpdk.org/results/dashboard/patchsets/32514/ UNH-IOL DPDK Community Lab To manage your email subscriptions, visit: https://lab.dpdk.org/results/dashboard/preferences/subscriptions/