From mboxrd@z Thu Jan 1 00:00:00 1970 Return-Path: Received: from mails.dpdk.org (mails.dpdk.org [217.70.189.124]) by inbox.dpdk.org (Postfix) with ESMTP id 17646461B6 for ; Fri, 7 Feb 2025 06:27:26 +0100 (CET) Received: from mails.dpdk.org (localhost [127.0.0.1]) by mails.dpdk.org (Postfix) with ESMTP id 0E3BF42795; Fri, 7 Feb 2025 06:27:26 +0100 (CET) Received: from mail-pl1-f226.google.com (mail-pl1-f226.google.com [209.85.214.226]) by mails.dpdk.org (Postfix) with ESMTP id 81901402D5 for ; Fri, 7 Feb 2025 06:27:24 +0100 (CET) Received: by mail-pl1-f226.google.com with SMTP id d9443c01a7336-2166360285dso30690495ad.1 for ; Thu, 06 Feb 2025 21:27:24 -0800 (PST) DKIM-Signature: v=1; a=rsa-sha256; c=relaxed/relaxed; d=iol.unh.edu; s=unh-iol; t=1738906043; x=1739510843; darn=dpdk.org; h=references:in-reply-to:cc:to:from:subject:message-id:date:from:to :cc:subject:date:message-id:reply-to; bh=EligFvytDyd82pPCl17GoBjK47BU1TBRT3DOx9zmo0U=; b=dM05nyoNGvfbPKBvlFFDIWkBuqYqtmi4ZSdqiO4se3teojHezuG/fHdwwPOex5OFwN QzMkVxveBstnlw7IVe7mFI2u8iBnswN4Ya1317iYVCt6w3tRGqBujiv42LG7rgdIQhl+ JxS8Qg6mJ30dEQ90nI37B4WnadSQsfI69XT64= X-Google-DKIM-Signature: v=1; a=rsa-sha256; c=relaxed/relaxed; d=1e100.net; s=20230601; t=1738906043; x=1739510843; h=references:in-reply-to:cc:to:from:subject:message-id:date :x-gm-message-state:from:to:cc:subject:date:message-id:reply-to; bh=EligFvytDyd82pPCl17GoBjK47BU1TBRT3DOx9zmo0U=; b=BTBwfQKrmf4e6zGtBYZtt21UxtgXvOAeLI40nR6Ey4zUHgJGlzntCyH5ZKdCCuPC2H bzd984d0n8Bo+MAmbL1HEr/pP1OZ8RqXx2ph7tiSbiMWhVeXAkMbdrGs9JMDVfpqJPED Rms/xvVPbC3aBtL7ecmOnQ4Jgws8ZNwyjCFDEPXMB3n0DhlstNWA7H+b61LlRa1o1l6e ARdHHcBNIWLYz4Z2qrPbjH71ffa4RSAUzjTHR4hTK4wJrQ2dY2rkyTEPp3S15WjME9pS C5Y2HloijeZ+Y7ADMbODhzK+GjHB8cDNHqq9NUeVP16vhRyYfK2kRnAvwqDm4hWwHZQs 0qMA== X-Gm-Message-State: AOJu0Yw1ko6IuQCwZCp8HChA24e9xhVziv1fe9/cxcO3/cnHMwTIlKXq yPWGCsBZJ7/MQ+eryxD/ia7bFof6eEeRBxtwn+RyxGL6Vu4PKiJiZJx2feBqh+OVnNStTFTdT8P u9UNHwKejeltlLegVI8HydHjUhh/okkdtdwEwAy5p X-Gm-Gg: ASbGnctYWDSfncnubWcEQ7ivDX1avCqYBg05c0kdJKdS+jwQ0Y9lTQJIw9aWh0EUmO6 z8UqgqdN9B89gPcvft+aoLmyQsGHdkJ1e9dGsQwOEMz+R5zxGhUS69UE50R8NvxCDnFZoWSKs7s EgYCq59RO3saVOwbKOx+36ZrotltyDjJpd5bZQ7OH8n4ITXDyvmNpgmJBFzhFPHayaoY0MmL5/s eiR76Q+y9wr/NOC3FJwalib122/IW1+P2jSfdvxQcQQUFwIA/eqv621FQiK3kEaQzldVxI6DNA7 fyQhxaeGB6QayXqNbozv5Hl51ylEtA== X-Google-Smtp-Source: AGHT+IG2Qt0LK5CPhG0R4RR5j2letv/KysKGSUBg9wQu6FCpn++v4/UP0OtjEVoKdwQ/ml/L9PVJZLkB+2xq X-Received: by 2002:a17:902:e848:b0:21f:4056:a9e0 with SMTP id d9443c01a7336-21f4e779b72mr24627885ad.47.1738906043589; Thu, 06 Feb 2025 21:27:23 -0800 (PST) Received: from postal.iol.unh.edu (postal.iol.unh.edu. [132.177.123.84]) by smtp-relay.gmail.com with ESMTPS id d9443c01a7336-21f3653cfc5sm1298205ad.43.2025.02.06.21.27.23 (version=TLS1_2 cipher=ECDHE-ECDSA-AES128-GCM-SHA256 bits=128/128); Thu, 06 Feb 2025 21:27:23 -0800 (PST) X-Relaying-Domain: iol.unh.edu Date: Thu, 06 Feb 2025 21:27:23 -0800 (PST) Message-ID: <67a599bb.170a0220.178fc.6e30SMTPIN_ADDED_MISSING@mx.google.com> Received: from [172.21.0.6] (unknown [172.18.0.240]) by postal.iol.unh.edu (Postfix) with ESMTP id C7D2D6052471; Fri, 7 Feb 2025 00:27:22 -0500 (EST) Subject: |FAILURE| pw151071 [PATCH] [v3] net: add thread-safe crc api From: dpdklab@iol.unh.edu To: Test Report Cc: dpdk-test-reports@iol.unh.edu, "Kusztal, ArkadiuszX" In-Reply-To: <20250206203844.3874038-1-arkadiuszx.kusztal@intel.com> References: <20250206203844.3874038-1-arkadiuszx.kusztal@intel.com> Content-Type: text/plain X-BeenThere: test-report@dpdk.org X-Mailman-Version: 2.1.29 Precedence: list List-Id: automatic DPDK test reports List-Unsubscribe: , List-Archive: List-Post: List-Help: List-Subscribe: , Errors-To: test-report-bounces@dpdk.org Test-Label: iol-compile-amd64-testing Test-Status: FAILURE http://dpdk.org/patch/151071 _Testing issues_ Submitter: Kusztal, ArkadiuszX Date: Thursday, February 06 2025 20:38:44 DPDK git baseline: Repo:dpdk Branch: master CommitID:7125636162d67b1c40ba6802a3ff4466d125d243 151071 --> testing issues Upstream job id: Generic-DPDK-Compile-Meson#358838 Test environment and result as below: +---------------------+--------------------+-------------------+-------------------------+----------------------+------------------+-------------------+ | Environment | dpdk_meson_compile | dpdk_msvc_compile | dpdk_llvm_clang_compile | dpdk_mingw64_compile | dpdk_compile_ovs | dpdk_compile_spdk | +=====================+====================+===================+=========================+======================+==================+===================+ | FreeBSD 13.4 | PASS | SKIPPED | SKIPPED | SKIPPED | SKIPPED | SKIPPED | +---------------------+--------------------+-------------------+-------------------------+----------------------+------------------+-------------------+ | FreeBSD 14.2 | PASS | SKIPPED | SKIPPED | SKIPPED | SKIPPED | SKIPPED | +---------------------+--------------------+-------------------+-------------------------+----------------------+------------------+-------------------+ | CentOS Stream 9 | FAIL | SKIPPED | SKIPPED | SKIPPED | WARN | WARN | +---------------------+--------------------+-------------------+-------------------------+----------------------+------------------+-------------------+ | Debian Bullseye | FAIL | SKIPPED | SKIPPED | SKIPPED | WARN | WARN | +---------------------+--------------------+-------------------+-------------------------+----------------------+------------------+-------------------+ | Debian 12 | FAIL | SKIPPED | SKIPPED | SKIPPED | WARN | WARN | +---------------------+--------------------+-------------------+-------------------------+----------------------+------------------+-------------------+ | Fedora 40 (Clang) | FAIL | SKIPPED | SKIPPED | SKIPPED | WARN | WARN | +---------------------+--------------------+-------------------+-------------------------+----------------------+------------------+-------------------+ | Fedora 40 | FAIL | SKIPPED | SKIPPED | SKIPPED | WARN | WARN | +---------------------+--------------------+-------------------+-------------------------+----------------------+------------------+-------------------+ | Fedora 41 (Clang) | FAIL | SKIPPED | SKIPPED | SKIPPED | WARN | WARN | +---------------------+--------------------+-------------------+-------------------------+----------------------+------------------+-------------------+ | Fedora 41 | FAIL | SKIPPED | SKIPPED | SKIPPED | WARN | WARN | +---------------------+--------------------+-------------------+-------------------------+----------------------+------------------+-------------------+ | openSUSE Leap 15 | FAIL | SKIPPED | SKIPPED | SKIPPED | SKIPPED | SKIPPED | +---------------------+--------------------+-------------------+-------------------------+----------------------+------------------+-------------------+ | RHEL8 | FAIL | SKIPPED | SKIPPED | SKIPPED | WARN | SKIPPED | +---------------------+--------------------+-------------------+-------------------------+----------------------+------------------+-------------------+ | RHEL9 | FAIL | SKIPPED | SKIPPED | SKIPPED | WARN | SKIPPED | +---------------------+--------------------+-------------------+-------------------------+----------------------+------------------+-------------------+ | Ubuntu 20.04 | FAIL | SKIPPED | SKIPPED | SKIPPED | SKIPPED | SKIPPED | +---------------------+--------------------+-------------------+-------------------------+----------------------+------------------+-------------------+ | Ubuntu 22.04 | FAIL | SKIPPED | SKIPPED | SKIPPED | WARN | WARN | +---------------------+--------------------+-------------------+-------------------------+----------------------+------------------+-------------------+ | Ubuntu 24.04 | FAIL | SKIPPED | SKIPPED | SKIPPED | WARN | WARN | +---------------------+--------------------+-------------------+-------------------------+----------------------+------------------+-------------------+ | Alpine | FAIL | SKIPPED | SKIPPED | SKIPPED | WARN | SKIPPED | +---------------------+--------------------+-------------------+-------------------------+----------------------+------------------+-------------------+ | Windows Server 2022 | SKIPPED | PASS | PASS | PASS | SKIPPED | SKIPPED | +---------------------+--------------------+-------------------+-------------------------+----------------------+------------------+-------------------+ ==== 20 line log output for Alpine (dpdk_compile_ovs): ==== --- Failed to get log output --- ==== End log output ==== FreeBSD 13.4 Kernel: 13.4-RELEASE-p1 Compiler: clang 18.1.6 FreeBSD 14.2 Kernel: 14.2-RELEASE Compiler: clang 18.1.6 CentOS Stream 9 Kernel: Depends on container host Compiler: gcc 11.5.0 20240719 (Red Hat 11.5.0-2) Debian Bullseye Kernel: Depends on container host Compiler: gcc (Debian 10.2.1-6) 10.2.1 20210110 Debian 12 Kernel: Depends on container host Compiler: gcc (Debian 12.2.0-14) 12.2.0 Fedora 40 (Clang) Kernel: Depends on container host Compiler: clang 18.1.8 (Fedora 18.1.8-1.fc40) Fedora 40 Kernel: Depends on container host Compiler: gcc 14.2.1 20240912 (Red Hat 14.2.1-3) Fedora 41 (Clang) Kernel: Depends on container host Compiler: clang 19.1.5 (Fedora 19.1.5-1.fc41) Fedora 41 Kernel: Depends on container host Compiler: gcc 14.2.1 20240912 (Red Hat 14.2.1-3) openSUSE Leap 15 Kernel: Depends on container host Compiler: gcc (SUSE Linux) 7.5.0 RHEL8 Kernel: Depends on container host Compiler: gcc 8.5.0 20210514 (Red Hat 8.5.0-22) RHEL9 Kernel: Depends on container host Compiler: gcc 11.5.0 20240719 (Red Hat 11.5.0-2) Ubuntu 20.04 Kernel: Depends on container host Compiler: gcc (Ubuntu 9.4.0-1ubuntu1~20.04.2) 9.4.0 Ubuntu 22.04 Kernel: Depends on container host Compiler: gcc (Ubuntu 11.4.0-1ubuntu1~22.04) 11.4.0 Ubuntu 24.04 Kernel: Depends on container host Compiler: gcc (Ubuntu 13.3.0-6ubuntu2~24.04) 13.3.0 Alpine Kernel: Depends on container host Compiler: gcc (Alpine 14.2.0) 14.2.0 Windows Server 2022 Kernel: 10.0.20348.2031 Compiler: clang 15.0.7, gcc 14.1.0 (MinGW), and MSVC VS 19.39.33521 To view detailed results, visit: https://lab.dpdk.org/results/dashboard/patchsets/32514/ UNH-IOL DPDK Community Lab To manage your email subscriptions, visit: https://lab.dpdk.org/results/dashboard/preferences/subscriptions/