From mboxrd@z Thu Jan 1 00:00:00 1970 Return-Path: Received: from mails.dpdk.org (mails.dpdk.org [217.70.189.124]) by inbox.dpdk.org (Postfix) with ESMTP id 44EEB461B8 for ; Fri, 7 Feb 2025 08:23:36 +0100 (CET) Received: from mails.dpdk.org (localhost [127.0.0.1]) by mails.dpdk.org (Postfix) with ESMTP id 3C6D3427A7; Fri, 7 Feb 2025 08:23:36 +0100 (CET) Received: from mail-pj1-f97.google.com (mail-pj1-f97.google.com [209.85.216.97]) by mails.dpdk.org (Postfix) with ESMTP id 5F881402C9 for ; Fri, 7 Feb 2025 08:23:34 +0100 (CET) Received: by mail-pj1-f97.google.com with SMTP id 98e67ed59e1d1-2f42992f608so2704484a91.0 for ; Thu, 06 Feb 2025 23:23:34 -0800 (PST) DKIM-Signature: v=1; a=rsa-sha256; c=relaxed/relaxed; d=iol.unh.edu; s=unh-iol; t=1738913013; x=1739517813; darn=dpdk.org; h=cc:to:from:subject:message-id:date:from:to:cc:subject:date :message-id:reply-to; bh=ewooDhtisZMcKbxcRUyljU1+3BQLw/hLxQ0OHQmGkjs=; b=JHA5GRbuzzz8SaZkcUHAvNc13XdKI4+kJBjOYu8IwIgcKAH4mEGh5QQm6uA74WCfSW 2Sxwm+ctucOWaTfrQojjnh2TroBvExf3i16OFzPgdMePBukFHpsIKMjM6gSW8p6PrFoh iPWEA2WXBLFjkKhCfDT58meY7s+/jhme3i5fU= X-Google-DKIM-Signature: v=1; a=rsa-sha256; c=relaxed/relaxed; d=1e100.net; s=20230601; t=1738913013; x=1739517813; h=cc:to:from:subject:message-id:date:x-gm-message-state:from:to:cc :subject:date:message-id:reply-to; bh=ewooDhtisZMcKbxcRUyljU1+3BQLw/hLxQ0OHQmGkjs=; b=OrZ6kmM1ZBxGkXWQWWH1Jp4zHOtIYDCupofj+IqQURmnahNGQ8CI84Y2v/M0VqVchW DiKCz1RxLqzFGCCdJWUo8fjWo+1nMTYAYNDe14v2CNerelTgwC8JUzApkgGYEPKpwIig 65wbzLrN9iZTGOvtvAO5Mk4GetPP0g1sYiakzTI44/A44nCgu58IIiKuf56M60Ol9jbm Zich8w3IQ29dZRInkVy5iZ0g3JcY0BxhMrj2Efm51iWoDjbPKHKHxsf7VvS1hmUnhgg3 As26qVudKk4J1BfeyRUnVPDk5dgh5Xug4s0QBGq8etx6gWwEyhLZkg2DDZyPrjhA+qmw ioPg== X-Gm-Message-State: AOJu0YzGkC/TfIAFpeeJALRLb6MIhB0uGYWRK/CJBKkX/d2Yhvwxec23 MwZcrFQjOA9JY7L2LtBB5H63JIkJTC4YX3aBdPlvvUxKqCHkJzJeLCmWJX8gx4NBWabjLaGufM0 rA/r8uSYAadXcjyMt4SzdeJwYcjoyyNrAuuaLdvzPj5z1J20i X-Gm-Gg: ASbGncvWOXYA4imVXImSg6zpJTFLNnvvUDy/lN9PVpezM/61XtLfo6ig2Dl9vR4Jiq7 z2gpkXGbSs3S++Nkj9RxPROzAVDJ+Z2hgOPXG3Fr0ZQQFH1y4HfukkRlKn23/4uXugjUJvhPFvn mtsT2EJOfOUttVj4WFqfWBQ0U2sPcZGVPuZqhwMcouBN8EHKVPEcL9oDwJ5kV0w2C1ZFBfNXw/R M36WrZMOlca1bs8/8CF9G5pLDhK8Dd2emMxRbQkQg8Nbh8/DsY2sQjrhiQ6p9GXVQcv62pFpRSe zkXPVp2H9MVOoQe+PQ81fcRV7oLWzi1wN6oajWNEzQ== X-Google-Smtp-Source: AGHT+IFvs0kwR0bAPaiYK7nQNrfDk1um+QOaPeTtq65Snv9xNMolCZ8964esPEBw9OHda9bSWLrmYcCrHXJK X-Received: by 2002:a17:90b:374e:b0:2ea:37b4:5373 with SMTP id 98e67ed59e1d1-2fa2406284amr3495190a91.10.1738913013319; Thu, 06 Feb 2025 23:23:33 -0800 (PST) Received: from postal.iol.unh.edu (postal.iol.unh.edu. [2606:4100:3880:1234::84]) by smtp-relay.gmail.com with ESMTPS id 98e67ed59e1d1-2f9e1d7ba30sm392498a91.6.2025.02.06.23.23.33 (version=TLS1_2 cipher=ECDHE-ECDSA-AES128-GCM-SHA256 bits=128/128); Thu, 06 Feb 2025 23:23:33 -0800 (PST) X-Relaying-Domain: iol.unh.edu Date: Thu, 06 Feb 2025 23:23:33 -0800 (PST) Message-ID: <67a5b4f5.170a0220.2262cc.3e3cSMTPIN_ADDED_MISSING@mx.google.com> Received: from [172.21.0.5] (unknown [172.18.0.240]) by postal.iol.unh.edu (Postfix) with ESMTP id 7BA186052471; Fri, 7 Feb 2025 02:23:32 -0500 (EST) Subject: |WARNING| [GIT MASTER] 7ce7d3341d7e21c2a81f2fea8e451681d7306d77 From: dpdklab@iol.unh.edu To: Test Report Cc: dpdk-test-reports@iol.unh.edu, Xueming Li , Christian Ehrhardt , Kevin Traynor , Luca Boccassi Content-Type: text/plain X-BeenThere: test-report@dpdk.org X-Mailman-Version: 2.1.29 Precedence: list List-Id: automatic DPDK test reports List-Unsubscribe: , List-Archive: List-Post: List-Help: List-Subscribe: , Errors-To: test-report-bounces@dpdk.org _Testing issues_ Branch: tags/v22.11 7ce7d3341d7e21c2a81f2fea8e451681d7306d77 --> testing issues Upstream job id: Windows-Compile-DPDK-Native#26508 Test environment and result as below: +---------------------+--------------------+-------------------------+ | Environment | dpdk_meson_compile | dpdk_llvm_clang_compile | +=====================+====================+=========================+ | FreeBSD 13.4 | PASS | SKIPPED | +---------------------+--------------------+-------------------------+ | FreeBSD 14.2 | PASS | SKIPPED | +---------------------+--------------------+-------------------------+ | Windows Server 2022 | SKIPPED | FAIL | +---------------------+--------------------+-------------------------+ ==== 20 line log output for Windows Server 2022 (dpdk_llvm_clang_compile): ==== ..\lib\eal\include/rte_common.h:850:32: note: expanded from macro 'RTE_FMT_TAIL' #define RTE_FMT_TAIL(fmt, ...) __VA_ARGS__ ^~~~~~~~~~~ ..\lib\eal\include/rte_common.h:848:39: note: expanded from macro 'RTE_FMT' #define RTE_FMT(fmt, ...) fmt "%.0s", __VA_ARGS__ "" ^~~~~~~~~~~ ../drivers/crypto/mlx5/mlx5_crypto.c:463:18: note: forward declaration of 'struct mlx5_err_cqe' volatile struct mlx5_err_cqe *cqe = (volatile struct mlx5_err_cqe *) ^ 3 errors generated. [618/788] Compiling C object drivers/libtmp_rte_net_vmxnet3.a.p/net_vmxnet3_vmxnet3_ethdev.c.obj [619/788] Compiling C object drivers/libtmp_rte_net_vmxnet3.a.p/net_vmxnet3_vmxnet3_rxtx.c.obj [620/788] Compiling C object drivers/libtmp_rte_crypto_mlx5.a.p/crypto_mlx5_mlx5_crypto_dek.c.obj [621/788] Generating rte_net_octeon_ep.pmd.c with a custom command (wrapped by meson to set PATH) [622/788] Compiling C object app/dpdk-testpmd.exe.p/test-pmd_cmdline.c.obj [623/788] Compiling C object app/dpdk-testpmd.exe.p/test-pmd_cmdline_flow.c.obj [624/788] Compiling C object drivers/libtmp_rte_net_mlx5.a.p/net_mlx5_mlx5_tx_nompw.c.obj [625/788] Compiling C object drivers/libtmp_rte_net_mlx5.a.p/net_mlx5_mlx5_tx_empw.c.obj [626/788] Compiling C object drivers/libtmp_rte_net_mlx5.a.p/net_mlx5_mlx5_tx_txpp.c.obj ninja: build stopped: subcommand failed. ==== End log output ==== FreeBSD 13.4 Kernel: 13.4-RELEASE-p1 Compiler: clang 18.1.6 FreeBSD 14.2 Kernel: 14.2-RELEASE Compiler: clang 18.1.6 Windows Server 2022 Kernel: 10.0.20348.2031 Compiler: clang 15.0.7, gcc 14.1.0 (MinGW), and MSVC VS 19.39.33521 To view detailed results, visit: https://lab.dpdk.org/results/dashboard/tarballs/32482/ UNH-IOL DPDK Community Lab To manage your email subscriptions, visit: https://lab.dpdk.org/results/dashboard/preferences/subscriptions/