From mboxrd@z Thu Jan 1 00:00:00 1970 Return-Path: Received: from mails.dpdk.org (mails.dpdk.org [217.70.189.124]) by inbox.dpdk.org (Postfix) with ESMTP id 5E312461B8 for ; Fri, 7 Feb 2025 08:24:15 +0100 (CET) Received: from mails.dpdk.org (localhost [127.0.0.1]) by mails.dpdk.org (Postfix) with ESMTP id 58DB1427A7; Fri, 7 Feb 2025 08:24:15 +0100 (CET) Received: from mail-pl1-f226.google.com (mail-pl1-f226.google.com [209.85.214.226]) by mails.dpdk.org (Postfix) with ESMTP id CFC5A402C9 for ; Fri, 7 Feb 2025 08:24:13 +0100 (CET) Received: by mail-pl1-f226.google.com with SMTP id d9443c01a7336-21c2f1b610dso43261555ad.0 for ; Thu, 06 Feb 2025 23:24:13 -0800 (PST) DKIM-Signature: v=1; a=rsa-sha256; c=relaxed/relaxed; d=iol.unh.edu; s=unh-iol; t=1738913053; x=1739517853; darn=dpdk.org; h=cc:to:from:subject:message-id:date:from:to:cc:subject:date :message-id:reply-to; bh=5crHl7PbJCK5MSknaCMx4OTROVL0QYA4EaCoIK2on7w=; b=id8dr8P1ZJO5jOxt1w6XhedpOlN2tlNqujEtwxzZ1oe4I0cFNT33UUEFWt/1nUOAm2 prEcwUPyXxZoGOMsN2jPp4IME+rSMTv2U5+XxKh5cX8f1E/Z8WnmwsonUP545ZxMbKc4 wmp6TOO+wnu2uxAt4kRNq0ufRbIT5ki9oP3XU= X-Google-DKIM-Signature: v=1; a=rsa-sha256; c=relaxed/relaxed; d=1e100.net; s=20230601; t=1738913053; x=1739517853; h=cc:to:from:subject:message-id:date:x-gm-message-state:from:to:cc :subject:date:message-id:reply-to; bh=5crHl7PbJCK5MSknaCMx4OTROVL0QYA4EaCoIK2on7w=; b=wEzpQkwZOJ2+ShgBoZA+DHXTFwSomJa7eZgUiL6SMaedbLb/WMHxU/iWKn5zgfmBEA EXnFfYHGUSOZ5BB9bocjskzsZrc4oZgevo/jpodoLW5oy0q6HSA2IDsiA2Wt3Y6WfnRS c7jrjWxn9fOTSLjDby2Cb67oXUi4K5cgTYcdv0uVnILkLHEk2rqxTYl0kRkARqJToiPH 0D5DNZltMJ404e0gjobQy7UxAhuU6L3BU6Ucu/T3bSnJDd9FXL7sEiRrV6DbBp9SQBIv vQWXs779cxZgNMRmptg1Frc4ih8oJBVjnz9fU6m3BYnGOPqXPpTYx5mjpGo3hlpyarIA fmZg== X-Gm-Message-State: AOJu0Yyk85r83+dD6tdLSomkzTuehvR7FNkLpVGCbSgqq5kQ46Mjx9Q+ LyRSQV16mwkxf5H98BrFBAaXF2WWPz/xSbyGNMt44um37UPSDcxLBhO6HA2Wgvpig+He9TDfHUM G8ht+8JYvqg2YtLmrb7cqxXJ9rLzEaWcJ X-Gm-Gg: ASbGncvANGbX6mCpWYJgXt7IV1UbX0Se2Q0e9OIkQDRPdSTxY6yxNluRBfjfQl30Th9 AT1Vi/vF/S7iQE9D2BITgbCClMoG6G13ziqRzClEDgsDFT5BIWHnqEOBNrfxdPuzhhXVdZg7QHv a7glYz5GdmGGLZLUZnPx1BTYu4U2V8qxy/B5M3qc8ct6NcE++UKrLmikcSMcrqXSf2X6WnXMxql 5I/6V1cyOi8RKRZfDRqoVtOVWYQOMz54h71lHpxqfbFGNYO6vDBUK3RS/N+olmAYk2zP2UxIyQX PS1oU0zp8zijb7Cs5job99To9E4yyQ== X-Google-Smtp-Source: AGHT+IENdIBBOmAce9yuy6O4wrmBptL3iGRLzvd+yeDQcMYp5BeinSTb+X4YFRmiH3o8M0p1MHCQjDfhcm5r X-Received: by 2002:a17:902:e851:b0:216:3083:d03d with SMTP id d9443c01a7336-21f4e7c628dmr34877085ad.44.1738913053000; Thu, 06 Feb 2025 23:24:13 -0800 (PST) Received: from postal.iol.unh.edu (postal.iol.unh.edu. [132.177.123.84]) by smtp-relay.gmail.com with ESMTPS id d9443c01a7336-21f36839889sm1407195ad.84.2025.02.06.23.24.12 (version=TLS1_2 cipher=ECDHE-ECDSA-AES128-GCM-SHA256 bits=128/128); Thu, 06 Feb 2025 23:24:12 -0800 (PST) X-Relaying-Domain: iol.unh.edu Date: Thu, 06 Feb 2025 23:24:12 -0800 (PST) Message-ID: <67a5b51c.170a0220.332d2d.7db1SMTPIN_ADDED_MISSING@mx.google.com> Received: from [172.21.0.5] (unknown [172.18.0.240]) by postal.iol.unh.edu (Postfix) with ESMTP id 684526052471; Fri, 7 Feb 2025 02:24:12 -0500 (EST) Subject: |WARNING| [GIT MASTER] 7ce7d3341d7e21c2a81f2fea8e451681d7306d77 From: dpdklab@iol.unh.edu To: Test Report Cc: dpdk-test-reports@iol.unh.edu, Xueming Li , Christian Ehrhardt , Kevin Traynor , Luca Boccassi Content-Type: text/plain X-BeenThere: test-report@dpdk.org X-Mailman-Version: 2.1.29 Precedence: list List-Id: automatic DPDK test reports List-Unsubscribe: , List-Archive: List-Post: List-Help: List-Subscribe: , Errors-To: test-report-bounces@dpdk.org _Testing issues_ Branch: tags/v22.11 7ce7d3341d7e21c2a81f2fea8e451681d7306d77 --> testing issues Upstream job id: Generic-VM-DPDK-Compile-Meson#33120 Test environment and result as below: +---------------------+--------------------+-------------------------+ | Environment | dpdk_meson_compile | dpdk_llvm_clang_compile | +=====================+====================+=========================+ | FreeBSD 13.4 | PASS | SKIPPED | +---------------------+--------------------+-------------------------+ | FreeBSD 14.2 | PASS | SKIPPED | +---------------------+--------------------+-------------------------+ | Windows Server 2022 | SKIPPED | FAIL | +---------------------+--------------------+-------------------------+ ==== 20 line log output for Windows Server 2022 (dpdk_llvm_clang_compile): ==== ..\lib\eal\include/rte_common.h:850:32: note: expanded from macro 'RTE_FMT_TAIL' #define RTE_FMT_TAIL(fmt, ...) __VA_ARGS__ ^~~~~~~~~~~ ..\lib\eal\include/rte_common.h:848:39: note: expanded from macro 'RTE_FMT' #define RTE_FMT(fmt, ...) fmt "%.0s", __VA_ARGS__ "" ^~~~~~~~~~~ ../drivers/crypto/mlx5/mlx5_crypto.c:463:18: note: forward declaration of 'struct mlx5_err_cqe' volatile struct mlx5_err_cqe *cqe = (volatile struct mlx5_err_cqe *) ^ 3 errors generated. [618/788] Compiling C object drivers/libtmp_rte_net_vmxnet3.a.p/net_vmxnet3_vmxnet3_ethdev.c.obj [619/788] Compiling C object drivers/libtmp_rte_net_vmxnet3.a.p/net_vmxnet3_vmxnet3_rxtx.c.obj [620/788] Compiling C object drivers/libtmp_rte_crypto_mlx5.a.p/crypto_mlx5_mlx5_crypto_dek.c.obj [621/788] Generating rte_net_octeon_ep.pmd.c with a custom command (wrapped by meson to set PATH) [622/788] Compiling C object app/dpdk-testpmd.exe.p/test-pmd_cmdline.c.obj [623/788] Compiling C object app/dpdk-testpmd.exe.p/test-pmd_cmdline_flow.c.obj [624/788] Compiling C object drivers/libtmp_rte_net_mlx5.a.p/net_mlx5_mlx5_tx_nompw.c.obj [625/788] Compiling C object drivers/libtmp_rte_net_mlx5.a.p/net_mlx5_mlx5_tx_empw.c.obj [626/788] Compiling C object drivers/libtmp_rte_net_mlx5.a.p/net_mlx5_mlx5_tx_txpp.c.obj ninja: build stopped: subcommand failed. ==== End log output ==== FreeBSD 13.4 Kernel: 13.4-RELEASE-p1 Compiler: clang 18.1.6 FreeBSD 14.2 Kernel: 14.2-RELEASE Compiler: clang 18.1.6 Windows Server 2022 Kernel: 10.0.20348.2031 Compiler: clang 15.0.7, gcc 14.1.0 (MinGW), and MSVC VS 19.39.33521 To view detailed results, visit: https://lab.dpdk.org/results/dashboard/tarballs/32482/ UNH-IOL DPDK Community Lab To manage your email subscriptions, visit: https://lab.dpdk.org/results/dashboard/preferences/subscriptions/