From mboxrd@z Thu Jan 1 00:00:00 1970 Return-Path: Received: from mails.dpdk.org (mails.dpdk.org [217.70.189.124]) by inbox.dpdk.org (Postfix) with ESMTP id B8FF6461B8 for ; Fri, 7 Feb 2025 08:50:06 +0100 (CET) Received: from mails.dpdk.org (localhost [127.0.0.1]) by mails.dpdk.org (Postfix) with ESMTP id 73084427A7; Fri, 7 Feb 2025 08:50:06 +0100 (CET) Received: from mail-pl1-f227.google.com (mail-pl1-f227.google.com [209.85.214.227]) by mails.dpdk.org (Postfix) with ESMTP id BDC6B402C9 for ; Fri, 7 Feb 2025 08:50:05 +0100 (CET) Received: by mail-pl1-f227.google.com with SMTP id d9443c01a7336-2163dc5155fso35683285ad.0 for ; Thu, 06 Feb 2025 23:50:05 -0800 (PST) DKIM-Signature: v=1; a=rsa-sha256; c=relaxed/relaxed; d=iol.unh.edu; s=unh-iol; t=1738914605; x=1739519405; darn=dpdk.org; h=cc:to:from:subject:message-id:date:from:to:cc:subject:date :message-id:reply-to; bh=JfX9LxQiXuJ8OY2ROmPvIyEB4QdlzEQO26nHOYBhaC0=; b=AQVtMUFX9yIMzFe5fzpPtRj8Hd19PNo0XjGjWKm81rtKXqvVcvyxvcDZSQYDGfkWCr wnXXRG7lYVRJFY/3v/NyvpTXs2Tjs2WbX5Qv83qnHUmMoZRVqe3zPQaSHIgsOKWuiq6v X9y2aReHIliqfhgVq/3YCDOodp73uIO5/Z9bw= X-Google-DKIM-Signature: v=1; a=rsa-sha256; c=relaxed/relaxed; d=1e100.net; s=20230601; t=1738914605; x=1739519405; h=cc:to:from:subject:message-id:date:x-gm-message-state:from:to:cc :subject:date:message-id:reply-to; bh=JfX9LxQiXuJ8OY2ROmPvIyEB4QdlzEQO26nHOYBhaC0=; b=qUfrq457Fwxpt7bzZILzZ5L21XSY7xAUKIj+WIBRyCWCrNtFEDzFgyZOE4NSBGvzKR 7uDE1KRv8pctA/K7OsCTTc6tcco8q9VLtkceoZ8Pd22Lgs4MZKyEcId1rNSSKU2Mvpa4 twwuKzKDhAm58MigaU3NFIs4jNjzfIB/CML1sQ89o4DkosBT5tuqV+TOZkHqxHBQDYgD aVgj/zVqpYkgy6eMLvQIURwyQc2bKKkCc8/f/H7FXvXhhJssv4LTMbxLUkp8P68hvkas PiEz3kicgdnzI9yQLLaDUtU3XvaAGOq44SIFYppklr7zySHllvhDdC4l0HW/xmfMLh31 1cCw== X-Gm-Message-State: AOJu0YwSI8H558kF2mwzJsp2tqlwrM321PUQBrP7HJ1QTmELG+oWD3Xc pgRfqlcNzaLEdCkPIWsDrS506t+OI+kxl9h6bbfhk2EjgZ7h1gmM8/av22oMhU4SOkyjQTCdFxH b4OU2J2pUqPdZGZpUSwEnfj5KYYH/Wmvx X-Gm-Gg: ASbGncvbVMVnzJ2oTP2XdMNv6UBJEVbgDfVmGzRzFhIHiuksNWlONZi2//oT8TaTizE b/gnpRT3L+cdOp3OuatO0SZQ2rMge5kM+djD/a/7gfqYapkpeI08yAU7kgS4ut6OTmpeF19j8jD SzO12g+jBR/bY64pNUQ3edU8Fux6gLglWUAGmac81D+axmUEOHhCOe+VvQ8aSg21Pi52Qf+hjqO d5Nw7qmxJGcYhEEGf71I4i3aLeeY7remW07kb4tIj66XAi8YBXK6yPZpamlCByHSi93oa/4Xwcu qKf7ba67FKHSrIl3Jv9aK8/N1e2TWQ== X-Google-Smtp-Source: AGHT+IHxzk02IaaZNgxcedu2rat8pQmB3VXdnYRfrlpypvO8VZxYU4C9HTufGmShYN3hmS3jveyKPKKOdhQn X-Received: by 2002:a05:6a20:2d07:b0:1db:daab:2ae7 with SMTP id adf61e73a8af0-1ee03a74328mr4002800637.19.1738914604841; Thu, 06 Feb 2025 23:50:04 -0800 (PST) Received: from postal.iol.unh.edu (postal.iol.unh.edu. [132.177.123.84]) by smtp-relay.gmail.com with ESMTPS id 41be03b00d2f7-ad51aecf463sm171998a12.7.2025.02.06.23.50.04 (version=TLS1_2 cipher=ECDHE-ECDSA-AES128-GCM-SHA256 bits=128/128); Thu, 06 Feb 2025 23:50:04 -0800 (PST) X-Relaying-Domain: iol.unh.edu Date: Thu, 06 Feb 2025 23:50:04 -0800 (PST) Message-ID: <67a5bb2c.630a0220.54b15.a205SMTPIN_ADDED_MISSING@mx.google.com> Received: from [172.21.0.7] (unknown [172.18.0.240]) by postal.iol.unh.edu (Postfix) with ESMTP id 106856052471; Fri, 7 Feb 2025 02:50:04 -0500 (EST) Subject: |WARNING| [GIT MASTER] 7ce7d3341d7e21c2a81f2fea8e451681d7306d77 From: dpdklab@iol.unh.edu To: Test Report Cc: dpdk-test-reports@iol.unh.edu, Xueming Li , Christian Ehrhardt , Kevin Traynor , Luca Boccassi Content-Type: text/plain X-BeenThere: test-report@dpdk.org X-Mailman-Version: 2.1.29 Precedence: list List-Id: automatic DPDK test reports List-Unsubscribe: , List-Archive: List-Post: List-Help: List-Subscribe: , Errors-To: test-report-bounces@dpdk.org _Testing issues_ Branch: tags/v22.11 7ce7d3341d7e21c2a81f2fea8e451681d7306d77 --> testing issues Upstream job id: Windows-Compile-DPDK-Native#26509 Test environment and result as below: +---------------------+--------------------+-------------------------+----------------------+ | Environment | dpdk_meson_compile | dpdk_llvm_clang_compile | dpdk_mingw64_compile | +=====================+====================+=========================+======================+ | FreeBSD 13.4 | PASS | SKIPPED | SKIPPED | +---------------------+--------------------+-------------------------+----------------------+ | FreeBSD 14.2 | PASS | SKIPPED | SKIPPED | +---------------------+--------------------+-------------------------+----------------------+ | Windows Server 2022 | SKIPPED | FAIL | PASS | +---------------------+--------------------+-------------------------+----------------------+ ==== 20 line log output for Windows Server 2022 (dpdk_llvm_clang_compile): ==== ..\lib\eal\include/rte_common.h:850:32: note: expanded from macro 'RTE_FMT_TAIL' #define RTE_FMT_TAIL(fmt, ...) __VA_ARGS__ ^~~~~~~~~~~ ..\lib\eal\include/rte_common.h:848:39: note: expanded from macro 'RTE_FMT' #define RTE_FMT(fmt, ...) fmt "%.0s", __VA_ARGS__ "" ^~~~~~~~~~~ ../drivers/crypto/mlx5/mlx5_crypto.c:463:18: note: forward declaration of 'struct mlx5_err_cqe' volatile struct mlx5_err_cqe *cqe = (volatile struct mlx5_err_cqe *) ^ 3 errors generated. [618/788] Compiling C object drivers/libtmp_rte_net_vmxnet3.a.p/net_vmxnet3_vmxnet3_ethdev.c.obj [619/788] Compiling C object drivers/libtmp_rte_net_vmxnet3.a.p/net_vmxnet3_vmxnet3_rxtx.c.obj [620/788] Compiling C object drivers/libtmp_rte_crypto_mlx5.a.p/crypto_mlx5_mlx5_crypto_dek.c.obj [621/788] Generating rte_net_octeon_ep.pmd.c with a custom command (wrapped by meson to set PATH) [622/788] Compiling C object app/dpdk-testpmd.exe.p/test-pmd_cmdline.c.obj [623/788] Compiling C object app/dpdk-testpmd.exe.p/test-pmd_cmdline_flow.c.obj [624/788] Compiling C object drivers/libtmp_rte_net_mlx5.a.p/net_mlx5_mlx5_tx_nompw.c.obj [625/788] Compiling C object drivers/libtmp_rte_net_mlx5.a.p/net_mlx5_mlx5_tx_empw.c.obj [626/788] Compiling C object drivers/libtmp_rte_net_mlx5.a.p/net_mlx5_mlx5_tx_txpp.c.obj ninja: build stopped: subcommand failed. ==== End log output ==== FreeBSD 13.4 Kernel: 13.4-RELEASE-p1 Compiler: clang 18.1.6 FreeBSD 14.2 Kernel: 14.2-RELEASE Compiler: clang 18.1.6 Windows Server 2022 Kernel: 10.0.20348.2031 Compiler: clang 15.0.7, gcc 14.1.0 (MinGW), and MSVC VS 19.39.33521 To view detailed results, visit: https://lab.dpdk.org/results/dashboard/tarballs/32482/ UNH-IOL DPDK Community Lab To manage your email subscriptions, visit: https://lab.dpdk.org/results/dashboard/preferences/subscriptions/